{"id":721741,"date":"2025-08-27T18:54:16","date_gmt":"2025-08-27T15:54:16","guid":{"rendered":"https:\/\/roveyayinevi.com.tr\/index.php\/urun\/emegin-sokak-hali\/"},"modified":"2026-04-16T02:29:44","modified_gmt":"2026-04-15T23:29:44","slug":"emegin-sokak-hali","status":"publish","type":"product","link":"https:\/\/roveyayinevi.com.tr\/index.php\/urun\/emegin-sokak-hali\/","title":{"rendered":"Eme\u011fin Sokak Hali"},"content":{"rendered":"<p>Kat\u0131 at\u0131k toplay\u0131c\u0131lar\u0131n\u0131n kimliklerinin, yapt\u0131klar\u0131 i\u015flerin ekonomik de\u011feri ve sosyolojik kategorilerinin titiz bir ara\u015ft\u0131rma ile irdelenip yans\u0131t\u0131lm\u0131\u015f oldu\u011fu bu kitap, sosyolojinin oldu\u011fu kadar, ekonominin de ilgin\u00e7 ve \u015fimdiye dek \u00fclkemizde fazla kurcalanmam\u0131\u015f bir alan\u0131na \u0131\u015f\u0131k tutmaktad\u0131r. Farkl\u0131 bir d\u00fcnya ile okuyucuyu bulu\u015fturan kitap, ekonomi ve sosyoloji alan\u0131nda al\u0131\u015f\u0131lm\u0131\u015f\u0131n d\u0131\u015f\u0131nda ufuk a\u00e7\u0131c\u0131 \u00f6nemli bir katk\u0131d\u0131r. Prof. Dr. \u0130zzettin \u00d6nder   Dr. Oran\u2019\u0131n \u00e7al\u0131\u015fmas\u0131, bug\u00fcne kadar daha \u00e7ok yoksulluk ve kent yoksullu\u011fu kavramsal \u00e7er\u00e7eveleri i\u00e7inde ve homojen bir kitle olarak ele al\u0131nan kat\u0131 at\u0131k toplay\u0131c\u0131lar\u0131n\u0131n durumlar\u0131n\u0131 daha geni\u015f bir perspektifle ve nitel ara\u015ft\u0131rma y\u00f6ntem ve tekniklerinden yararlanarak incelerken, kitle i\u00e7erisindeki farkl\u0131 alt-gruplara ili\u015fkin dinamikleri de g\u00f6r\u00fcn\u00fcr k\u0131lmaktad\u0131r. Prof. Dr. Ahmet Makal Dr. Oran\u2019\u0131n \u00e7al\u0131\u015fmas\u0131, gerek konuyu ele al\u0131\u015f bi\u00e7imi gerekse odakland\u0131\u011f\u0131 detaylar itibar\u0131yla benzerlerinden olduk\u00e7a farkl\u0131. Kapitalist d\u00fczenin kat\u0131 at\u0131k toplay\u0131c\u0131lar\u0131 i\u00e7in ortaya koydu\u011fu ko\u015fullar\u0131 irdelemekle yetinmeyip, meseleyi sistemin i\u015fleyi\u015f b\u00fct\u00fcnl\u00fc\u011f\u00fc i\u00e7inde de\u011ferlendiriyor. Toplumsal e\u015fitlik temelli \u00e7\u00f6z\u00fcm aray\u0131\u015f\u0131 i\u00e7in bir perspektif ortaya koyuyor. Sorunu s\u0131n\u0131fsal bir yakla\u015f\u0131mla kavrarken s\u0131n\u0131f- etnisite ili\u015fkisini de inceliyor. G\u00f6\u00e7 sorununun t\u00fcm yak\u0131c\u0131l\u0131\u011f\u0131yla g\u00fcndemde oldu\u011fu bu d\u00f6nemde, Dr. Oran\u2019\u0131n \u00e7al\u0131\u015fmas\u0131 hem sosyal bilimcilerin hem de politika yap\u0131c\u0131lar\u0131n yararlanabilece\u011fi \u00f6nemli bir kaynak niteli\u011finde.   Do\u00e7. Dr. Nilg\u00fcn Tun\u00e7can-Ongan   Serter Oran\u2019\u0131n \u00e7al\u0131\u015fmas\u0131 sosyal ya\u015fam\u0131n az bilinen sosyal bilimlerin en ihmal edilmi\u015f alanlar\u0131ndan\/sorunlar\u0131ndan birine ke\u015ffetmeye \u00e7al\u0131\u015f\u0131yor. Yazar kendi ifadesi ile de ke\u015ffetmeyi \u00f6nemsiyor. Kat\u0131 at\u0131k toplay\u0131c\u0131lar\u0131n\u0131n d\u00fcnyas\u0131na yak\u0131n plandan bakmaya, onlar\u0131n \u00f6zlemlerini, g\u00f6\u00e7 deneyimlerini, kentte tutunma \u00e7abalar\u0131n\u0131, kalmakla gitmek aras\u0131ndaki ikircimlerini, hak aray\u0131\u015flar\u0131n\u0131 ve m\u00fccadele deneyimlerini ke\u015ffetmeye \u00e7al\u0131\u015f\u0131yor. Kitab\u0131 okuduktan sonra siz de sokakta kar\u015f\u0131la\u015ft\u0131\u011f\u0131n\u0131z her bir kat\u0131 at\u0131k toplay\u0131c\u0131s\u0131n\u0131n \u00f6yk\u00fcs\u00fcn\u00fc merak edeceksiniz. Do\u00e7. Dr. Aziz \u00c7elik <\/p>\n","protected":false},"excerpt":{"rendered":"<p>Kat\u0131 at\u0131k toplay\u0131c\u0131lar\u0131n\u0131n kimliklerinin, yapt\u0131klar\u0131 i\u015flerin ekonomik de\u011feri ve sosyolojik kategorilerinin titiz bir ara\u015ft\u0131rma ile irdelenip yans\u0131t\u0131lm\u0131\u015f oldu\u011fu bu kitap, sosyolojinin oldu\u011fu kadar, ekonominin de ilgin\u00e7<span class=\"excerpt-hellip\"> [\u2026]<\/span><\/p>\n","protected":false},"featured_media":0,"template":"","meta":{"_monsterinsights_skip_tracking":false,"_monsterinsights_sitenote_active":false,"_monsterinsights_sitenote_note":"","_monsterinsights_sitenote_category":0},"product_brand":[],"product_cat":[20333,13043],"product_tag":[],"class_list":{"0":"post-721741","1":"product","2":"type-product","3":"status-publish","5":"product_cat-diger-ekonomi","6":"product_cat-ekonomi","7":"pa_cilt-ciltsiz","8":"pa_tur-kitap","9":"pa_yayinevi-nika-yayinevi","10":"pa_yazar-serter-oran","12":"first","13":"instock","14":"sale","15":"shipping-taxable","16":"purchasable","17":"product-type-simple"},"_links":{"self":[{"href":"https:\/\/roveyayinevi.com.tr\/index.php\/wp-json\/wp\/v2\/product\/721741","targetHints":{"allow":["GET"]}}],"collection":[{"href":"https:\/\/roveyayinevi.com.tr\/index.php\/wp-json\/wp\/v2\/product"}],"about":[{"href":"https:\/\/roveyayinevi.com.tr\/index.php\/wp-json\/wp\/v2\/types\/product"}],"wp:attachment":[{"href":"https:\/\/roveyayinevi.com.tr\/index.php\/wp-json\/wp\/v2\/media?parent=721741"}],"wp:term":[{"taxonomy":"product_brand","embeddable":true,"href":"https:\/\/roveyayinevi.com.tr\/index.php\/wp-json\/wp\/v2\/product_brand?post=721741"},{"taxonomy":"product_cat","embeddable":true,"href":"https:\/\/roveyayinevi.com.tr\/index.php\/wp-json\/wp\/v2\/product_cat?post=721741"},{"taxonomy":"product_tag","embeddable":true,"href":"https:\/\/roveyayinevi.com.tr\/index.php\/wp-json\/wp\/v2\/product_tag?post=721741"}],"curies":[{"name":"wp","href":"https:\/\/api.w.org\/{rel}","templated":true}]}}