{"id":721739,"date":"2025-08-27T18:54:15","date_gmt":"2025-08-27T15:54:15","guid":{"rendered":"https:\/\/roveyayinevi.com.tr\/index.php\/urun\/ruya-kitabi\/"},"modified":"2026-04-16T02:29:44","modified_gmt":"2026-04-15T23:29:44","slug":"ruya-kitabi","status":"publish","type":"product","link":"https:\/\/roveyayinevi.com.tr\/index.php\/urun\/ruya-kitabi\/","title":{"rendered":"R\u00fcya Kitab\u0131"},"content":{"rendered":"<p>R\u00fcyalar en de\u011ferli bilgi ve rehberlik kayna\u011f\u0131m\u0131zd\u0131r, \u00e7\u00fcnk\u00fc r\u00fcyalarda y\u00fcksek benli\u011fimiz bizimle do\u011frudan ileti\u015fim kurar ve kendimizi ke\u015ffetmemize, hayat\u0131m\u0131z\u0131 anlamam\u0131za, sorunlar\u0131m\u0131z\u0131 \u00e7\u00f6zmemize, gelece\u011fi g\u00f6rmemize, spirit\u00fcel olarak geli\u015fmemize yard\u0131mc\u0131 olacak bilgiler, ilhamlar, i\u00e7g\u00f6r\u00fcler sunar ve bilin\u00e7li zihin araya girip bu mesajlar\u0131 \u00e7arp\u0131tamaz. R\u00fcyalar \u00fczerinde h\u00e2kimiyet kazanmam\u0131z ger\u00e7ekten boyutlararas\u0131 varl\u0131klar oldu\u011fumuzu idrak etmemizi sa\u011flar. B\u00f6ylece, ge\u00e7mekte oldu\u011fumuz a\u015famalar ya da kendimizi i\u00e7inde buldu\u011fumuz bilin\u00e7 d\u00fczeyi yerine, ebedi varl\u0131\u011f\u0131m\u0131zla \u00f6zde\u015fle\u015fmeye ba\u015flar\u0131z.R\u00fcyalar\u0131m\u0131z\u0131n bize verdi\u011fi mesajlar\u0131 anlayabilmek i\u00e7in r\u00fcyada g\u00f6rd\u00fc\u011f\u00fcm\u00fcz her \u015feyin bir sembol oldu\u011funu bilmemiz ve bu evrensel sembolizmi \u00e7\u00f6zebilmemiz gerekir. Betty Bethards\u2019\u0131n ruhsal kanaldan ald\u0131\u011f\u0131 bilgilerle yazd\u0131\u011f\u0131, \u015fimdiye dek on dile \u00e7evrilen ve uluslararas\u0131 bir \u00e7ok-satan olan bu kitap, r\u00fcyalar\u0131m\u0131z\u0131 anlamam\u0131z\u0131 sa\u011flayacak iki bini a\u015fk\u0131n r\u00fcya sembol\u00fcn\u00fcn yorumu ve r\u00fcyalar hakk\u0131nda genel bir bilginin yan\u0131 s\u0131ra, r\u00fcyalar\u0131m\u0131z\u0131 nas\u0131l hat\u0131rlayabilece\u011fimiz ve kullanabilece\u011fimizle ilgili yard\u0131mc\u0131 bilgileri ve genel tabloyu g\u00f6rmemizi sa\u011flayacak evrensel prensipleri i\u00e7ermektedir. E\u011fer r\u00fcyalar\u0131m\u0131za dikkat etmezsek, alabilece\u011fimiz en b\u00fcy\u00fck spirit\u00fcel yard\u0131mlardan birini ka\u00e7\u0131rm\u0131\u015f oluruz; r\u00fcyalar\u0131m\u0131za dikkat edersek, hayat\u0131m\u0131z\u0131 \u00e7ok kolayla\u015ft\u0131rabilir ve spirit\u00fcel tek\u00e2m\u00fcl\u00fcm\u00fcz\u00fc b\u00fcy\u00fck \u00f6l\u00e7\u00fcde h\u0131zland\u0131rabiliriz. Bu kitab\u0131n sizi r\u00fcyalar\u0131n\u0131z\u0131n bilgelik dolu ve harika d\u00fcnyas\u0131n\u0131 ara\u015ft\u0131r\u0131p ke\u015ffetmeye sevk etmesini dileriz.<\/p>\n","protected":false},"excerpt":{"rendered":"<p>R\u00fcyalar en de\u011ferli bilgi ve rehberlik kayna\u011f\u0131m\u0131zd\u0131r, \u00e7\u00fcnk\u00fc r\u00fcyalarda y\u00fcksek benli\u011fimiz bizimle do\u011frudan ileti\u015fim kurar ve kendimizi ke\u015ffetmemize, hayat\u0131m\u0131z\u0131 anlamam\u0131za, sorunlar\u0131m\u0131z\u0131 \u00e7\u00f6zmemize, gelece\u011fi g\u00f6rmemize, spirit\u00fcel olarak<span class=\"excerpt-hellip\"> [\u2026]<\/span><\/p>\n","protected":false},"featured_media":0,"template":"","meta":{"_monsterinsights_skip_tracking":false,"_monsterinsights_sitenote_active":false,"_monsterinsights_sitenote_note":"","_monsterinsights_sitenote_category":0},"product_brand":[],"product_cat":[18082,15563],"product_tag":[],"class_list":{"0":"post-721739","1":"product","2":"type-product","3":"status-publish","5":"product_cat-astroloji-fal-ruya","6":"product_cat-hobi","7":"pa_cilt-ciltsiz","8":"pa_tur-kitap","9":"pa_yayinevi-akasa-yayinlari","10":"pa_yazar-betty-berthards","12":"first","13":"instock","14":"sale","15":"shipping-taxable","16":"purchasable","17":"product-type-simple"},"_links":{"self":[{"href":"https:\/\/roveyayinevi.com.tr\/index.php\/wp-json\/wp\/v2\/product\/721739","targetHints":{"allow":["GET"]}}],"collection":[{"href":"https:\/\/roveyayinevi.com.tr\/index.php\/wp-json\/wp\/v2\/product"}],"about":[{"href":"https:\/\/roveyayinevi.com.tr\/index.php\/wp-json\/wp\/v2\/types\/product"}],"wp:attachment":[{"href":"https:\/\/roveyayinevi.com.tr\/index.php\/wp-json\/wp\/v2\/media?parent=721739"}],"wp:term":[{"taxonomy":"product_brand","embeddable":true,"href":"https:\/\/roveyayinevi.com.tr\/index.php\/wp-json\/wp\/v2\/product_brand?post=721739"},{"taxonomy":"product_cat","embeddable":true,"href":"https:\/\/roveyayinevi.com.tr\/index.php\/wp-json\/wp\/v2\/product_cat?post=721739"},{"taxonomy":"product_tag","embeddable":true,"href":"https:\/\/roveyayinevi.com.tr\/index.php\/wp-json\/wp\/v2\/product_tag?post=721739"}],"curies":[{"name":"wp","href":"https:\/\/api.w.org\/{rel}","templated":true}]}}