{"id":721738,"date":"2025-08-27T18:54:14","date_gmt":"2025-08-27T15:54:14","guid":{"rendered":"https:\/\/roveyayinevi.com.tr\/index.php\/urun\/sherlock-holmes-ve-kizil-dosya\/"},"modified":"2026-04-16T02:29:44","modified_gmt":"2026-04-15T23:29:44","slug":"sherlock-holmes-ve-kizil-dosya","status":"publish","type":"product","link":"https:\/\/roveyayinevi.com.tr\/index.php\/urun\/sherlock-holmes-ve-kizil-dosya\/","title":{"rendered":"Sherlock Holmes ve K\u0131z\u0131l Dosya"},"content":{"rendered":"<p>1887 y\u0131l\u0131 polisiye edebiyat a\u00e7\u0131s\u0131ndan \u00e7ok \u00f6nemli bir y\u0131l oldu. \u00c7\u00fcnk\u00fc o y\u0131l Sherlock Holmes\u2019un ilk kitab\u0131 K\u0131z\u0131l Dosya yay\u0131nland\u0131. Sherlock Holmes o g\u00fcne kadar g\u00f6r\u00fclm\u00fc\u015f dedektiflerden \u00e7ok farkl\u0131yd\u0131. Su\u00e7lular\u0131n arkalar\u0131nda b\u0131rakt\u0131klar\u0131 izleri dikkatle inceliyor ve bilimsel verileri kullanarak \u015fa\u015f\u0131rt\u0131c\u0131 sonu\u00e7lara ula\u015f\u0131yordu. Bu macerada Sherlock Holmes yeni ev arkada\u015f\u0131 Dr Watson\u2019a bir cinayet davas\u0131yla birlikte ilgilenmelerini teklif eder. Holmes\u2019un, \u00e7ok uzun y\u0131llar \u00f6ncesine uzanan ve iki k\u0131tada s\u00fcren, heyecan dolu olaylar\u0131n arkas\u0131nda yatan ger\u00e7ekleri bulmas\u0131 \u00e7ok zaman almayacakt\u0131r. <\/p>\n","protected":false},"excerpt":{"rendered":"<p>1887 y\u0131l\u0131 polisiye edebiyat a\u00e7\u0131s\u0131ndan \u00e7ok \u00f6nemli bir y\u0131l oldu. \u00c7\u00fcnk\u00fc o y\u0131l Sherlock Holmes\u2019un ilk kitab\u0131 K\u0131z\u0131l Dosya yay\u0131nland\u0131. Sherlock Holmes o g\u00fcne kadar g\u00f6r\u00fclm\u00fc\u015f<span class=\"excerpt-hellip\"> [\u2026]<\/span><\/p>\n","protected":false},"featured_media":0,"template":"","meta":{"_monsterinsights_skip_tracking":false,"_monsterinsights_sitenote_active":false,"_monsterinsights_sitenote_note":"","_monsterinsights_sitenote_category":0},"product_brand":[],"product_cat":[12274,12467],"product_tag":[],"class_list":{"0":"post-721738","1":"product","2":"type-product","3":"status-publish","5":"product_cat-cocuk-ve-genclik-kitaplari","6":"product_cat-dunya-klasikleri","7":"pa_cilt-ciltsiz","8":"pa_tur-kitap","9":"pa_yayinevi-is-bankasi-kultur-yayinlari","10":"pa_yazar-arthur-conan-doyle","12":"first","13":"instock","14":"sale","15":"shipping-taxable","16":"purchasable","17":"product-type-simple"},"_links":{"self":[{"href":"https:\/\/roveyayinevi.com.tr\/index.php\/wp-json\/wp\/v2\/product\/721738","targetHints":{"allow":["GET"]}}],"collection":[{"href":"https:\/\/roveyayinevi.com.tr\/index.php\/wp-json\/wp\/v2\/product"}],"about":[{"href":"https:\/\/roveyayinevi.com.tr\/index.php\/wp-json\/wp\/v2\/types\/product"}],"wp:attachment":[{"href":"https:\/\/roveyayinevi.com.tr\/index.php\/wp-json\/wp\/v2\/media?parent=721738"}],"wp:term":[{"taxonomy":"product_brand","embeddable":true,"href":"https:\/\/roveyayinevi.com.tr\/index.php\/wp-json\/wp\/v2\/product_brand?post=721738"},{"taxonomy":"product_cat","embeddable":true,"href":"https:\/\/roveyayinevi.com.tr\/index.php\/wp-json\/wp\/v2\/product_cat?post=721738"},{"taxonomy":"product_tag","embeddable":true,"href":"https:\/\/roveyayinevi.com.tr\/index.php\/wp-json\/wp\/v2\/product_tag?post=721738"}],"curies":[{"name":"wp","href":"https:\/\/api.w.org\/{rel}","templated":true}]}}