{"id":721737,"date":"2025-08-27T18:54:13","date_gmt":"2025-08-27T15:54:13","guid":{"rendered":"https:\/\/roveyayinevi.com.tr\/index.php\/urun\/tolstoydan-cocukla-icin-oykuler-cekirdek\/"},"modified":"2026-04-16T02:29:44","modified_gmt":"2026-04-15T23:29:44","slug":"tolstoydan-cocukla-icin-oykuler-cekirdek","status":"publish","type":"product","link":"https:\/\/roveyayinevi.com.tr\/index.php\/urun\/tolstoydan-cocukla-icin-oykuler-cekirdek\/","title":{"rendered":"Tolstoy&#8217;dan \u00c7ocukla \u0130\u00e7in \u00d6yk\u00fcler &#8211; \u00c7ekirdek"},"content":{"rendered":"<p>B\u00fcy\u00fck usta Tolstoy ya\u015farken d\u00fcnya \u00e7ap\u0131nda \u00fcnl\u00fc olmu\u015f ve zaman\u0131n\u0131n \u00f6tesini bile ayd\u0131nlatacak muhte\u015fem eserler vermi\u015fti. Yazar, ayn\u0131 zamanda on \u00fc\u00e7 \u00e7ocu\u011fu olan bir aile babas\u0131yd\u0131. Bu nedenle \u00e7ocuklar\u0131 da asla unutmad\u0131 ve b\u00fcy\u00fcy\u00fcnce ak\u0131ll\u0131 ve iyi insanlar olmalar\u0131 i\u00e7in \u00f6\u011fretmek istedi\u011fi her \u015feyi \u00f6yk\u00fclerle anlatt\u0131. \u00c7ocuklar\u0131 \u00e7ok iyi tan\u0131yan yazar, kurnaz kirpiler, k\u00f6pek bal\u0131klar\u0131, kedi yavrular\u0131, afacan \u00e7ocuklar ve hatta fillerin ba\u015f\u0131ndan ge\u00e7en, birbirinden ilgin\u00e7 \u00f6yk\u00fclerle k\u00fc\u00e7\u00fckleri e\u011flendirmeyi de ihmal etmiyor. <\/p>\n","protected":false},"excerpt":{"rendered":"<p>B\u00fcy\u00fck usta Tolstoy ya\u015farken d\u00fcnya \u00e7ap\u0131nda \u00fcnl\u00fc olmu\u015f ve zaman\u0131n\u0131n \u00f6tesini bile ayd\u0131nlatacak muhte\u015fem eserler vermi\u015fti. Yazar, ayn\u0131 zamanda on \u00fc\u00e7 \u00e7ocu\u011fu olan bir aile babas\u0131yd\u0131.<span class=\"excerpt-hellip\"> [\u2026]<\/span><\/p>\n","protected":false},"featured_media":0,"template":"","meta":{"_monsterinsights_skip_tracking":false,"_monsterinsights_sitenote_active":false,"_monsterinsights_sitenote_note":"","_monsterinsights_sitenote_category":0},"product_brand":[],"product_cat":[12274,12467],"product_tag":[],"class_list":{"0":"post-721737","1":"product","2":"type-product","3":"status-publish","5":"product_cat-cocuk-ve-genclik-kitaplari","6":"product_cat-dunya-klasikleri","7":"pa_cilt-ciltsiz","8":"pa_tur-kitap","9":"pa_yayinevi-is-bankasi-kultur-yayinlari","10":"pa_yazar-lev-nikolayevic-tolstoy","12":"first","13":"instock","14":"sale","15":"shipping-taxable","16":"purchasable","17":"product-type-simple"},"_links":{"self":[{"href":"https:\/\/roveyayinevi.com.tr\/index.php\/wp-json\/wp\/v2\/product\/721737","targetHints":{"allow":["GET"]}}],"collection":[{"href":"https:\/\/roveyayinevi.com.tr\/index.php\/wp-json\/wp\/v2\/product"}],"about":[{"href":"https:\/\/roveyayinevi.com.tr\/index.php\/wp-json\/wp\/v2\/types\/product"}],"wp:attachment":[{"href":"https:\/\/roveyayinevi.com.tr\/index.php\/wp-json\/wp\/v2\/media?parent=721737"}],"wp:term":[{"taxonomy":"product_brand","embeddable":true,"href":"https:\/\/roveyayinevi.com.tr\/index.php\/wp-json\/wp\/v2\/product_brand?post=721737"},{"taxonomy":"product_cat","embeddable":true,"href":"https:\/\/roveyayinevi.com.tr\/index.php\/wp-json\/wp\/v2\/product_cat?post=721737"},{"taxonomy":"product_tag","embeddable":true,"href":"https:\/\/roveyayinevi.com.tr\/index.php\/wp-json\/wp\/v2\/product_tag?post=721737"}],"curies":[{"name":"wp","href":"https:\/\/api.w.org\/{rel}","templated":true}]}}