{"id":721733,"date":"2025-08-27T18:54:10","date_gmt":"2025-08-27T15:54:10","guid":{"rendered":"https:\/\/roveyayinevi.com.tr\/index.php\/urun\/ezgi-iki-kez-dusunuyor\/"},"modified":"2026-04-16T02:29:44","modified_gmt":"2026-04-15T23:29:44","slug":"ezgi-iki-kez-dusunuyor","status":"publish","type":"product","link":"https:\/\/roveyayinevi.com.tr\/index.php\/urun\/ezgi-iki-kez-dusunuyor\/","title":{"rendered":"Ezgi \u0130ki Kez D\u00fc\u015f\u00fcn\u00fcyor"},"content":{"rendered":"<p>Bazen tek ihtiyac\u0131m\u0131z biraz karma\u015fad\u0131r. Haydi Ezgi\u2019yle tan\u0131\u015f\u0131n. O, s\u0131ra d\u0131\u015f\u0131 bir hayal g\u00fcc\u00fc olan, s\u0131radan bir k\u0131z. Ezgi el i\u015fiyle u\u011fra\u015fmay\u0131, sal\u0131ncakta sallanmay\u0131 ve saklamba\u00e7 oynamay\u0131 \u00e7ok seviyor. Ama bazen hayal g\u00fcc\u00fc Ezgi\u2019yi al\u0131p, ba\u015fka d\u00fcnyalara g\u00f6t\u00fcr\u00fcyor. <\/p>\n","protected":false},"excerpt":{"rendered":"<p>Bazen tek ihtiyac\u0131m\u0131z biraz karma\u015fad\u0131r. Haydi Ezgi\u2019yle tan\u0131\u015f\u0131n. O, s\u0131ra d\u0131\u015f\u0131 bir hayal g\u00fcc\u00fc olan, s\u0131radan bir k\u0131z. Ezgi el i\u015fiyle u\u011fra\u015fmay\u0131, sal\u0131ncakta sallanmay\u0131 ve saklamba\u00e7<span class=\"excerpt-hellip\"> [\u2026]<\/span><\/p>\n","protected":false},"featured_media":0,"template":"","meta":{"_monsterinsights_skip_tracking":false,"_monsterinsights_sitenote_active":false,"_monsterinsights_sitenote_note":"","_monsterinsights_sitenote_category":0},"product_brand":[],"product_cat":[12274,12518],"product_tag":[],"class_list":{"0":"post-721733","1":"product","2":"type-product","3":"status-publish","5":"product_cat-cocuk-ve-genclik-kitaplari","6":"product_cat-okul-oncesi-kitaplar","7":"pa_cilt-ciltsiz","8":"pa_tur-kitap","9":"pa_yayinevi-is-bankasi-kultur-yayinlari","10":"pa_yazar-monica-arnaldo","12":"first","13":"instock","14":"sale","15":"shipping-taxable","16":"purchasable","17":"product-type-simple"},"_links":{"self":[{"href":"https:\/\/roveyayinevi.com.tr\/index.php\/wp-json\/wp\/v2\/product\/721733","targetHints":{"allow":["GET"]}}],"collection":[{"href":"https:\/\/roveyayinevi.com.tr\/index.php\/wp-json\/wp\/v2\/product"}],"about":[{"href":"https:\/\/roveyayinevi.com.tr\/index.php\/wp-json\/wp\/v2\/types\/product"}],"wp:attachment":[{"href":"https:\/\/roveyayinevi.com.tr\/index.php\/wp-json\/wp\/v2\/media?parent=721733"}],"wp:term":[{"taxonomy":"product_brand","embeddable":true,"href":"https:\/\/roveyayinevi.com.tr\/index.php\/wp-json\/wp\/v2\/product_brand?post=721733"},{"taxonomy":"product_cat","embeddable":true,"href":"https:\/\/roveyayinevi.com.tr\/index.php\/wp-json\/wp\/v2\/product_cat?post=721733"},{"taxonomy":"product_tag","embeddable":true,"href":"https:\/\/roveyayinevi.com.tr\/index.php\/wp-json\/wp\/v2\/product_tag?post=721733"}],"curies":[{"name":"wp","href":"https:\/\/api.w.org\/{rel}","templated":true}]}}