{"id":721707,"date":"2025-08-27T18:53:51","date_gmt":"2025-08-27T15:53:51","guid":{"rendered":"https:\/\/roveyayinevi.com.tr\/index.php\/urun\/aslanagzi-cicegi-sabirli-olmayi-ogreniyorum\/"},"modified":"2026-04-16T02:29:44","modified_gmt":"2026-04-15T23:29:44","slug":"aslanagzi-cicegi-sabirli-olmayi-ogreniyorum","status":"publish","type":"product","link":"https:\/\/roveyayinevi.com.tr\/index.php\/urun\/aslanagzi-cicegi-sabirli-olmayi-ogreniyorum\/","title":{"rendered":"Aslana\u011fz\u0131 \u00c7i\u00e7e\u011fi &#8211; Sab\u0131rl\u0131 Olmay\u0131 \u00d6\u011freniyorum"},"content":{"rendered":"<p>Gamze Pat, Kendimi Tan\u0131yorum Dizisi&#8217;nde \u00e7ocuklar\u0131m\u0131z\u0131n olumsuz tutum ve davran\u0131\u015flar\u0131n\u0131n fark\u0131na varmalar\u0131n\u0131 sa\u011flarken, bunlar\u0131n \u00e7\u00f6z\u00fcm\u00fcne p\u0131r\u0131l p\u0131r\u0131l bir \u0131\u015f\u0131k da tutuyor.Masal tad\u0131nda, dost\u00e7a, sevgiyle&#8230; <\/p>\n","protected":false},"excerpt":{"rendered":"<p>Gamze Pat, Kendimi Tan\u0131yorum Dizisi&#8217;nde \u00e7ocuklar\u0131m\u0131z\u0131n olumsuz tutum ve davran\u0131\u015flar\u0131n\u0131n fark\u0131na varmalar\u0131n\u0131 sa\u011flarken, bunlar\u0131n \u00e7\u00f6z\u00fcm\u00fcne p\u0131r\u0131l p\u0131r\u0131l bir \u0131\u015f\u0131k da tutuyor.Masal tad\u0131nda, dost\u00e7a, sevgiyle&#8230;<\/p>\n","protected":false},"featured_media":0,"template":"","meta":{"_monsterinsights_skip_tracking":false,"_monsterinsights_sitenote_active":false,"_monsterinsights_sitenote_note":"","_monsterinsights_sitenote_category":0},"product_brand":[],"product_cat":[12274,12523],"product_tag":[],"class_list":{"0":"post-721707","1":"product","2":"type-product","3":"status-publish","5":"product_cat-cocuk-ve-genclik-kitaplari","6":"product_cat-masallar","7":"pa_cilt-ciltsiz","8":"pa_tur-kitap","9":"pa_yayinevi-altin-kitaplar-cocuk-kitaplari","10":"pa_yazar-gamze-pat","12":"first","13":"instock","14":"sale","15":"shipping-taxable","16":"purchasable","17":"product-type-simple"},"_links":{"self":[{"href":"https:\/\/roveyayinevi.com.tr\/index.php\/wp-json\/wp\/v2\/product\/721707","targetHints":{"allow":["GET"]}}],"collection":[{"href":"https:\/\/roveyayinevi.com.tr\/index.php\/wp-json\/wp\/v2\/product"}],"about":[{"href":"https:\/\/roveyayinevi.com.tr\/index.php\/wp-json\/wp\/v2\/types\/product"}],"wp:attachment":[{"href":"https:\/\/roveyayinevi.com.tr\/index.php\/wp-json\/wp\/v2\/media?parent=721707"}],"wp:term":[{"taxonomy":"product_brand","embeddable":true,"href":"https:\/\/roveyayinevi.com.tr\/index.php\/wp-json\/wp\/v2\/product_brand?post=721707"},{"taxonomy":"product_cat","embeddable":true,"href":"https:\/\/roveyayinevi.com.tr\/index.php\/wp-json\/wp\/v2\/product_cat?post=721707"},{"taxonomy":"product_tag","embeddable":true,"href":"https:\/\/roveyayinevi.com.tr\/index.php\/wp-json\/wp\/v2\/product_tag?post=721707"}],"curies":[{"name":"wp","href":"https:\/\/api.w.org\/{rel}","templated":true}]}}