{"id":721705,"date":"2025-08-27T18:53:49","date_gmt":"2025-08-27T15:53:49","guid":{"rendered":"https:\/\/roveyayinevi.com.tr\/index.php\/urun\/hassas-mevzularda-matrak-muhabbetler\/"},"modified":"2026-04-16T02:29:44","modified_gmt":"2026-04-15T23:29:44","slug":"hassas-mevzularda-matrak-muhabbetler","status":"publish","type":"product","link":"https:\/\/roveyayinevi.com.tr\/index.php\/urun\/hassas-mevzularda-matrak-muhabbetler\/","title":{"rendered":"Hassas Mevzularda Matrak Muhabbetler"},"content":{"rendered":"<p>Elinizdeki kitap, \u00e7o\u011fu akademik uzant\u0131lara sahip konulara dair denemeler i\u00e7eriyor. Pek \u00e7ok bilgi de bar\u0131nd\u0131ran bu yaz\u0131lar\u0131n duygulardan uzak okunmas\u0131 olanaks\u0131z; \u00e7\u00fcnk\u00fc ele al\u0131nan meseleler ger\u00e7ekten hassas.Toprak I\u015f\u0131k ve Seher Cesur K\u0131l\u0131\u00e7aslan, atomu par\u00e7alayan bir bomba ile on binlerce insan\u0131n diri diri yak\u0131lmas\u0131ndaki ak\u0131l almaz zalimli\u011fe isyan ediyorlar; s\u00fcrekli kam\u00e7\u0131lanan t\u00fcketim \u00e7\u0131lg\u0131nl\u0131\u011f\u0131 ile ba\u015f edemeyen d\u00fcnyadaki kaynaklar\u0131n \u00f6nlenemez yok olu\u015fuyla dertleniyorlar; k\u00fclt\u00fcrlerin i\u00e7 i\u00e7e ge\u00e7ti\u011fi g\u00fcn\u00fcm\u00fczde k\u00fclt\u00fcrler aras\u0131 \u00e7at\u0131\u015fman\u0131n g\u00fcnl\u00fck ya\u015famdaki izlerini takip ediyorlar ve \u00fclkemize \u00f6zg\u00fc fay hatlar\u0131na yak\u0131ndan bak\u0131yorlar. Ele\u015ftirel d\u00fc\u015f\u00fcnmeyi, hem ayr\u0131 bir konu olarak ele al\u0131yor hem de y\u00f6ntem olarak kullan\u0131yorlar.Kitab\u0131n dilindeki k\u0131vrakl\u0131ktan eminiz ki edebi bir tad alacaks\u0131n\u0131z. \u00dcsluptaki ince mizah\u0131n ise sizi pek \u00e7ok kez g\u00fcl\u00fcmsetece\u011finden, bazen de size kahkahalar att\u0131raca\u011f\u0131ndan ku\u015fku duymuyoruz. \u00d6n\u00fcn\u00fczde, kuantum teorisinden antropolojinin derinliklerine uzanan, \u00f6\u011fretici oldu\u011fu kadar da e\u011flenceli bir ser\u00fcven var. <\/p>\n","protected":false},"excerpt":{"rendered":"<p>Elinizdeki kitap, \u00e7o\u011fu akademik uzant\u0131lara sahip konulara dair denemeler i\u00e7eriyor. Pek \u00e7ok bilgi de bar\u0131nd\u0131ran bu yaz\u0131lar\u0131n duygulardan uzak okunmas\u0131 olanaks\u0131z; \u00e7\u00fcnk\u00fc ele al\u0131nan meseleler ger\u00e7ekten<span class=\"excerpt-hellip\"> [\u2026]<\/span><\/p>\n","protected":false},"featured_media":0,"template":"","meta":{"_monsterinsights_skip_tracking":false,"_monsterinsights_sitenote_active":false,"_monsterinsights_sitenote_note":"","_monsterinsights_sitenote_category":0},"product_brand":[],"product_cat":[12777,12291],"product_tag":[],"class_list":{"0":"post-721705","1":"product","2":"type-product","3":"status-publish","5":"product_cat-deneme","6":"product_cat-edebiyat","7":"pa_cilt-ciltsiz","8":"pa_tur-kitap","9":"pa_yayinevi-altin-kitaplar","10":"pa_yazar-seher-cesur-kilicaslan-toprak-isik","12":"first","13":"instock","14":"sale","15":"shipping-taxable","16":"purchasable","17":"product-type-simple"},"_links":{"self":[{"href":"https:\/\/roveyayinevi.com.tr\/index.php\/wp-json\/wp\/v2\/product\/721705","targetHints":{"allow":["GET"]}}],"collection":[{"href":"https:\/\/roveyayinevi.com.tr\/index.php\/wp-json\/wp\/v2\/product"}],"about":[{"href":"https:\/\/roveyayinevi.com.tr\/index.php\/wp-json\/wp\/v2\/types\/product"}],"wp:attachment":[{"href":"https:\/\/roveyayinevi.com.tr\/index.php\/wp-json\/wp\/v2\/media?parent=721705"}],"wp:term":[{"taxonomy":"product_brand","embeddable":true,"href":"https:\/\/roveyayinevi.com.tr\/index.php\/wp-json\/wp\/v2\/product_brand?post=721705"},{"taxonomy":"product_cat","embeddable":true,"href":"https:\/\/roveyayinevi.com.tr\/index.php\/wp-json\/wp\/v2\/product_cat?post=721705"},{"taxonomy":"product_tag","embeddable":true,"href":"https:\/\/roveyayinevi.com.tr\/index.php\/wp-json\/wp\/v2\/product_tag?post=721705"}],"curies":[{"name":"wp","href":"https:\/\/api.w.org\/{rel}","templated":true}]}}