{"id":721696,"date":"2025-08-27T18:53:42","date_gmt":"2025-08-27T15:53:42","guid":{"rendered":"https:\/\/roveyayinevi.com.tr\/index.php\/urun\/gladyator-kararini-arenada-verir\/"},"modified":"2026-04-16T02:29:43","modified_gmt":"2026-04-15T23:29:43","slug":"gladyator-kararini-arenada-verir","status":"publish","type":"product","link":"https:\/\/roveyayinevi.com.tr\/index.php\/urun\/gladyator-kararini-arenada-verir\/","title":{"rendered":"Gladyat\u00f6r Karar\u0131n\u0131 Arenada Verir"},"content":{"rendered":"<p>\u201cYenilmez olan hi\u00e7 darbe almayan de\u011fil, darbeden yaralanmayand\u0131r.\u201d  Romal\u0131 filozof, devlet adam\u0131, hatip ve tragedya yazar\u0131 Lucius Annaeus Seneca, Stoa felsefesinin \u00f6nc\u00fcleri aras\u0131ndaki en \u00f6zg\u00fcn sestir. \u0130mparator Neron\u2019un hocal\u0131\u011f\u0131n\u0131 ve dan\u0131\u015fmanl\u0131\u011f\u0131n\u0131 yapan filozof, parlak ve ini\u015f \u00e7\u0131k\u0131\u015flarla dolu ya\u015fam\u0131nda, s\u00fcrg\u00fcn y\u0131llar\u0131nda, Neron\u2019un delili\u011fini yat\u0131\u015ft\u0131rma \u00e7abas\u0131nda teselliyi hep felsefede bulmu\u015ftur. Hayatta bilgece bir duru\u015fun ya\u015fananlar\u0131n i\u00e7inden ge\u00e7erek ve ya\u015fam arenas\u0131nda insan\u0131n kendi olarak var olmas\u0131yla kazan\u0131laca\u011f\u0131n\u0131 s\u00f6yleyen Seneca bilgelik, kader, talih, korkular, ruh dinginli\u011fi, do\u011fa, \u00f6l\u00fcm gibi konular\u0131 kusursuz bir \u00fcslup ve keskin bir zek\u00e2yla ustal\u0131kla aktarm\u0131\u015f, modern d\u00fcnyan\u0131n insan\u0131na g\u00fc\u00e7l\u00fc felsefesiyle rehber olmu\u015ftur. <\/p>\n","protected":false},"excerpt":{"rendered":"<p>\u201cYenilmez olan hi\u00e7 darbe almayan de\u011fil, darbeden yaralanmayand\u0131r.\u201d Romal\u0131 filozof, devlet adam\u0131, hatip ve tragedya yazar\u0131 Lucius Annaeus Seneca, Stoa felsefesinin \u00f6nc\u00fcleri aras\u0131ndaki en \u00f6zg\u00fcn sestir.<span class=\"excerpt-hellip\"> [\u2026]<\/span><\/p>\n","protected":false},"featured_media":0,"template":"","meta":{"_monsterinsights_skip_tracking":false,"_monsterinsights_sitenote_active":false,"_monsterinsights_sitenote_note":"","_monsterinsights_sitenote_category":0},"product_brand":[],"product_cat":[12388,13555],"product_tag":[],"class_list":{"0":"post-721696","1":"product","2":"type-product","3":"status-publish","5":"product_cat-felsefe","6":"product_cat-genel-felsefe","7":"pa_cilt-ciltsiz","8":"pa_tur-kitap","9":"pa_yayinevi-destek-yayinlari","10":"pa_yazar-seneca","12":"first","13":"instock","14":"sale","15":"shipping-taxable","16":"purchasable","17":"product-type-simple"},"_links":{"self":[{"href":"https:\/\/roveyayinevi.com.tr\/index.php\/wp-json\/wp\/v2\/product\/721696","targetHints":{"allow":["GET"]}}],"collection":[{"href":"https:\/\/roveyayinevi.com.tr\/index.php\/wp-json\/wp\/v2\/product"}],"about":[{"href":"https:\/\/roveyayinevi.com.tr\/index.php\/wp-json\/wp\/v2\/types\/product"}],"wp:attachment":[{"href":"https:\/\/roveyayinevi.com.tr\/index.php\/wp-json\/wp\/v2\/media?parent=721696"}],"wp:term":[{"taxonomy":"product_brand","embeddable":true,"href":"https:\/\/roveyayinevi.com.tr\/index.php\/wp-json\/wp\/v2\/product_brand?post=721696"},{"taxonomy":"product_cat","embeddable":true,"href":"https:\/\/roveyayinevi.com.tr\/index.php\/wp-json\/wp\/v2\/product_cat?post=721696"},{"taxonomy":"product_tag","embeddable":true,"href":"https:\/\/roveyayinevi.com.tr\/index.php\/wp-json\/wp\/v2\/product_tag?post=721696"}],"curies":[{"name":"wp","href":"https:\/\/api.w.org\/{rel}","templated":true}]}}