{"id":721684,"date":"2025-08-27T18:53:33","date_gmt":"2025-08-27T15:53:33","guid":{"rendered":"https:\/\/roveyayinevi.com.tr\/index.php\/urun\/neden-fransayi-sever-ama-fransizlari-sevmeyiz\/"},"modified":"2026-04-16T02:29:43","modified_gmt":"2026-04-15T23:29:43","slug":"neden-fransayi-sever-ama-fransizlari-sevmeyiz","status":"publish","type":"product","link":"https:\/\/roveyayinevi.com.tr\/index.php\/urun\/neden-fransayi-sever-ama-fransizlari-sevmeyiz\/","title":{"rendered":"Neden Fransa\u2019y\u0131 Sever Ama Frans\u0131zlar\u0131 Sevmeyiz?"},"content":{"rendered":"<p>FRANSIZI FRANSIZ YAPAN NED\u0130R? Neden Fransa\u2019ya bay\u0131l\u0131r\u0131z ama Frans\u0131zlar\u0131 pek sevmeyiz? Bunu anlamak i\u00e7in Frans\u0131zlar\u0131n kalbine, ruhuna ve zihnine bir g\u00f6z at\u0131n. Frans\u0131zlar\u2026. Sigara i\u00e7erler, i\u00e7ki i\u00e7erler, d\u00fcnyadaki herkesten daha fazla ya\u011f t\u00fcketirler. Yine de daha uzun ya\u015farlar ve daha az kalp problemleri vard\u0131r. Haftada 35 saat \u00e7al\u0131\u015f\u0131rlar, y\u0131lda 7 hafta \u00fccretli izinleri vard\u0131r. Yine de d\u00fcnyan\u0131n en b\u00fcy\u00fck ekonomileri aras\u0131ndalar. Peki Frans\u0131zlar\u0131 farkl\u0131 yapan nedir? Yazarlar\u0131n bizzat Fransa\u2019da g\u00f6zlemleyerek yazd\u0131\u011f\u0131 bu kitap Frans\u0131zlar\u0131n kalbine, zihnine ve ruhuna bir yolculuk. Topraklar\u0131, \u00f6zel hayatlar\u0131 ve dilleri hakk\u0131nda Frans\u0131zlar\u0131n d\u00fc\u015f\u00fcncelerini de\u015fifre eden Nadeau ve Barlow Frans\u0131z toplumunun bile\u015fenlerine do\u011fru keyifli bir yolculu\u011fa \u00e7\u0131kar\u0131yor bizi. Merkezile\u015fmeden, Napolyoncu kurallara, elitist \u00f6\u011fretim yap\u0131s\u0131ndan sokak protestolar\u0131na kadar, Frans\u0131z insan\u0131n\u0131n tam bir resmini g\u00f6receksiniz. <\/p>\n","protected":false},"excerpt":{"rendered":"<p>FRANSIZI FRANSIZ YAPAN NED\u0130R? Neden Fransa\u2019ya bay\u0131l\u0131r\u0131z ama Frans\u0131zlar\u0131 pek sevmeyiz? Bunu anlamak i\u00e7in Frans\u0131zlar\u0131n kalbine, ruhuna ve zihnine bir g\u00f6z at\u0131n. Frans\u0131zlar\u2026. Sigara i\u00e7erler, i\u00e7ki<span class=\"excerpt-hellip\"> [\u2026]<\/span><\/p>\n","protected":false},"featured_media":0,"template":"","meta":{"_monsterinsights_skip_tracking":false,"_monsterinsights_sitenote_active":false,"_monsterinsights_sitenote_note":"","_monsterinsights_sitenote_category":0},"product_brand":[],"product_cat":[12370,12304],"product_tag":[],"class_list":{"0":"post-721684","1":"product","2":"type-product","3":"status-publish","5":"product_cat-arastirma-inceleme","6":"product_cat-tarih","7":"pa_cilt-ciltsiz","8":"pa_tur-kitap","9":"pa_yayinevi-ketebe-yayinlari","10":"pa_yazar-jean-nadeau-julie-barlow","12":"first","13":"instock","14":"sale","15":"shipping-taxable","16":"purchasable","17":"product-type-simple"},"_links":{"self":[{"href":"https:\/\/roveyayinevi.com.tr\/index.php\/wp-json\/wp\/v2\/product\/721684","targetHints":{"allow":["GET"]}}],"collection":[{"href":"https:\/\/roveyayinevi.com.tr\/index.php\/wp-json\/wp\/v2\/product"}],"about":[{"href":"https:\/\/roveyayinevi.com.tr\/index.php\/wp-json\/wp\/v2\/types\/product"}],"wp:attachment":[{"href":"https:\/\/roveyayinevi.com.tr\/index.php\/wp-json\/wp\/v2\/media?parent=721684"}],"wp:term":[{"taxonomy":"product_brand","embeddable":true,"href":"https:\/\/roveyayinevi.com.tr\/index.php\/wp-json\/wp\/v2\/product_brand?post=721684"},{"taxonomy":"product_cat","embeddable":true,"href":"https:\/\/roveyayinevi.com.tr\/index.php\/wp-json\/wp\/v2\/product_cat?post=721684"},{"taxonomy":"product_tag","embeddable":true,"href":"https:\/\/roveyayinevi.com.tr\/index.php\/wp-json\/wp\/v2\/product_tag?post=721684"}],"curies":[{"name":"wp","href":"https:\/\/api.w.org\/{rel}","templated":true}]}}