{"id":721679,"date":"2025-08-27T18:53:30","date_gmt":"2025-08-27T15:53:30","guid":{"rendered":"https:\/\/roveyayinevi.com.tr\/index.php\/urun\/gullerle-konusan-adam\/"},"modified":"2026-04-16T02:29:43","modified_gmt":"2026-04-15T23:29:43","slug":"gullerle-konusan-adam","status":"publish","type":"product","link":"https:\/\/roveyayinevi.com.tr\/index.php\/urun\/gullerle-konusan-adam\/","title":{"rendered":"G\u00fcllerle Konu\u015fan Adam"},"content":{"rendered":"<p>Bilge bir insan olmak baz\u0131 elzem bile\u015fiklerin olu\u015fma s\u00fcreciyle ayn\u0131d\u0131r. Mesela son derece yan\u0131c\u0131 iki hidrojen atomunun yak\u0131c\u0131 bir oksijen atomuyla birle\u015fmesi sonucu ortaya \u00e7\u0131kan \u015fey, bireysel ya\u015fant\u0131m\u0131z\u0131n ve t\u00fcm d\u00fcnyan\u0131n idamesi i\u00e7in en elzem madde olan Su\u2019dur. Yan\u0131c\u0131 olan\u0131 a\u015fka benzetebiliriz zira \u00e2\u015f\u0131k yanar mutlaka. Oksijen ise ya\u015famd\u0131r her haliyle. \u0130ki hidrojen atomundan birini \u201c\u0130lahi A\u015fk\u201d di\u011ferini ise \u201c\u0130nsani A\u015fk\u201d olarak ele alabiliriz.Bunlardan sadece biriyle oksijen temas\u0131, yani H1O1 tepkimesi ortaya hi\u00e7bir \u00fcr\u00fcn \u00e7\u0131karmayacakt\u0131r. Ama hem ilahi bir a\u015fkla hem de insana, t\u00fcm varl\u0131\u011fa olan bir a\u015fkla, ya\u015fam olan oksijen birle\u015fince, i\u015fte o zaman ortaya \u00e7\u0131kan Bilge bir \u0130nsand\u0131r. Bu kitapla, tek y\u00f6nl\u00fc okuyarak gelecek t\u00fcm ya\u015fant\u0131s\u0131n\u0131 s\u00fcrd\u00fcrebilece\u011fini hatta \u00e7evresini de de\u011fi\u015ftirebilece\u011fini zanneden bir gencin Bilge bir \u00d6\u011fretmenle tan\u0131\u015farak nas\u0131l de\u011fi\u015fmeye ba\u015flad\u0131\u011f\u0131n\u0131 g\u00f6receksiniz. <\/p>\n","protected":false},"excerpt":{"rendered":"<p>Bilge bir insan olmak baz\u0131 elzem bile\u015fiklerin olu\u015fma s\u00fcreciyle ayn\u0131d\u0131r. Mesela son derece yan\u0131c\u0131 iki hidrojen atomunun yak\u0131c\u0131 bir oksijen atomuyla birle\u015fmesi sonucu ortaya \u00e7\u0131kan \u015fey,<span class=\"excerpt-hellip\"> [\u2026]<\/span><\/p>\n","protected":false},"featured_media":0,"template":"","meta":{"_monsterinsights_skip_tracking":false,"_monsterinsights_sitenote_active":false,"_monsterinsights_sitenote_note":"","_monsterinsights_sitenote_category":0},"product_brand":[],"product_cat":[12291,12711],"product_tag":[],"class_list":{"0":"post-721679","1":"product","2":"type-product","3":"status-publish","5":"product_cat-edebiyat","6":"product_cat-roman-oyku","7":"pa_cilt-ciltsiz","8":"pa_tur-kitap","9":"pa_yayinevi-perseus","10":"pa_yazar-abdurrahman-ozer","12":"first","13":"instock","14":"sale","15":"shipping-taxable","16":"purchasable","17":"product-type-simple"},"_links":{"self":[{"href":"https:\/\/roveyayinevi.com.tr\/index.php\/wp-json\/wp\/v2\/product\/721679","targetHints":{"allow":["GET"]}}],"collection":[{"href":"https:\/\/roveyayinevi.com.tr\/index.php\/wp-json\/wp\/v2\/product"}],"about":[{"href":"https:\/\/roveyayinevi.com.tr\/index.php\/wp-json\/wp\/v2\/types\/product"}],"wp:attachment":[{"href":"https:\/\/roveyayinevi.com.tr\/index.php\/wp-json\/wp\/v2\/media?parent=721679"}],"wp:term":[{"taxonomy":"product_brand","embeddable":true,"href":"https:\/\/roveyayinevi.com.tr\/index.php\/wp-json\/wp\/v2\/product_brand?post=721679"},{"taxonomy":"product_cat","embeddable":true,"href":"https:\/\/roveyayinevi.com.tr\/index.php\/wp-json\/wp\/v2\/product_cat?post=721679"},{"taxonomy":"product_tag","embeddable":true,"href":"https:\/\/roveyayinevi.com.tr\/index.php\/wp-json\/wp\/v2\/product_tag?post=721679"}],"curies":[{"name":"wp","href":"https:\/\/api.w.org\/{rel}","templated":true}]}}