{"id":721677,"date":"2025-08-27T18:53:28","date_gmt":"2025-08-27T15:53:28","guid":{"rendered":"https:\/\/roveyayinevi.com.tr\/index.php\/urun\/h-p-lovecraft-butun-hikayeleri-ciltli\/"},"modified":"2026-04-03T02:36:02","modified_gmt":"2026-04-02T23:36:02","slug":"h-p-lovecraft-butun-hikayeleri-ciltli","status":"publish","type":"product","link":"https:\/\/roveyayinevi.com.tr\/index.php\/urun\/h-p-lovecraft-butun-hikayeleri-ciltli\/","title":{"rendered":"H. P. Lovecraft B\u00fct\u00fcn Hikayeleri (Ciltli)"},"content":{"rendered":"<p>\u201cLovecraft\u2019\u0131 ilk okudu\u011fumda ergenlik \u00e7a\u011f\u0131mdayd\u0131m, ki Lovecraft okuman\u0131n belki de en iyi zaman\u0131d\u0131r. Bug\u00fcn, onun \u00fcslubuna, saplant\u0131l\u0131 kesinli\u011fine, hayal g\u00fcc\u00fcn\u00fcn tuhafl\u0131\u011f\u0131na ve b\u00fct\u00fcn eserlerinde alt\u0131n\u0131 \u00e7ize \u00e7ize habercisi oldu\u011fu o uzla\u015fmas\u0131z trajik vizyonuna hayran\u0131m.\u201d\u2013Joyce Carol Oates \u201cLovecraft\u2019\u0131 ilk okudu\u011fumda onlu ya\u015flar\u0131m\u0131n ba\u015f\u0131nda, b\u00fcy\u00fckannemin deniz kenar\u0131ndaki evindeydim. Do\u011fa\u00fcst\u00fc Korku Edebiyat\u0131ndaki yol haritam\u0131 bana o \u00e7izdi.\u201d\u2013 Neil Gaiman  \u201cLovecraft benim yolumu a\u00e7t\u0131\u011f\u0131 gibi, benden \u00f6nce de bir\u00e7ok ba\u015fka yazar\u0131n yolunu a\u00e7m\u0131\u015ft\u0131r.\u201d\u2013Stephen King  \u201cLovecraft\u2019\u0131n eserleri modern korkunun en \u00f6nemli yap\u0131ta\u015flar\u0131ndand\u0131r.\u201d\u2013Clive Barker <\/p>\n","protected":false},"excerpt":{"rendered":"<p>\u201cLovecraft\u2019\u0131 ilk okudu\u011fumda ergenlik \u00e7a\u011f\u0131mdayd\u0131m, ki Lovecraft okuman\u0131n belki de en iyi zaman\u0131d\u0131r. Bug\u00fcn, onun \u00fcslubuna, saplant\u0131l\u0131 kesinli\u011fine, hayal g\u00fcc\u00fcn\u00fcn tuhafl\u0131\u011f\u0131na ve b\u00fct\u00fcn eserlerinde alt\u0131n\u0131 \u00e7ize<span class=\"excerpt-hellip\"> [\u2026]<\/span><\/p>\n","protected":false},"featured_media":0,"template":"","meta":{"_monsterinsights_skip_tracking":false,"_monsterinsights_sitenote_active":false,"_monsterinsights_sitenote_note":"","_monsterinsights_sitenote_category":0},"product_brand":[],"product_cat":[12291,13872],"product_tag":[],"class_list":{"0":"post-721677","1":"product","2":"type-product","3":"status-publish","5":"product_cat-edebiyat","6":"product_cat-klasikler","7":"pa_cilt-ciltli","8":"pa_tur-kitap","9":"pa_yayinevi-alfa-yayinlari","10":"pa_yazar-h-p-lovecraft","12":"first","13":"instock","14":"sale","15":"shipping-taxable","16":"purchasable","17":"product-type-simple"},"_links":{"self":[{"href":"https:\/\/roveyayinevi.com.tr\/index.php\/wp-json\/wp\/v2\/product\/721677","targetHints":{"allow":["GET"]}}],"collection":[{"href":"https:\/\/roveyayinevi.com.tr\/index.php\/wp-json\/wp\/v2\/product"}],"about":[{"href":"https:\/\/roveyayinevi.com.tr\/index.php\/wp-json\/wp\/v2\/types\/product"}],"wp:attachment":[{"href":"https:\/\/roveyayinevi.com.tr\/index.php\/wp-json\/wp\/v2\/media?parent=721677"}],"wp:term":[{"taxonomy":"product_brand","embeddable":true,"href":"https:\/\/roveyayinevi.com.tr\/index.php\/wp-json\/wp\/v2\/product_brand?post=721677"},{"taxonomy":"product_cat","embeddable":true,"href":"https:\/\/roveyayinevi.com.tr\/index.php\/wp-json\/wp\/v2\/product_cat?post=721677"},{"taxonomy":"product_tag","embeddable":true,"href":"https:\/\/roveyayinevi.com.tr\/index.php\/wp-json\/wp\/v2\/product_tag?post=721677"}],"curies":[{"name":"wp","href":"https:\/\/api.w.org\/{rel}","templated":true}]}}