{"id":721657,"date":"2025-08-27T18:53:12","date_gmt":"2025-08-27T15:53:12","guid":{"rendered":"https:\/\/roveyayinevi.com.tr\/index.php\/urun\/toplum-ve-kultur\/"},"modified":"2026-04-16T02:29:43","modified_gmt":"2026-04-15T23:29:43","slug":"toplum-ve-kultur","status":"publish","type":"product","link":"https:\/\/roveyayinevi.com.tr\/index.php\/urun\/toplum-ve-kultur\/","title":{"rendered":"Toplum ve K\u00fclt\u00fcr"},"content":{"rendered":"<p>Bryan Turner ve Chris Rojek ticari y\u00f6nelimlerle \u015fekillenen, pop\u00fcler k\u00fclt\u00fcr\u00fcn \u015fiddetli bask\u0131s\u0131na boyun e\u011fme riskini ta\u015f\u0131yan ve sahan\u0131n ilgililerince olmas\u0131 gerekti\u011fi yerde olmad\u0131\u011f\u0131 de\u011ferlendirmesi yap\u0131lan \u201csosyoloji\u201dyi Toplum ve K\u00fclt\u00fcr\u2019de masaya yat\u0131r\u0131yor. Bu bak\u0131\u015fa tarihsel ve toplumsal derinli\u011fi kazand\u0131r\u0131rken savunmas\u0131z birey(ler)in k\u0131tl\u0131k d\u00f6nemlerindeki ortak tutumlar\u0131ndan hareketle gelece\u011fin sosyolojisiyle ilgili kay\u0131tlar d\u00fc\u015f\u00fcyor.   Toplum ve K\u00fclt\u00fcr, bir \u00f6nceki y\u00fczy\u0131l\u0131n sosyoloji teorilerine kay\u0131ts\u0131z kalmamakla birlikte, g\u00fcn\u00fcm\u00fczde sosyolojinin zaman\u0131n meselelerinden uzakla\u015fan, disiplinler aras\u0131 al\u0131\u015fveri\u015fi aksatm\u0131\u015f, tarihsel derinlikten soyutlanm\u0131\u015f yanlar\u0131n\u0131 ele\u015ftiriyor. Sosyologlar\u0131n, sosyal ara\u015ft\u0131rmac\u0131lar\u0131n, okurlar\u0131n kay\u0131ts\u0131z kalamayaca\u011f\u0131 bir sosyoloji perspektifi de b\u00f6ylece do\u011fmu\u015f oluyor.   Parsons, Giddens, Beck ve nicesinin teorik kuvvetlerinin hakk\u0131n\u0131 teslim etmekle birlikte onlar\u0131n s\u0131n\u0131rlar\u0131n\u0131, t\u00f6kezleyen yanlar\u0131n\u0131 da cesaretle ortaya koyuyor.    Toplum ve K\u00fclt\u00fcr tam zaman\u0131nda yap\u0131lm\u0131\u015f bir m\u00fcdahale. Sosyolojinin \u00e7ekirdek kimli\u011fini ve gelecek perspektifini \u00e7izecek tart\u0131\u015fmalar\u0131n fitilini ate\u015fleyecek bir itiraz. <\/p>\n","protected":false},"excerpt":{"rendered":"<p>Bryan Turner ve Chris Rojek ticari y\u00f6nelimlerle \u015fekillenen, pop\u00fcler k\u00fclt\u00fcr\u00fcn \u015fiddetli bask\u0131s\u0131na boyun e\u011fme riskini ta\u015f\u0131yan ve sahan\u0131n ilgililerince olmas\u0131 gerekti\u011fi yerde olmad\u0131\u011f\u0131 de\u011ferlendirmesi yap\u0131lan \u201csosyoloji\u201dyi<span class=\"excerpt-hellip\"> [\u2026]<\/span><\/p>\n","protected":false},"featured_media":0,"template":"","meta":{"_monsterinsights_skip_tracking":false,"_monsterinsights_sitenote_active":false,"_monsterinsights_sitenote_note":"","_monsterinsights_sitenote_category":0},"product_brand":[],"product_cat":[12325,12324],"product_tag":[],"class_list":{"0":"post-721657","1":"product","2":"type-product","3":"status-publish","5":"product_cat-diger-sosyoloji","6":"product_cat-sosyoloji","7":"pa_cilt-ciltsiz","8":"pa_tur-kitap","9":"pa_yayinevi-islik-yayinlari","10":"pa_yazar-bryan-s-turner-chris-rojek","12":"first","13":"instock","14":"sale","15":"shipping-taxable","16":"purchasable","17":"product-type-simple"},"_links":{"self":[{"href":"https:\/\/roveyayinevi.com.tr\/index.php\/wp-json\/wp\/v2\/product\/721657","targetHints":{"allow":["GET"]}}],"collection":[{"href":"https:\/\/roveyayinevi.com.tr\/index.php\/wp-json\/wp\/v2\/product"}],"about":[{"href":"https:\/\/roveyayinevi.com.tr\/index.php\/wp-json\/wp\/v2\/types\/product"}],"wp:attachment":[{"href":"https:\/\/roveyayinevi.com.tr\/index.php\/wp-json\/wp\/v2\/media?parent=721657"}],"wp:term":[{"taxonomy":"product_brand","embeddable":true,"href":"https:\/\/roveyayinevi.com.tr\/index.php\/wp-json\/wp\/v2\/product_brand?post=721657"},{"taxonomy":"product_cat","embeddable":true,"href":"https:\/\/roveyayinevi.com.tr\/index.php\/wp-json\/wp\/v2\/product_cat?post=721657"},{"taxonomy":"product_tag","embeddable":true,"href":"https:\/\/roveyayinevi.com.tr\/index.php\/wp-json\/wp\/v2\/product_tag?post=721657"}],"curies":[{"name":"wp","href":"https:\/\/api.w.org\/{rel}","templated":true}]}}