{"id":721647,"date":"2025-08-27T18:53:04","date_gmt":"2025-08-27T15:53:04","guid":{"rendered":"https:\/\/roveyayinevi.com.tr\/index.php\/urun\/buzlar-sfenksi\/"},"modified":"2026-04-16T02:29:27","modified_gmt":"2026-04-15T23:29:27","slug":"buzlar-sfenksi","status":"publish","type":"product","link":"https:\/\/roveyayinevi.com.tr\/index.php\/urun\/buzlar-sfenksi\/","title":{"rendered":"Buzlar Sfenksi"},"content":{"rendered":"<p>Jules Verne en \u00f6nemli romanlar\u0131ndan biri olan Buzlar Sfenksi\u2019nde, Edgar Allan Poe\u2019nun izlerini takip ediyor ve okurlar\u0131n\u0131 buzda\u011flar\u0131n\u0131n g\u00f6z kama\u015ft\u0131r\u0131c\u0131 d\u00fcnyas\u0131na davet ediyor.    Cesur y\u00fcrekli kaptanlar ve tayfalar, efsanevi yelkenli gemiler, buzda\u011flar\u0131, bankizler, elektriksel ve atmosferik f\u0131rt\u0131nalar, kutup k\u0131z\u0131ll\u0131klar\u0131, tak\u0131madalar, foklar, penguenler, albatroslar&#8230; Antarktika\u2019n\u0131n b\u00fcy\u00fcleyici d\u00fcnyas\u0131na ho\u015f geldiniz! <\/p>\n","protected":false},"excerpt":{"rendered":"<p>Jules Verne en \u00f6nemli romanlar\u0131ndan biri olan Buzlar Sfenksi\u2019nde, Edgar Allan Poe\u2019nun izlerini takip ediyor ve okurlar\u0131n\u0131 buzda\u011flar\u0131n\u0131n g\u00f6z kama\u015ft\u0131r\u0131c\u0131 d\u00fcnyas\u0131na davet ediyor. Cesur y\u00fcrekli kaptanlar<span class=\"excerpt-hellip\"> [\u2026]<\/span><\/p>\n","protected":false},"featured_media":0,"template":"","meta":{"_monsterinsights_skip_tracking":false,"_monsterinsights_sitenote_active":false,"_monsterinsights_sitenote_note":"","_monsterinsights_sitenote_category":0},"product_brand":[],"product_cat":[12274,12467],"product_tag":[],"class_list":{"0":"post-721647","1":"product","2":"type-product","3":"status-publish","5":"product_cat-cocuk-ve-genclik-kitaplari","6":"product_cat-dunya-klasikleri","7":"pa_cilt-ciltli","8":"pa_tur-kitap","9":"pa_yayinevi-bilgi-yayinevi","10":"pa_yazar-jules-verne","12":"first","13":"instock","14":"sale","15":"shipping-taxable","16":"purchasable","17":"product-type-simple"},"_links":{"self":[{"href":"https:\/\/roveyayinevi.com.tr\/index.php\/wp-json\/wp\/v2\/product\/721647","targetHints":{"allow":["GET"]}}],"collection":[{"href":"https:\/\/roveyayinevi.com.tr\/index.php\/wp-json\/wp\/v2\/product"}],"about":[{"href":"https:\/\/roveyayinevi.com.tr\/index.php\/wp-json\/wp\/v2\/types\/product"}],"wp:attachment":[{"href":"https:\/\/roveyayinevi.com.tr\/index.php\/wp-json\/wp\/v2\/media?parent=721647"}],"wp:term":[{"taxonomy":"product_brand","embeddable":true,"href":"https:\/\/roveyayinevi.com.tr\/index.php\/wp-json\/wp\/v2\/product_brand?post=721647"},{"taxonomy":"product_cat","embeddable":true,"href":"https:\/\/roveyayinevi.com.tr\/index.php\/wp-json\/wp\/v2\/product_cat?post=721647"},{"taxonomy":"product_tag","embeddable":true,"href":"https:\/\/roveyayinevi.com.tr\/index.php\/wp-json\/wp\/v2\/product_tag?post=721647"}],"curies":[{"name":"wp","href":"https:\/\/api.w.org\/{rel}","templated":true}]}}