{"id":721646,"date":"2025-08-27T18:53:04","date_gmt":"2025-08-27T15:53:04","guid":{"rendered":"https:\/\/roveyayinevi.com.tr\/index.php\/urun\/bir-sehir-kurmak\/"},"modified":"2026-04-16T02:29:27","modified_gmt":"2026-04-15T23:29:27","slug":"bir-sehir-kurmak","status":"publish","type":"product","link":"https:\/\/roveyayinevi.com.tr\/index.php\/urun\/bir-sehir-kurmak\/","title":{"rendered":"Bir \u015eehir Kurmak"},"content":{"rendered":"<p>Bu Kitap, Vehbi Ko\u00e7 Vakf\u0131\u2019n\u0131n kurulu\u015funun 50. y\u0131l\u0131 kapsam\u0131nda, Ko\u00e7 \u00dcniversitesi VEKAM taraf\u0131ndan, Ali Cengizkan ve N. M\u00fcge Cengizkan\u2019\u0131n k\u00fcrat\u00f6rl\u00fc\u011f\u00fcnde d\u00fczenlenen \u201cBir \u015eehir Kurmak: Ankara 1923-1933\u201d adl\u0131 ara\u015ft\u0131rma Sergisi ile e\u015fzamanl\u0131 olarak birbirini tamamlar bi\u00e7imde haz\u0131rlanm\u0131\u015ft\u0131r. Ara\u015ft\u0131rma, Ankara\u2019n\u0131n ba\u015fkent olarak kurulu\u015funun ilk on y\u0131l\u0131ndaki yap\u0131la\u015fma, modernle\u015fme ve Yeni\u015fehir\u2019in kurulum tarihine yak\u0131ndan bakmaktad\u0131r. Bu, ayn\u0131 zamanda, az bilinen ve h\u0131zla d\u00f6n\u00fc\u015fen bir \u00e7evre yaratan bir d\u00f6nemde, \u201cmoderne be\u015f kala\u201d bar\u0131nma k\u00fclt\u00fcr\u00fcne bakma tarihidir.   Sergi ve Kitap, d\u00f6nemin Ankaras\u0131\u2019nda eski ve yeni \u015fehir b\u00f6lgelerindeki yerle\u015fimin modernle\u015fmesi, kent ve park k\u00fclt\u00fcr\u00fcn\u00fcn olu\u015fmas\u0131, kamusal hizmetlerin modernle\u015fmesi, anma k\u00fclt\u00fcr\u00fcn\u00fcn yarat\u0131lmas\u0131, ulus k\u00fclt\u00fcr\u00fcn\u00fcn kimli\u011fe kavu\u015fturulmas\u0131 ve kentin sosyal ya\u015fam\u0131n\u0131n modernle\u015fmesi temalar\u0131yla a\u00e7\u0131l\u0131mlar getirmektedir. Modern Ankara\u2019n\u0131n ilk geni\u015flemesi say\u0131lan Yeni\u015fehir\u2019in 1933 tarihindeki konut ve kamu yap\u0131lar\u0131ndan olu\u015fan durumunu modelleyerek yeni bir bilgi alan\u0131 ortaya \u00e7\u0131karan \u00e7al\u0131\u015fma, 20. y\u00fczy\u0131l\u0131n ilk \u00e7eyre\u011finde, sava\u015f yorgunu bir \u00fclkede \u201cyeni\u201d bir \u201c\u015fehrin\u201d nas\u0131l kuruldu\u011funu, Cumhuriyetin 10. y\u0131l\u0131na kadar ortaya konan irade ve olgularla birlikte ele almaktad\u0131r.   \u201cYeni toplumun gereksindi\u011fi \u201cyeni konut\u201d nedir, nas\u0131l elde edilmi\u015ftir? Teba k\u00fclt\u00fcr\u00fcnden yurtta\u015f haklar\u0131na ge\u00e7ilirken \u2018yeni insanlar\u0131n\u2019 \u015fehrin sakinleri olarak yaratt\u0131klar\u0131 bar\u0131nma k\u00fclt\u00fcr\u00fcn\u00fcn \u00f6zellikleri nelerdir? Siyaset\u00e7iler, mal sahipleri, planc\u0131lar, mimarlar, m\u00fcteahhitler, entelekt\u00fceller bar\u0131nma k\u00fclt\u00fcr\u00fcn\u00fc, bizatihi kendi bar\u0131nma gereksinimleri \u00fczerinden nas\u0131l belirlemi\u015flerdir? \u2018Yeni toplum\u2019 ufukta belirirken, planl\u0131 \u00e7evrenin toplumsal dinamikler i\u00e7inde erimesi ve tarih yaz\u0131m\u0131nda bo\u015fluklar olu\u015fmas\u0131 do\u011fal m\u0131d\u0131r?\u201d sorular\u0131na yan\u0131t aranm\u0131\u015f ve yeni bir tarih\u00e7ilik alan\u0131, be\u015feri tarihin mek\u00e2nsal ili\u015fkisiyle birlikte ortaya konmu\u015ftur.   Ankara tarihinin en az bilgi sahibi oldu\u011fumuz bu d\u00f6nemine ili\u015fkin ara\u015ft\u0131rma, bug\u00fcne kadar g\u00f6zard\u0131 edilen belgelere tekrar bak\u0131larak, olu\u015fmu\u015f tarih yaz\u0131m\u0131 malzemesi ba\u015fta olmak \u00fczere, \u00f6zg\u00fcn plan paftalar\u0131, tapu kadastro belgeleri ve 2000\u2019li y\u0131llarda artan koleksiyon varl\u0131\u011f\u0131 ve geli\u015fen ar\u015fivlerdeki bilgi birikimiyle kartpostal-fotokart ve alb\u00fcmlere dayal\u0131 olarak serimlenmi\u015ftir. Y\u00f6ntemin kendisi de yenilik\u00e7i bir say\u0131sal de\u011ferleme ve mikro tarih \u00e7al\u0131\u015fmas\u0131 altl\u0131\u011f\u0131 olu\u015fturarak, yeni \u015fehir yap\u0131 ve mek\u00e2nlar\u0131n\u0131n b\u00fct\u00fcnc\u00fcl \u00fcr\u00fcn olarak yeniden ele al\u0131nabilmesini sa\u011flam\u0131\u015ft\u0131r.   Ortaya \u00e7\u0131kan, bug\u00fcne kadar hi\u00e7 tan\u0131mad\u0131\u011f\u0131m\u0131z, yeni, yenilik aray\u0131\u015f\u0131n\u0131 cesurca sergileyen, c\u00f6mert, s\u00f6z\u00fcn\u00fc esirgemeyen ve yaranmaya \u00e7al\u0131\u015fmayan, m\u00fcdanas\u0131z bir Ankara\u2019d\u0131r. 1923-1933 Ankaras\u0131\u2019ndan kentsel genetik, mimari arketipler, bi\u00e7emsel deneyim, yerel y\u00f6netsel i\u015fleyimler anlam\u0131nda \u00f6\u011frenilecek \u00e7ok de\u011fer var.   Sergi ve Kitap, d\u00f6neme ili\u015fkin bildik Ankara g\u00f6rselleri yerine, birinci el, \u00f6zg\u00fcn ve yeni \u00fcretilen g\u00f6rseller kullanmaktad\u0131r. Sergi ve Kitapta ilkesel olarak eski \/ yeni kar\u015f\u0131la\u015ft\u0131rmalar\u0131 ba\u015fta olmak \u00fczere, nostalji \u00fcreten y\u00f6ntemler \u00f6zellikle kullan\u0131lmamakta; d\u00f6nemi anlamak\/anlayabilmek i\u00e7in empati ara\u00e7lar\u0131 kurulmaktad\u0131r. Bilinmektedir ki, nostalji yabanc\u0131la\u015fmay\u0131 yarat\u0131r, yabanc\u0131la\u015fma ise romantik ka\u00e7\u0131\u015fa ve sorumsuzlu\u011fa yol a\u00e7ar.   Sergi ve Kitap, bir ara\u015ft\u0131rma projesi olarak, \u015fehrin modern tarihine katk\u0131da bulunmay\u0131 ve bir \u201cAnkara \u015eehir M\u00fczesi\u201d kurma d\u00fc\u015f\u00fcncesini tetiklemeyi hedeflemektedir. <\/p>\n","protected":false},"excerpt":{"rendered":"<p>Bu Kitap, Vehbi Ko\u00e7 Vakf\u0131\u2019n\u0131n kurulu\u015funun 50. y\u0131l\u0131 kapsam\u0131nda, Ko\u00e7 \u00dcniversitesi VEKAM taraf\u0131ndan, Ali Cengizkan ve N. M\u00fcge Cengizkan\u2019\u0131n k\u00fcrat\u00f6rl\u00fc\u011f\u00fcnde d\u00fczenlenen \u201cBir \u015eehir Kurmak: Ankara 1923-1933\u201d<span class=\"excerpt-hellip\"> [\u2026]<\/span><\/p>\n","protected":false},"featured_media":0,"template":"","meta":{"_monsterinsights_skip_tracking":false,"_monsterinsights_sitenote_active":false,"_monsterinsights_sitenote_note":"","_monsterinsights_sitenote_category":0},"product_brand":[],"product_cat":[12370,12304],"product_tag":[],"class_list":{"0":"post-721646","1":"product","2":"type-product","3":"status-publish","5":"product_cat-arastirma-inceleme","6":"product_cat-tarih","7":"pa_cilt-ciltsiz","8":"pa_tur-kitap","9":"pa_yayinevi-vekam-koc-universitesi-vehbi-koc-ankara-arastirmalari-uygulama-ve-arastirma-merkezi","10":"pa_yazar-ali-cengizkan-n-muge-cengizkan","12":"first","13":"instock","14":"sale","15":"shipping-taxable","16":"purchasable","17":"product-type-simple"},"_links":{"self":[{"href":"https:\/\/roveyayinevi.com.tr\/index.php\/wp-json\/wp\/v2\/product\/721646","targetHints":{"allow":["GET"]}}],"collection":[{"href":"https:\/\/roveyayinevi.com.tr\/index.php\/wp-json\/wp\/v2\/product"}],"about":[{"href":"https:\/\/roveyayinevi.com.tr\/index.php\/wp-json\/wp\/v2\/types\/product"}],"wp:attachment":[{"href":"https:\/\/roveyayinevi.com.tr\/index.php\/wp-json\/wp\/v2\/media?parent=721646"}],"wp:term":[{"taxonomy":"product_brand","embeddable":true,"href":"https:\/\/roveyayinevi.com.tr\/index.php\/wp-json\/wp\/v2\/product_brand?post=721646"},{"taxonomy":"product_cat","embeddable":true,"href":"https:\/\/roveyayinevi.com.tr\/index.php\/wp-json\/wp\/v2\/product_cat?post=721646"},{"taxonomy":"product_tag","embeddable":true,"href":"https:\/\/roveyayinevi.com.tr\/index.php\/wp-json\/wp\/v2\/product_tag?post=721646"}],"curies":[{"name":"wp","href":"https:\/\/api.w.org\/{rel}","templated":true}]}}