{"id":721628,"date":"2025-08-27T18:52:44","date_gmt":"2025-08-27T15:52:44","guid":{"rendered":"https:\/\/roveyayinevi.com.tr\/index.php\/urun\/anne-ben-youtuber-oldum\/"},"modified":"2026-04-16T02:29:27","modified_gmt":"2026-04-15T23:29:27","slug":"anne-ben-youtuber-oldum","status":"publish","type":"product","link":"https:\/\/roveyayinevi.com.tr\/index.php\/urun\/anne-ben-youtuber-oldum\/","title":{"rendered":"Anne Ben Youtuber Oldum"},"content":{"rendered":"<p>Uras Benlio\u011flu, Youtube d\u00fcnyas\u0131n\u0131n en \u00fcnl\u00fc isimlerinden\u2026 Her g\u00fcn M\u0130LYONLARCA insan onun videolar\u0131n\u0131 izliyor\u2026 Bunu nas\u0131l yapabiliyor? Nas\u0131l milyonlarca insan\u0131n takip etti\u011fi bir Youtuber olunuyor? \u0130lk kez bir Youtuber herkesin merak etti\u011fi bu sorular\u0131 yan\u0131tl\u0131yor.   Uras Benlio\u011flu, Anne Ben Youtuber Oldum kitab\u0131yla; Youtube d\u00fcnyas\u0131n\u0131n s\u0131rlar\u0131n\u0131, milyonlarca takip\u00e7iye nas\u0131l ula\u015ft\u0131\u011f\u0131n\u0131, \u00e7ekim tekniklerini, di\u011fer Youtuberlarla olan ili\u015fkilerini ve merak edilen bir\u00e7ok \u015feyi anlat\u0131yor.   \u201cBiliyorum videolar\u0131m \u00e7ok k\u00f6t\u00fcyd\u00fc. Daha iyisini yapaca\u011f\u0131m diyordum, daha da k\u00f6t\u00fc oluyordu. \u00c7\u00fcnk\u00fc yapt\u0131\u011f\u0131m videolardan keyif alm\u0131yordum. Ne yaparken ne de izlerken mutlu olmad\u0131\u011f\u0131m bir videoyu ba\u015fkalar\u0131 neden izlesindi ki\u2026 G\u00fcnlerce d\u00fc\u015f\u00fcnd\u00fcm ve en sonunda \u015funu fark ettim: Ben ger\u00e7ekten g\u00fcl\u00fcyorsam izleyenler de g\u00fcl\u00fcyor. Ben ger\u00e7ekten e\u011flenirsem izleyenler de e\u011fleniyor. Ben ger\u00e7ekten merak edersem izleyenler de merak ediyor. Kendini bulmak asl\u0131nda Youtube kanal\u0131n\u0131n gidi\u015fat\u0131n\u0131 belirlemenin en \u00f6nemli yolu. Kendin ol!\u201d   Uras Benlio\u011flu <\/p>\n","protected":false},"excerpt":{"rendered":"<p>Uras Benlio\u011flu, Youtube d\u00fcnyas\u0131n\u0131n en \u00fcnl\u00fc isimlerinden\u2026 Her g\u00fcn M\u0130LYONLARCA insan onun videolar\u0131n\u0131 izliyor\u2026 Bunu nas\u0131l yapabiliyor? Nas\u0131l milyonlarca insan\u0131n takip etti\u011fi bir Youtuber olunuyor? \u0130lk<span class=\"excerpt-hellip\"> [\u2026]<\/span><\/p>\n","protected":false},"featured_media":0,"template":"","meta":{"_monsterinsights_skip_tracking":false,"_monsterinsights_sitenote_active":false,"_monsterinsights_sitenote_note":"","_monsterinsights_sitenote_category":0},"product_brand":[],"product_cat":[18545,12291],"product_tag":[],"class_list":{"0":"post-721628","1":"product","2":"type-product","3":"status-publish","5":"product_cat-anlati","6":"product_cat-edebiyat","7":"pa_cilt-ciltsiz","8":"pa_tur-kitap","9":"pa_yayinevi-inkilap-kitabevi","10":"pa_yazar-uras-benlioglu","12":"first","13":"instock","14":"sale","15":"shipping-taxable","16":"purchasable","17":"product-type-simple"},"_links":{"self":[{"href":"https:\/\/roveyayinevi.com.tr\/index.php\/wp-json\/wp\/v2\/product\/721628","targetHints":{"allow":["GET"]}}],"collection":[{"href":"https:\/\/roveyayinevi.com.tr\/index.php\/wp-json\/wp\/v2\/product"}],"about":[{"href":"https:\/\/roveyayinevi.com.tr\/index.php\/wp-json\/wp\/v2\/types\/product"}],"wp:attachment":[{"href":"https:\/\/roveyayinevi.com.tr\/index.php\/wp-json\/wp\/v2\/media?parent=721628"}],"wp:term":[{"taxonomy":"product_brand","embeddable":true,"href":"https:\/\/roveyayinevi.com.tr\/index.php\/wp-json\/wp\/v2\/product_brand?post=721628"},{"taxonomy":"product_cat","embeddable":true,"href":"https:\/\/roveyayinevi.com.tr\/index.php\/wp-json\/wp\/v2\/product_cat?post=721628"},{"taxonomy":"product_tag","embeddable":true,"href":"https:\/\/roveyayinevi.com.tr\/index.php\/wp-json\/wp\/v2\/product_tag?post=721628"}],"curies":[{"name":"wp","href":"https:\/\/api.w.org\/{rel}","templated":true}]}}