{"id":721609,"date":"2025-08-27T18:52:30","date_gmt":"2025-08-27T15:52:30","guid":{"rendered":"https:\/\/roveyayinevi.com.tr\/index.php\/urun\/erosun-istirabi\/"},"modified":"2026-04-16T02:29:26","modified_gmt":"2026-04-15T23:29:26","slug":"erosun-istirabi","status":"publish","type":"product","link":"https:\/\/roveyayinevi.com.tr\/index.php\/urun\/erosun-istirabi\/","title":{"rendered":"Eros&#8217;un Ist\u0131rab\u0131"},"content":{"rendered":"<p>D\u00fc\u015f\u00fcnme ancak Eros&#8217;la art\u0131r\u0131labilir. D\u00fc\u015f\u00fcnebilmek i\u00e7in bir dost, bir \u00e2\u015f\u0131k olmu\u015f olmak gerekir. Eros olmadan d\u00fc\u015f\u00fcnce b\u00fct\u00fcn canl\u0131l\u0131\u011f\u0131n\u0131, b\u00fct\u00fcn huzursuzlu\u011funu kaybederek tekrara d\u00fc\u015fer, gerici bir hal al\u0131r. Eros Ba\u015fka&#8217;ya duyulan arzuyla d\u00fc\u015f\u00fcnceyi cesaretlendirir.  Narsisizm, san\u0131lan\u0131n aksine, kendini sevmek de\u011fildir. Kendini seven \u00f6zne, Ba\u015fka&#8217;yla aras\u0131na kendi lehine i\u015fleyen negatif bir s\u0131n\u0131rlama getirir. Oysa narsisist \u00f6zne s\u0131n\u0131rlar\u0131n\u0131 net bir \u015fekilde belirleyemez; kendisiyle Ba\u015fka aras\u0131ndaki s\u0131n\u0131r\u0131 bulan\u0131kla\u015ft\u0131r\u0131r. D\u00fcnya narsisiste sadece kendi an\u0131\u015ft\u0131rmalar\u0131n\u0131n g\u00f6lgesinde g\u00f6r\u00fcn\u00fcr. Ba\u015fkay\u0131 ba\u015fkal\u0131\u011f\u0131 i\u00e7inde tan\u0131ma ve bu ba\u015fkal\u0131\u011f\u0131 teslim etme becerisi yoktur. Sadece kendini bir \u015fekilde yeniden tan\u0131yabildi\u011fi yerlerde anlam bulabilecektir. Ayn\u0131&#8217;n\u0131n Cehennemi&#8217;nden ancak arzulad\u0131\u011f\u0131m ve beni b\u00fcy\u00fcleyen bir Ba\u015fka sayesinde, dostla, sevgiliyle, a\u015fkla \u00e7\u0131kabilirim. <\/p>\n","protected":false},"excerpt":{"rendered":"<p>D\u00fc\u015f\u00fcnme ancak Eros&#8217;la art\u0131r\u0131labilir. D\u00fc\u015f\u00fcnebilmek i\u00e7in bir dost, bir \u00e2\u015f\u0131k olmu\u015f olmak gerekir. Eros olmadan d\u00fc\u015f\u00fcnce b\u00fct\u00fcn canl\u0131l\u0131\u011f\u0131n\u0131, b\u00fct\u00fcn huzursuzlu\u011funu kaybederek tekrara d\u00fc\u015fer, gerici bir hal<span class=\"excerpt-hellip\"> [\u2026]<\/span><\/p>\n","protected":false},"featured_media":0,"template":"","meta":{"_monsterinsights_skip_tracking":false,"_monsterinsights_sitenote_active":false,"_monsterinsights_sitenote_note":"","_monsterinsights_sitenote_category":0},"product_brand":[],"product_cat":[12357],"product_tag":[],"class_list":{"0":"post-721609","1":"product","2":"type-product","3":"status-publish","5":"product_cat-psikoloji","6":"pa_cilt-ciltsiz","7":"pa_tur-kitap","8":"pa_yayinevi-metis-yayinlari","9":"pa_yazar-byung-chul-han","11":"first","12":"instock","13":"sale","14":"shipping-taxable","15":"purchasable","16":"product-type-simple"},"_links":{"self":[{"href":"https:\/\/roveyayinevi.com.tr\/index.php\/wp-json\/wp\/v2\/product\/721609","targetHints":{"allow":["GET"]}}],"collection":[{"href":"https:\/\/roveyayinevi.com.tr\/index.php\/wp-json\/wp\/v2\/product"}],"about":[{"href":"https:\/\/roveyayinevi.com.tr\/index.php\/wp-json\/wp\/v2\/types\/product"}],"wp:attachment":[{"href":"https:\/\/roveyayinevi.com.tr\/index.php\/wp-json\/wp\/v2\/media?parent=721609"}],"wp:term":[{"taxonomy":"product_brand","embeddable":true,"href":"https:\/\/roveyayinevi.com.tr\/index.php\/wp-json\/wp\/v2\/product_brand?post=721609"},{"taxonomy":"product_cat","embeddable":true,"href":"https:\/\/roveyayinevi.com.tr\/index.php\/wp-json\/wp\/v2\/product_cat?post=721609"},{"taxonomy":"product_tag","embeddable":true,"href":"https:\/\/roveyayinevi.com.tr\/index.php\/wp-json\/wp\/v2\/product_tag?post=721609"}],"curies":[{"name":"wp","href":"https:\/\/api.w.org\/{rel}","templated":true}]}}