{"id":721593,"date":"2025-08-27T18:52:18","date_gmt":"2025-08-27T15:52:18","guid":{"rendered":"https:\/\/roveyayinevi.com.tr\/index.php\/urun\/gece-sirenleri\/"},"modified":"2026-04-16T02:29:26","modified_gmt":"2026-04-15T23:29:26","slug":"gece-sirenleri","status":"publish","type":"product","link":"https:\/\/roveyayinevi.com.tr\/index.php\/urun\/gece-sirenleri\/","title":{"rendered":"Gece Sirenleri"},"content":{"rendered":"<p>Ressam Ali Kotan ve yazar Selim \u0130leri\u2019nin imge ve kelimeler aras\u0131nda kurduklar\u0131 ili\u015fkinin, birden fazla \u00e7a\u011fr\u0131\u015f\u0131m ve anlam\u0131 var. Bu u\u011furda s\u00f6ze, iki bireyin i\u00e7 \u00f6zg\u00fcrl\u00fckleri ve ki\u015fisel tarihlerine do\u011fru \u00e7\u0131kt\u0131klar\u0131 bu mahrem yolculukta, birbirlerinin betimleme g\u00fcc\u00fcne duyduklar\u0131 merak ve g\u00fcveni anmakla ba\u015flanabilir.Hayat h\u00fccresinde su\u00e7 ortakl\u0131\u011f\u0131na d\u00fc\u015ferek, ayn\u0131 ranzay\u0131 payla\u015fan iki insan\u0131n, birbirini g\u00f6rmeksizin, alacakaranl\u0131kta payla\u015ft\u0131klar\u0131 d\u00fc\u015f ve ger\u00e7eklerin bile\u015fik \u00e7ekimi var, bu metin ve resimlerde. \u0130\u00e7g\u00fcd\u00fcsellik ve geri d\u00f6n\u00fc\u015fs\u00fczl\u00fc\u011f\u00fcn d\u00fcr\u00fcstl\u00fc\u011f\u00fc, Kotan&#8217;\u0131n imgeleri ve \u0130leri&#8217;nin manzum, mahzun g\u00fcnce\u2013metinlerinde payla\u015ft\u0131klar\u0131 bir di\u011fer ortakl\u0131k. Kotan&#8217;\u0131n \u201ck\u00fcl\u201d g\u00f6rm\u00fc\u015f ge\u00e7irmi\u015fli\u011finde, telve \u00f6m\u00fcrl\u00fc, re\u00e7ine organikli\u011findeki soyutlamalar\u0131, haf\u0131zay\u0131, bir t\u00fcr performans\u0131n akt\u00f6r\u00fc haline getiriyor. Belli belirsiz kimse, konum ve alanlar, bu tuval ve desenlerde, avc\u0131\u2013yarat\u0131c\u0131s\u0131n\u0131n elinden, h\u00fckm\u00fcnden kurtulmaya \u00e7abalayan birer yaban\u0131l yarat\u0131\u011f\u0131 and\u0131r\u0131yor. Kotan&#8217;\u0131n imgeleri, tabirinden ka\u00e7an birer r\u00fbya gibi. Cazip bir ak\u0131c\u0131l\u0131k, benzersizlik ve h\u0131z\u0131 b\u00fcnyesinde bar\u0131nd\u0131r\u0131yor. \u0130leri, bu bonk\u00f6r devinimden g\u00f6n\u00fcll\u00fcl\u00fckle y\u00fcklendi\u011fi ki\u015fisel ve kolektif belle\u011fi, nezaketle ve ayn\u0131 anda kendisini de dinlemeye \u00e7abalad\u0131\u011f\u0131 metinleri ile k\u00e2h k\u00fc\u00e7\u00fck bir \u00e7ocuk, k\u00e2h al\u00e7akg\u00f6n\u00fcll\u00fc bir anlat\u0131c\u0131ya b\u00fcr\u00fcn\u00fcyor.   Daha ne denebilir? T\u00fcm bu imge ve harflerin san\u0131kl\u0131\u011f\u0131, hepimize tan\u0131d\u0131kl\u0131klar\u0131ndan. Buyurun, ya\u015fam denen h\u00fccrede \u00e7ekti\u011fimiz \u015fu ezel\u00ee su\u00e7 ortakl\u0131\u011f\u0131na o zaman. Kalem ve f\u0131r\u00e7an\u0131n, i\u00e7i i\u00e7ine s\u0131\u011fmayan o \u015fiddetli, hayal g\u00fcc\u00fc y\u00fcksekli\u011findeki \u00f6zg\u00fcrl\u00fck voltas\u0131na\u2026 <\/p>\n","protected":false},"excerpt":{"rendered":"<p>Ressam Ali Kotan ve yazar Selim \u0130leri\u2019nin imge ve kelimeler aras\u0131nda kurduklar\u0131 ili\u015fkinin, birden fazla \u00e7a\u011fr\u0131\u015f\u0131m ve anlam\u0131 var. Bu u\u011furda s\u00f6ze, iki bireyin i\u00e7 \u00f6zg\u00fcrl\u00fckleri<span class=\"excerpt-hellip\"> [\u2026]<\/span><\/p>\n","protected":false},"featured_media":0,"template":"","meta":{"_monsterinsights_skip_tracking":false,"_monsterinsights_sitenote_active":false,"_monsterinsights_sitenote_note":"","_monsterinsights_sitenote_category":0},"product_brand":[],"product_cat":[13072,12291],"product_tag":[],"class_list":{"0":"post-721593","1":"product","2":"type-product","3":"status-publish","5":"product_cat-arastirma-inceleme-referans","6":"product_cat-edebiyat","7":"pa_cilt-ciltli","8":"pa_tur-kitap","9":"pa_yayinevi-folkart-gallery","10":"pa_yazar-selim-ileri-ali-kotan","12":"first","13":"instock","14":"sale","15":"shipping-taxable","16":"purchasable","17":"product-type-simple"},"_links":{"self":[{"href":"https:\/\/roveyayinevi.com.tr\/index.php\/wp-json\/wp\/v2\/product\/721593","targetHints":{"allow":["GET"]}}],"collection":[{"href":"https:\/\/roveyayinevi.com.tr\/index.php\/wp-json\/wp\/v2\/product"}],"about":[{"href":"https:\/\/roveyayinevi.com.tr\/index.php\/wp-json\/wp\/v2\/types\/product"}],"wp:attachment":[{"href":"https:\/\/roveyayinevi.com.tr\/index.php\/wp-json\/wp\/v2\/media?parent=721593"}],"wp:term":[{"taxonomy":"product_brand","embeddable":true,"href":"https:\/\/roveyayinevi.com.tr\/index.php\/wp-json\/wp\/v2\/product_brand?post=721593"},{"taxonomy":"product_cat","embeddable":true,"href":"https:\/\/roveyayinevi.com.tr\/index.php\/wp-json\/wp\/v2\/product_cat?post=721593"},{"taxonomy":"product_tag","embeddable":true,"href":"https:\/\/roveyayinevi.com.tr\/index.php\/wp-json\/wp\/v2\/product_tag?post=721593"}],"curies":[{"name":"wp","href":"https:\/\/api.w.org\/{rel}","templated":true}]}}