{"id":721588,"date":"2025-08-27T18:52:14","date_gmt":"2025-08-27T15:52:14","guid":{"rendered":"https:\/\/roveyayinevi.com.tr\/index.php\/urun\/cocukluk-kisaltilmis-metin\/"},"modified":"2026-04-16T02:29:26","modified_gmt":"2026-04-15T23:29:26","slug":"cocukluk-kisaltilmis-metin","status":"publish","type":"product","link":"https:\/\/roveyayinevi.com.tr\/index.php\/urun\/cocukluk-kisaltilmis-metin\/","title":{"rendered":"\u00c7ocukluk (K\u0131salt\u0131lm\u0131\u015f Metin)"},"content":{"rendered":"<p>B\u00fcy\u00fck usta Tolstoy\u2019un roman ve \u00f6yk\u00fcleri o kadar g\u00fczeldir ki, okurken sanki o d\u00fcnyan\u0131n i\u00e7ine girer, maceralar\u0131 kahramanlarla birlikte ya\u015fars\u0131n\u0131z. Kahramanlar\u0131n yan\u0131nda orman yollar\u0131nda gezer, g\u00f6rkemli balo salonlar\u0131nda dans eder ya da karl\u0131 bir ak\u015famda atlar\u0131n \u00e7ekti\u011fi bir k\u0131zakta yolculuk edersiniz. Kimse bir g\u00fcl\u00fcn o muhte\u015fem kokusunu, dev bir a\u011fac\u0131n g\u00fczelli\u011fini Tolstoy kadar g\u00fczel anlatamaz. Peki b\u00fcy\u00fck usta bu kadar iyi bir yazar olurken hangi yollardan ge\u00e7mi\u015ftir? Edebiyat tarihinin en b\u00fcy\u00fck yazarlar\u0131ndan biri olmas\u0131n\u0131 sa\u011flayan \u00f6zellikleri nelerdir? \u0130\u015fte bu sorular\u0131n yan\u0131tlar\u0131n\u0131 Tolstoy\u2019un kendi ya\u015fam\u0131n\u0131 anlatt\u0131\u011f\u0131 \u00fc\u00e7l\u00fc seride ar\u0131yoruz. Serinin ilk kitab\u0131 \u00c7ocukluk, yazar\u0131n \u00e7iftlik ya\u015fam\u0131n\u0131 ve babas\u0131yla birlikte \u015fehre ta\u015f\u0131nmas\u0131n\u0131 anlat\u0131yor. Tolstoy\u2019un ilgi \u00e7ekici bir roman halinde anlatt\u0131\u011f\u0131 an\u0131lar\u0131nda, yap\u0131tlar\u0131nda rol alan karakterlerin ger\u00e7ek hayatta kimlerden ilham al\u0131narak yarat\u0131ld\u0131\u011f\u0131n\u0131 g\u00f6rebilirsiniz. <\/p>\n","protected":false},"excerpt":{"rendered":"<p>B\u00fcy\u00fck usta Tolstoy\u2019un roman ve \u00f6yk\u00fcleri o kadar g\u00fczeldir ki, okurken sanki o d\u00fcnyan\u0131n i\u00e7ine girer, maceralar\u0131 kahramanlarla birlikte ya\u015fars\u0131n\u0131z. Kahramanlar\u0131n yan\u0131nda orman yollar\u0131nda gezer, g\u00f6rkemli<span class=\"excerpt-hellip\"> [\u2026]<\/span><\/p>\n","protected":false},"featured_media":0,"template":"","meta":{"_monsterinsights_skip_tracking":false,"_monsterinsights_sitenote_active":false,"_monsterinsights_sitenote_note":"","_monsterinsights_sitenote_category":0},"product_brand":[],"product_cat":[12274,12284],"product_tag":[],"class_list":{"0":"post-721588","1":"product","2":"type-product","3":"status-publish","5":"product_cat-cocuk-ve-genclik-kitaplari","6":"product_cat-hikayeler","7":"pa_cilt-ciltsiz","8":"pa_tur-kitap","9":"pa_yayinevi-is-bankasi-kultur-yayinlari","10":"pa_yazar-lev-nikolayevic-tolstoy","12":"first","13":"instock","14":"sale","15":"shipping-taxable","16":"purchasable","17":"product-type-simple"},"_links":{"self":[{"href":"https:\/\/roveyayinevi.com.tr\/index.php\/wp-json\/wp\/v2\/product\/721588","targetHints":{"allow":["GET"]}}],"collection":[{"href":"https:\/\/roveyayinevi.com.tr\/index.php\/wp-json\/wp\/v2\/product"}],"about":[{"href":"https:\/\/roveyayinevi.com.tr\/index.php\/wp-json\/wp\/v2\/types\/product"}],"wp:attachment":[{"href":"https:\/\/roveyayinevi.com.tr\/index.php\/wp-json\/wp\/v2\/media?parent=721588"}],"wp:term":[{"taxonomy":"product_brand","embeddable":true,"href":"https:\/\/roveyayinevi.com.tr\/index.php\/wp-json\/wp\/v2\/product_brand?post=721588"},{"taxonomy":"product_cat","embeddable":true,"href":"https:\/\/roveyayinevi.com.tr\/index.php\/wp-json\/wp\/v2\/product_cat?post=721588"},{"taxonomy":"product_tag","embeddable":true,"href":"https:\/\/roveyayinevi.com.tr\/index.php\/wp-json\/wp\/v2\/product_tag?post=721588"}],"curies":[{"name":"wp","href":"https:\/\/api.w.org\/{rel}","templated":true}]}}