{"id":721578,"date":"2025-08-27T18:52:07","date_gmt":"2025-08-27T15:52:07","guid":{"rendered":"https:\/\/roveyayinevi.com.tr\/index.php\/urun\/retorik-3\/"},"modified":"2026-04-16T02:29:25","modified_gmt":"2026-04-15T23:29:25","slug":"retorik-3","status":"publish","type":"product","link":"https:\/\/roveyayinevi.com.tr\/index.php\/urun\/retorik-3\/","title":{"rendered":"Retorik"},"content":{"rendered":"<p>Aristoteles (M\u00d6 384-323): Antik Yunan\u2019\u0131n en \u00f6nemli ve \u00e7ok y\u00f6nl\u00fc filozoflar\u0131ndan biridir. Platon\u2019un \u00f6\u011frencisi, B\u00fcy\u00fck \u0130skender\u2019in \u00f6\u011fretmeni, Lykeion Okulu\u2019nun kurucusudur. Orta \u00c7a\u011f\u2019da Musevi, Hristiyan ve M\u00fcsl\u00fcman d\u00fc\u015f\u00fcn\u00fcrleri etkilemi\u015f, etkisi R\u00f6nesans, Reform ve Ayd\u0131nlanma d\u00f6nemine kadar yay\u0131lm\u0131\u015ft\u0131r. Biyoloji, fizik, kimya, psikoloji, etik, mant\u0131k, metafizik, retorik, \u015fiir sanat\u0131, bilim felsefesi ve siyaset kuram\u0131 hakk\u0131nda g\u00fcn\u00fcm\u00fcze ula\u015fan metinleri bu alanlarda kurucu metinlerden say\u0131lmaktad\u0131r. Antik Yunan\u2019da e\u011fitim sosyal ve siyasal hayatta \u00e7ok \u00f6nemli olan g\u00fczel konu\u015fmay\u0131 da kapsad\u0131\u011f\u0131ndan, Aristoteles de Lykeion\u2019da retorik \u00fczerine dersler vermi\u015f, notlar ve kitaplar yazm\u0131\u015ft\u0131r. Bu konuda g\u00fcn\u00fcm\u00fcze ula\u015fan en \u00f6nemli eseri Retorik ad\u0131yla bilinen \u00e7al\u0131\u015fmas\u0131d\u0131r. G\u00fczel konu\u015fman\u0131n bir sanat oldu\u011funu belirten Aristoteles, bu eserinde retori\u011fin tan\u0131m\u0131n\u0131 verir, t\u00fcrlerini ve \u00f6\u011felerini belirtir, uzun a\u00e7\u0131klamalar ve \u00f6rneklerle ba\u015far\u0131l\u0131 bir s\u00f6ylevin nas\u0131l haz\u0131rlanaca\u011f\u0131n\u0131 anlat\u0131r.<\/p>\n","protected":false},"excerpt":{"rendered":"<p>Aristoteles (M\u00d6 384-323): Antik Yunan\u2019\u0131n en \u00f6nemli ve \u00e7ok y\u00f6nl\u00fc filozoflar\u0131ndan biridir. Platon\u2019un \u00f6\u011frencisi, B\u00fcy\u00fck \u0130skender\u2019in \u00f6\u011fretmeni, Lykeion Okulu\u2019nun kurucusudur. Orta \u00c7a\u011f\u2019da Musevi, Hristiyan ve M\u00fcsl\u00fcman<span class=\"excerpt-hellip\"> [\u2026]<\/span><\/p>\n","protected":false},"featured_media":0,"template":"","meta":{"_monsterinsights_skip_tracking":false,"_monsterinsights_sitenote_active":false,"_monsterinsights_sitenote_note":"","_monsterinsights_sitenote_category":0},"product_brand":[],"product_cat":[16038,12388],"product_tag":[],"class_list":{"0":"post-721578","1":"product","2":"type-product","3":"status-publish","5":"product_cat-arastirma-inceleme-referans-felsefe","6":"product_cat-felsefe","7":"pa_cilt-ciltsiz","8":"pa_tur-kitap","9":"pa_yayinevi-is-bankasi-kultur-yayinlari","10":"pa_yazar-aristoteles","12":"first","13":"instock","14":"sale","15":"shipping-taxable","16":"purchasable","17":"product-type-simple"},"_links":{"self":[{"href":"https:\/\/roveyayinevi.com.tr\/index.php\/wp-json\/wp\/v2\/product\/721578","targetHints":{"allow":["GET"]}}],"collection":[{"href":"https:\/\/roveyayinevi.com.tr\/index.php\/wp-json\/wp\/v2\/product"}],"about":[{"href":"https:\/\/roveyayinevi.com.tr\/index.php\/wp-json\/wp\/v2\/types\/product"}],"wp:attachment":[{"href":"https:\/\/roveyayinevi.com.tr\/index.php\/wp-json\/wp\/v2\/media?parent=721578"}],"wp:term":[{"taxonomy":"product_brand","embeddable":true,"href":"https:\/\/roveyayinevi.com.tr\/index.php\/wp-json\/wp\/v2\/product_brand?post=721578"},{"taxonomy":"product_cat","embeddable":true,"href":"https:\/\/roveyayinevi.com.tr\/index.php\/wp-json\/wp\/v2\/product_cat?post=721578"},{"taxonomy":"product_tag","embeddable":true,"href":"https:\/\/roveyayinevi.com.tr\/index.php\/wp-json\/wp\/v2\/product_tag?post=721578"}],"curies":[{"name":"wp","href":"https:\/\/api.w.org\/{rel}","templated":true}]}}