{"id":721576,"date":"2025-08-27T18:52:05","date_gmt":"2025-08-27T15:52:05","guid":{"rendered":"https:\/\/roveyayinevi.com.tr\/index.php\/urun\/cok-kucuk-ne-kadar-buyuktur\/"},"modified":"2026-04-16T02:29:25","modified_gmt":"2026-04-15T23:29:25","slug":"cok-kucuk-ne-kadar-buyuktur","status":"publish","type":"product","link":"https:\/\/roveyayinevi.com.tr\/index.php\/urun\/cok-kucuk-ne-kadar-buyuktur\/","title":{"rendered":"\u00c7ok K\u00fc\u00e7\u00fck Ne Kadar B\u00fcy\u00fckt\u00fcr?"},"content":{"rendered":"<p>Zavall\u0131 Sam!  Abisi onu hi\u00e7bir zaman oyunlar\u0131na alm\u0131yor.  Hep ayn\u0131 c\u00fcmle: \u201cSen daha \u00e7ok k\u00fc\u00e7\u00fcks\u00fcn.\u201d   Bir g\u00fcn b\u00fcy\u00fck \u00e7ocuklar onu yine oyuna almad\u0131klar\u0131nda Sam d\u00fc\u015f\u00fcncelere dald\u0131:  Peki ama \u00e7ok k\u00fc\u00e7\u00fck ne kadar b\u00fcy\u00fckt\u00fcr?   \u00d6d\u00fcll\u00fc yarat\u0131c\u0131lardan, b\u00fcy\u00fck ve k\u00fc\u00e7\u00fck  kavramlar\u0131n\u0131 yepyeni bir yolla ke\u015ffeden zevkli ve ne\u015feli bir hik\u00e2ye. <\/p>\n","protected":false},"excerpt":{"rendered":"<p>Zavall\u0131 Sam! Abisi onu hi\u00e7bir zaman oyunlar\u0131na alm\u0131yor. Hep ayn\u0131 c\u00fcmle: \u201cSen daha \u00e7ok k\u00fc\u00e7\u00fcks\u00fcn.\u201d Bir g\u00fcn b\u00fcy\u00fck \u00e7ocuklar onu yine oyuna almad\u0131klar\u0131nda Sam d\u00fc\u015f\u00fcncelere dald\u0131:<span class=\"excerpt-hellip\"> [\u2026]<\/span><\/p>\n","protected":false},"featured_media":0,"template":"","meta":{"_monsterinsights_skip_tracking":false,"_monsterinsights_sitenote_active":false,"_monsterinsights_sitenote_note":"","_monsterinsights_sitenote_category":0},"product_brand":[],"product_cat":[12274,12284],"product_tag":[],"class_list":{"0":"post-721576","1":"product","2":"type-product","3":"status-publish","5":"product_cat-cocuk-ve-genclik-kitaplari","6":"product_cat-hikayeler","7":"pa_cilt-ciltsiz","8":"pa_tur-kitap","9":"pa_yayinevi-cinar-yayinlari","10":"pa_yazar-jane-godwin","12":"first","13":"instock","14":"sale","15":"shipping-taxable","16":"purchasable","17":"product-type-simple"},"_links":{"self":[{"href":"https:\/\/roveyayinevi.com.tr\/index.php\/wp-json\/wp\/v2\/product\/721576","targetHints":{"allow":["GET"]}}],"collection":[{"href":"https:\/\/roveyayinevi.com.tr\/index.php\/wp-json\/wp\/v2\/product"}],"about":[{"href":"https:\/\/roveyayinevi.com.tr\/index.php\/wp-json\/wp\/v2\/types\/product"}],"wp:attachment":[{"href":"https:\/\/roveyayinevi.com.tr\/index.php\/wp-json\/wp\/v2\/media?parent=721576"}],"wp:term":[{"taxonomy":"product_brand","embeddable":true,"href":"https:\/\/roveyayinevi.com.tr\/index.php\/wp-json\/wp\/v2\/product_brand?post=721576"},{"taxonomy":"product_cat","embeddable":true,"href":"https:\/\/roveyayinevi.com.tr\/index.php\/wp-json\/wp\/v2\/product_cat?post=721576"},{"taxonomy":"product_tag","embeddable":true,"href":"https:\/\/roveyayinevi.com.tr\/index.php\/wp-json\/wp\/v2\/product_tag?post=721576"}],"curies":[{"name":"wp","href":"https:\/\/api.w.org\/{rel}","templated":true}]}}