{"id":721572,"date":"2025-08-27T18:52:02","date_gmt":"2025-08-27T15:52:02","guid":{"rendered":"https:\/\/roveyayinevi.com.tr\/index.php\/urun\/kayip-markiz-vakasi-enola-holmes\/"},"modified":"2026-04-16T02:29:25","modified_gmt":"2026-04-15T23:29:25","slug":"kayip-markiz-vakasi-enola-holmes","status":"publish","type":"product","link":"https:\/\/roveyayinevi.com.tr\/index.php\/urun\/kayip-markiz-vakasi-enola-holmes\/","title":{"rendered":"Kay\u0131p Markiz Vakas\u0131 &#8211; Enola Holmes"},"content":{"rendered":"<p>Edebiyat ve sineman\u0131n en sevilen karakterlerinden Sherlock Holmes\u2019un 14 ya\u015f\u0131ndaki k\u0131z karde\u015fi Enola Holmes\u2019un maceralar\u0131 ba\u015fl\u0131yor. A\u011fabeyleri Sherlock ve Mycroft\u2019la rekabet edebilecek zehir gibi zekaya sahip Enola, t\u0131pk\u0131 dedektif a\u011fabeyi gibi gizemli olaylar\u0131 \u00e7\u00f6zmeye \u00e7al\u0131\u015f\u0131yor. Enola, anneleri aniden ortadan kaybolunca onu aramak i\u00e7in Londra\u2019ya gider. Ancak kendisini hi\u00e7 ummad\u0131\u011f\u0131 \u015fekilde bir Markiz\u2019in ka\u00e7\u0131r\u0131lmas\u0131 vakas\u0131n\u0131n ortas\u0131nda bulur. Pe\u015findeki tehlikeli adamlardan ka\u00e7arken ayn\u0131 zamanda onu yat\u0131l\u0131 okula g\u00f6ndermek isteyen a\u011fabeylerine de yakalanmamaya \u00e7al\u0131\u015f\u0131r. B\u00fct\u00fcn bu karga\u015fa aras\u0131nda Enola ipu\u00e7lar\u0131n\u0131 \u00e7\u00f6zebilecek ve annesini bulabilecek mi?<\/p>\n","protected":false},"excerpt":{"rendered":"<p>Edebiyat ve sineman\u0131n en sevilen karakterlerinden Sherlock Holmes\u2019un 14 ya\u015f\u0131ndaki k\u0131z karde\u015fi Enola Holmes\u2019un maceralar\u0131 ba\u015fl\u0131yor. A\u011fabeyleri Sherlock ve Mycroft\u2019la rekabet edebilecek zehir gibi zekaya sahip<span class=\"excerpt-hellip\"> [\u2026]<\/span><\/p>\n","protected":false},"featured_media":0,"template":"","meta":{"_monsterinsights_skip_tracking":false,"_monsterinsights_sitenote_active":false,"_monsterinsights_sitenote_note":"","_monsterinsights_sitenote_category":0},"product_brand":[],"product_cat":[12291,12711],"product_tag":[],"class_list":{"0":"post-721572","1":"product","2":"type-product","3":"status-publish","5":"product_cat-edebiyat","6":"product_cat-roman-oyku","7":"pa_cilt-ciltsiz","8":"pa_tur-kitap","9":"pa_yayinevi-eksik-parca-yayinlari","10":"pa_yazar-nancy-springer","12":"first","13":"instock","14":"sale","15":"shipping-taxable","16":"purchasable","17":"product-type-simple"},"_links":{"self":[{"href":"https:\/\/roveyayinevi.com.tr\/index.php\/wp-json\/wp\/v2\/product\/721572","targetHints":{"allow":["GET"]}}],"collection":[{"href":"https:\/\/roveyayinevi.com.tr\/index.php\/wp-json\/wp\/v2\/product"}],"about":[{"href":"https:\/\/roveyayinevi.com.tr\/index.php\/wp-json\/wp\/v2\/types\/product"}],"wp:attachment":[{"href":"https:\/\/roveyayinevi.com.tr\/index.php\/wp-json\/wp\/v2\/media?parent=721572"}],"wp:term":[{"taxonomy":"product_brand","embeddable":true,"href":"https:\/\/roveyayinevi.com.tr\/index.php\/wp-json\/wp\/v2\/product_brand?post=721572"},{"taxonomy":"product_cat","embeddable":true,"href":"https:\/\/roveyayinevi.com.tr\/index.php\/wp-json\/wp\/v2\/product_cat?post=721572"},{"taxonomy":"product_tag","embeddable":true,"href":"https:\/\/roveyayinevi.com.tr\/index.php\/wp-json\/wp\/v2\/product_tag?post=721572"}],"curies":[{"name":"wp","href":"https:\/\/api.w.org\/{rel}","templated":true}]}}