{"id":721571,"date":"2025-08-27T18:52:01","date_gmt":"2025-08-27T15:52:01","guid":{"rendered":"https:\/\/roveyayinevi.com.tr\/index.php\/urun\/define-adasi-gokkusagi-cep-kitap\/"},"modified":"2026-04-16T02:29:25","modified_gmt":"2026-04-15T23:29:25","slug":"define-adasi-gokkusagi-cep-kitap","status":"publish","type":"product","link":"https:\/\/roveyayinevi.com.tr\/index.php\/urun\/define-adasi-gokkusagi-cep-kitap\/","title":{"rendered":"Define Adas\u0131 (G\u00f6kku\u015fa\u011f\u0131 Cep Kitap)"},"content":{"rendered":"<p>\u0130ngiltere\u2019nin g\u00fcney k\u0131y\u0131lar\u0131nda bulunan, Jim Hawkins\u2019in ailesinin i\u015fletmekte oldu\u011fu Amiral Benbow Han\u0131, yazlar\u0131 yo\u011fun, k\u0131\u015flar\u0131 olduk\u00e7a sakin bir yerdir. Ancak bir k\u0131\u015f g\u00fcn\u00fc hana gelip yerle\u015fen Billy Bones isimli eski bir korsan, t\u00fcm ailenin ya\u015fam\u0131n\u0131 de\u011fi\u015ftirecektir. Bones\u2019un sahip oldu\u011fu korsan Flint\u2019in definesinin yerini g\u00f6steren bir haritan\u0131n pe\u015finde olan korsanlar y\u00fcz\u00fcnden, handa zor g\u00fcnler ya\u015fanmaktad\u0131r. Bu harita rastlant\u0131 sonucu Jim Hawkins\u2019in eline ge\u00e7er ve heyecanl\u0131 bir define av\u0131 ba\u015flar. Define Adas\u0131 \u0130sko\u00e7yal\u0131 yazar Robert Louis Stevenson taraf\u0131ndan 1883 y\u0131l\u0131nda yaz\u0131lan ve y\u0131llard\u0131r ilgiyle okunan bu macera roman\u0131, pek \u00e7ok kez sinemaya aktar\u0131lm\u0131\u015f ve bir\u00e7ok televizyon dizisine esin kayna\u011f\u0131 olmu\u015ftur.<\/p>\n","protected":false},"excerpt":{"rendered":"<p>\u0130ngiltere\u2019nin g\u00fcney k\u0131y\u0131lar\u0131nda bulunan, Jim Hawkins\u2019in ailesinin i\u015fletmekte oldu\u011fu Amiral Benbow Han\u0131, yazlar\u0131 yo\u011fun, k\u0131\u015flar\u0131 olduk\u00e7a sakin bir yerdir. Ancak bir k\u0131\u015f g\u00fcn\u00fc hana gelip yerle\u015fen<span class=\"excerpt-hellip\"> [\u2026]<\/span><\/p>\n","protected":false},"featured_media":0,"template":"","meta":{"_monsterinsights_skip_tracking":false,"_monsterinsights_sitenote_active":false,"_monsterinsights_sitenote_note":"","_monsterinsights_sitenote_category":0},"product_brand":[],"product_cat":[12274,12284],"product_tag":[],"class_list":{"0":"post-721571","1":"product","2":"type-product","3":"status-publish","5":"product_cat-cocuk-ve-genclik-kitaplari","6":"product_cat-hikayeler","7":"pa_cilt-ciltsiz","8":"pa_tur-kitap","9":"pa_yayinevi-arkadas-yayinlari","10":"pa_yazar-robert-louis-stevenson","12":"first","13":"instock","14":"sale","15":"shipping-taxable","16":"purchasable","17":"product-type-simple"},"_links":{"self":[{"href":"https:\/\/roveyayinevi.com.tr\/index.php\/wp-json\/wp\/v2\/product\/721571","targetHints":{"allow":["GET"]}}],"collection":[{"href":"https:\/\/roveyayinevi.com.tr\/index.php\/wp-json\/wp\/v2\/product"}],"about":[{"href":"https:\/\/roveyayinevi.com.tr\/index.php\/wp-json\/wp\/v2\/types\/product"}],"wp:attachment":[{"href":"https:\/\/roveyayinevi.com.tr\/index.php\/wp-json\/wp\/v2\/media?parent=721571"}],"wp:term":[{"taxonomy":"product_brand","embeddable":true,"href":"https:\/\/roveyayinevi.com.tr\/index.php\/wp-json\/wp\/v2\/product_brand?post=721571"},{"taxonomy":"product_cat","embeddable":true,"href":"https:\/\/roveyayinevi.com.tr\/index.php\/wp-json\/wp\/v2\/product_cat?post=721571"},{"taxonomy":"product_tag","embeddable":true,"href":"https:\/\/roveyayinevi.com.tr\/index.php\/wp-json\/wp\/v2\/product_tag?post=721571"}],"curies":[{"name":"wp","href":"https:\/\/api.w.org\/{rel}","templated":true}]}}