{"id":721565,"date":"2025-08-27T18:51:56","date_gmt":"2025-08-27T15:51:56","guid":{"rendered":"https:\/\/roveyayinevi.com.tr\/index.php\/urun\/galapagosta-hic-zurafa-yok\/"},"modified":"2026-04-16T02:29:25","modified_gmt":"2026-04-15T23:29:25","slug":"galapagosta-hic-zurafa-yok","status":"publish","type":"product","link":"https:\/\/roveyayinevi.com.tr\/index.php\/urun\/galapagosta-hic-zurafa-yok\/","title":{"rendered":"Galapagos&#8217;ta Hi\u00e7 Z\u00fcrafa Yok!"},"content":{"rendered":"<p>Okulda \u00f6\u011fretmenimiz co\u011frafya dersinde \u00e7ok \u015fa\u015f\u0131rt\u0131c\u0131 bir bilgi verdi.\u201cBiliyor musunuz \u00e7ocuklar, Galapagos\u2019ta hi\u00e7 z\u00fcrafa yoktur,\u201d dedi.Ger\u00e7ekten Galapagos\u2019ta hi\u00e7 z\u00fcrafa yok muydu?Cevab\u0131 \u00f6\u011frenmenin tek bir yolu vard\u0131 ama Galapagos o kadar da k\u00fc\u00e7\u00fck bir yer de\u011fildi.Bakal\u0131m kahramanlar\u0131m\u0131z Galapagos\u2019ta bu sorunun cevab\u0131n\u0131 \u00f6\u011frenebilecekler miydi?<\/p>\n","protected":false},"excerpt":{"rendered":"<p>Okulda \u00f6\u011fretmenimiz co\u011frafya dersinde \u00e7ok \u015fa\u015f\u0131rt\u0131c\u0131 bir bilgi verdi.\u201cBiliyor musunuz \u00e7ocuklar, Galapagos\u2019ta hi\u00e7 z\u00fcrafa yoktur,\u201d dedi.Ger\u00e7ekten Galapagos\u2019ta hi\u00e7 z\u00fcrafa yok muydu?Cevab\u0131 \u00f6\u011frenmenin tek bir yolu vard\u0131<span class=\"excerpt-hellip\"> [\u2026]<\/span><\/p>\n","protected":false},"featured_media":0,"template":"","meta":{"_monsterinsights_skip_tracking":false,"_monsterinsights_sitenote_active":false,"_monsterinsights_sitenote_note":"","_monsterinsights_sitenote_category":0},"product_brand":[],"product_cat":[12274,12284],"product_tag":[],"class_list":{"0":"post-721565","1":"product","2":"type-product","3":"status-publish","5":"product_cat-cocuk-ve-genclik-kitaplari","6":"product_cat-hikayeler","7":"pa_cilt-ciltsiz","8":"pa_tur-kitap","9":"pa_yayinevi-abm-yayinevi","10":"pa_yazar-selime-demirci","12":"first","13":"instock","14":"sale","15":"shipping-taxable","16":"purchasable","17":"product-type-simple"},"_links":{"self":[{"href":"https:\/\/roveyayinevi.com.tr\/index.php\/wp-json\/wp\/v2\/product\/721565","targetHints":{"allow":["GET"]}}],"collection":[{"href":"https:\/\/roveyayinevi.com.tr\/index.php\/wp-json\/wp\/v2\/product"}],"about":[{"href":"https:\/\/roveyayinevi.com.tr\/index.php\/wp-json\/wp\/v2\/types\/product"}],"wp:attachment":[{"href":"https:\/\/roveyayinevi.com.tr\/index.php\/wp-json\/wp\/v2\/media?parent=721565"}],"wp:term":[{"taxonomy":"product_brand","embeddable":true,"href":"https:\/\/roveyayinevi.com.tr\/index.php\/wp-json\/wp\/v2\/product_brand?post=721565"},{"taxonomy":"product_cat","embeddable":true,"href":"https:\/\/roveyayinevi.com.tr\/index.php\/wp-json\/wp\/v2\/product_cat?post=721565"},{"taxonomy":"product_tag","embeddable":true,"href":"https:\/\/roveyayinevi.com.tr\/index.php\/wp-json\/wp\/v2\/product_tag?post=721565"}],"curies":[{"name":"wp","href":"https:\/\/api.w.org\/{rel}","templated":true}]}}