{"id":721561,"date":"2025-08-27T18:51:53","date_gmt":"2025-08-27T15:51:53","guid":{"rendered":"https:\/\/roveyayinevi.com.tr\/index.php\/urun\/kiraz-kirmizisi-yaz\/"},"modified":"2025-09-25T05:43:34","modified_gmt":"2025-09-25T02:43:34","slug":"kiraz-kirmizisi-yaz","status":"publish","type":"product","link":"https:\/\/roveyayinevi.com.tr\/index.php\/urun\/kiraz-kirmizisi-yaz\/","title":{"rendered":"Kiraz K\u0131rm\u0131z\u0131s\u0131 Yaz"},"content":{"rendered":"<p>A\u015fk, var etti\u011finiz her \u015feyi yerle bir edebilirdi. A\u015fk, bir insan\u0131n kendinden nefret etmesine sebep olabilirdi.\u0130lk a\u015fk\u0131na ikinci bir \u015fans verir misin?\u0130lk a\u015fk unutulmaz ve bunu en iyi bilenlerden biri de Emely Winter\u2019d\u0131r. Alayc\u0131 bir ki\u015fili\u011fi olan edebiyat \u00f6\u011frencisi Emely, parlak turkuaz g\u00f6zl\u00fc \u00e7ocuk Elyas\u2019\u0131 yedi y\u0131l sonra ilk defa g\u00f6rmesine ra\u011fmen dizlerinin titremesi onu unutamad\u0131\u011f\u0131n\u0131n en b\u00fcy\u00fck kan\u0131t\u0131d\u0131r.En yak\u0131n arkada\u015f\u0131n\u0131n a\u011fabeyi olan Elyas ise k\u0131z\u0131n hayat\u0131n\u0131 alt \u00fcst etmi\u015f, Emely\u2019nin narin ruhunda ve kalbinde derin bir yara b\u0131rakm\u0131\u015ft\u0131r. Emely, bu kalp a\u011fr\u0131s\u0131 y\u00fcz\u00fcnden Elyas\u2019tan nefret eder. Ayn\u0131 hayal k\u0131r\u0131kl\u0131\u011f\u0131n\u0131 yeniden ya\u015famak istemeyen Emely, ilgisini sanal ortamda tan\u0131\u015ft\u0131\u011f\u0131 gizemli \u00e7ocu\u011fa verir. Luca, duygu dolu romantik mesajlar\u0131yla k\u0131z\u0131n kalbine dokunur fakat bir yabanc\u0131ya \u00e2\u015f\u0131k olmak ger\u00e7ekten m\u00fcmk\u00fcn m\u00fcd\u00fcr?<\/p>\n","protected":false},"excerpt":{"rendered":"<p>A\u015fk, var etti\u011finiz her \u015feyi yerle bir edebilirdi. A\u015fk, bir insan\u0131n kendinden nefret etmesine sebep olabilirdi.\u0130lk a\u015fk\u0131na ikinci bir \u015fans verir misin?\u0130lk a\u015fk unutulmaz ve bunu<span class=\"excerpt-hellip\"> [\u2026]<\/span><\/p>\n","protected":false},"featured_media":0,"template":"","meta":{"_monsterinsights_skip_tracking":false,"_monsterinsights_sitenote_active":false,"_monsterinsights_sitenote_note":"","_monsterinsights_sitenote_category":0},"product_brand":[],"product_cat":[12291,12711],"product_tag":[],"class_list":{"0":"post-721561","1":"product","2":"type-product","3":"status-publish","5":"product_cat-edebiyat","6":"product_cat-roman-oyku","7":"pa_cilt-ciltsiz","8":"pa_tur-kitap","9":"pa_yayinevi-eksik-parca-yayinlari","10":"pa_yazar-carina-bartsch","12":"first","13":"instock","14":"sale","15":"shipping-taxable","16":"purchasable","17":"product-type-simple"},"_links":{"self":[{"href":"https:\/\/roveyayinevi.com.tr\/index.php\/wp-json\/wp\/v2\/product\/721561","targetHints":{"allow":["GET"]}}],"collection":[{"href":"https:\/\/roveyayinevi.com.tr\/index.php\/wp-json\/wp\/v2\/product"}],"about":[{"href":"https:\/\/roveyayinevi.com.tr\/index.php\/wp-json\/wp\/v2\/types\/product"}],"wp:attachment":[{"href":"https:\/\/roveyayinevi.com.tr\/index.php\/wp-json\/wp\/v2\/media?parent=721561"}],"wp:term":[{"taxonomy":"product_brand","embeddable":true,"href":"https:\/\/roveyayinevi.com.tr\/index.php\/wp-json\/wp\/v2\/product_brand?post=721561"},{"taxonomy":"product_cat","embeddable":true,"href":"https:\/\/roveyayinevi.com.tr\/index.php\/wp-json\/wp\/v2\/product_cat?post=721561"},{"taxonomy":"product_tag","embeddable":true,"href":"https:\/\/roveyayinevi.com.tr\/index.php\/wp-json\/wp\/v2\/product_tag?post=721561"}],"curies":[{"name":"wp","href":"https:\/\/api.w.org\/{rel}","templated":true}]}}