{"id":721554,"date":"2025-08-27T18:51:47","date_gmt":"2025-08-27T15:51:47","guid":{"rendered":"https:\/\/roveyayinevi.com.tr\/index.php\/urun\/kuyucakli-yusuf-18\/"},"modified":"2025-08-31T16:17:44","modified_gmt":"2025-08-31T13:17:44","slug":"kuyucakli-yusuf-18","status":"publish","type":"product","link":"https:\/\/roveyayinevi.com.tr\/index.php\/urun\/kuyucakli-yusuf-18\/","title":{"rendered":"Kuyucakl\u0131 Yusuf"},"content":{"rendered":"<p>\u201cHayatta hi\u00e7bir \u015fey ona k\u0131ymetli g\u00f6r\u00fcnmemi\u015f, pe\u015finden ko\u015fmak, eri\u015fmek, sahip olmak arzusunu vermemi\u015fti. Etraf\u0131na daima bir yabanc\u0131 g\u00f6z\u00fcyle bakm\u0131\u015f, hi\u00e7bir yere ba\u011flanmak arzusu duymam\u0131\u015f, bu yaln\u0131zl\u0131\u011f\u0131n\u0131n gururu i\u00e7inde, memnun olmaya \u00e7al\u0131\u015fm\u0131\u015ft\u0131. \u015eimdi ilk defa bir \u015fey istiyor, hem de korkun\u00e7 bir \u015fiddetle istiyordu. Fakat ni\u00e7in bu istek bir imk\u00e2ns\u0131zl\u0131kla beraber gelmi\u015fti? Ni\u00e7in hayat\u0131n\u0131n bu en b\u00fcy\u00fck arzusunu, \u015fimdiye kadar belki yine i\u00e7inde, fakat en gizli yerlerde sakl\u0131 duran bu arzuyu, hapsedildi\u011fi yeri par\u00e7alayarak ortaya \u00e7\u0131kar \u00e7\u0131kmaz, \u00f6ld\u00fcrmeye mecbur kal\u0131yordu?.. Ni\u00e7in? Kimin i\u00e7in?..\u201d   T\u00fcrk Edebiyat\u0131n\u0131n B\u00fcy\u00fck Ustas\u0131 Sabahattin Ali\u2019nin \u00f6l\u00fcms\u00fcz eseri Kuyucakl\u0131 Yusuf\u2019u okurlar\u0131m\u0131za sunmaktan onur duyuyoruz. <\/p>\n","protected":false},"excerpt":{"rendered":"<p>\u201cHayatta hi\u00e7bir \u015fey ona k\u0131ymetli g\u00f6r\u00fcnmemi\u015f, pe\u015finden ko\u015fmak, eri\u015fmek, sahip olmak arzusunu vermemi\u015fti. Etraf\u0131na daima bir yabanc\u0131 g\u00f6z\u00fcyle bakm\u0131\u015f, hi\u00e7bir yere ba\u011flanmak arzusu duymam\u0131\u015f, bu yaln\u0131zl\u0131\u011f\u0131n\u0131n<span class=\"excerpt-hellip\"> [\u2026]<\/span><\/p>\n","protected":false},"featured_media":0,"template":"","meta":{"_monsterinsights_skip_tracking":false,"_monsterinsights_sitenote_active":false,"_monsterinsights_sitenote_note":"","_monsterinsights_sitenote_category":0},"product_brand":[],"product_cat":[12291,12711],"product_tag":[],"class_list":{"0":"post-721554","1":"product","2":"type-product","3":"status-publish","5":"product_cat-edebiyat","6":"product_cat-roman-oyku","7":"pa_cilt-ciltsiz","8":"pa_tur-kitap","9":"pa_yayinevi-telgrafhane-yayinlari","10":"pa_yazar-sabahattin-ali","12":"first","13":"instock","14":"sale","15":"shipping-taxable","16":"purchasable","17":"product-type-simple"},"_links":{"self":[{"href":"https:\/\/roveyayinevi.com.tr\/index.php\/wp-json\/wp\/v2\/product\/721554","targetHints":{"allow":["GET"]}}],"collection":[{"href":"https:\/\/roveyayinevi.com.tr\/index.php\/wp-json\/wp\/v2\/product"}],"about":[{"href":"https:\/\/roveyayinevi.com.tr\/index.php\/wp-json\/wp\/v2\/types\/product"}],"wp:attachment":[{"href":"https:\/\/roveyayinevi.com.tr\/index.php\/wp-json\/wp\/v2\/media?parent=721554"}],"wp:term":[{"taxonomy":"product_brand","embeddable":true,"href":"https:\/\/roveyayinevi.com.tr\/index.php\/wp-json\/wp\/v2\/product_brand?post=721554"},{"taxonomy":"product_cat","embeddable":true,"href":"https:\/\/roveyayinevi.com.tr\/index.php\/wp-json\/wp\/v2\/product_cat?post=721554"},{"taxonomy":"product_tag","embeddable":true,"href":"https:\/\/roveyayinevi.com.tr\/index.php\/wp-json\/wp\/v2\/product_tag?post=721554"}],"curies":[{"name":"wp","href":"https:\/\/api.w.org\/{rel}","templated":true}]}}