{"id":721537,"date":"2025-08-27T18:51:33","date_gmt":"2025-08-27T15:51:33","guid":{"rendered":"https:\/\/roveyayinevi.com.tr\/index.php\/urun\/ataturk-sozlugu\/"},"modified":"2026-04-16T02:29:25","modified_gmt":"2026-04-15T23:29:25","slug":"ataturk-sozlugu","status":"publish","type":"product","link":"https:\/\/roveyayinevi.com.tr\/index.php\/urun\/ataturk-sozlugu\/","title":{"rendered":"Atat\u00fcrk S\u00f6zl\u00fc\u011f\u00fc"},"content":{"rendered":"<p>Atat\u00fcrk S\u00f6zl\u00fc\u011f\u00fc sayesinde Winston Churchill\u2019den Josef Stalin\u2019e; Lozan\u2019dan Sevr\u2019e; \u00c7anakkale\u2019den B\u00fcy\u00fck Taarruz\u2019a; Mustafa Kemal Atat\u00fcrk\u2019\u00fcn hayat\u0131ndaki \u00f6nemli ki\u015filere, sava\u015flara, anla\u015fmalara ve kavramlara a\u2019dan z\u2019ye ula\u015fabileceksiniz.<\/p>\n","protected":false},"excerpt":{"rendered":"<p>Atat\u00fcrk S\u00f6zl\u00fc\u011f\u00fc sayesinde Winston Churchill\u2019den Josef Stalin\u2019e; Lozan\u2019dan Sevr\u2019e; \u00c7anakkale\u2019den B\u00fcy\u00fck Taarruz\u2019a; Mustafa Kemal Atat\u00fcrk\u2019\u00fcn hayat\u0131ndaki \u00f6nemli ki\u015filere, sava\u015flara, anla\u015fmalara ve kavramlara a\u2019dan z\u2019ye ula\u015fabileceksiniz.<\/p>\n","protected":false},"featured_media":0,"template":"","meta":{"_monsterinsights_skip_tracking":false,"_monsterinsights_sitenote_active":false,"_monsterinsights_sitenote_note":"","_monsterinsights_sitenote_category":0},"product_brand":[],"product_cat":[12530,12304],"product_tag":[],"class_list":{"0":"post-721537","1":"product","2":"type-product","3":"status-publish","5":"product_cat-mustafa-kemal-ataturk","6":"product_cat-tarih","7":"pa_cilt-ciltsiz","8":"pa_tur-kitap","9":"pa_yayinevi-yediveren-yayinlari","10":"pa_yazar-ahmet-murat-seyrek","12":"first","13":"instock","14":"sale","15":"shipping-taxable","16":"purchasable","17":"product-type-simple"},"_links":{"self":[{"href":"https:\/\/roveyayinevi.com.tr\/index.php\/wp-json\/wp\/v2\/product\/721537","targetHints":{"allow":["GET"]}}],"collection":[{"href":"https:\/\/roveyayinevi.com.tr\/index.php\/wp-json\/wp\/v2\/product"}],"about":[{"href":"https:\/\/roveyayinevi.com.tr\/index.php\/wp-json\/wp\/v2\/types\/product"}],"wp:attachment":[{"href":"https:\/\/roveyayinevi.com.tr\/index.php\/wp-json\/wp\/v2\/media?parent=721537"}],"wp:term":[{"taxonomy":"product_brand","embeddable":true,"href":"https:\/\/roveyayinevi.com.tr\/index.php\/wp-json\/wp\/v2\/product_brand?post=721537"},{"taxonomy":"product_cat","embeddable":true,"href":"https:\/\/roveyayinevi.com.tr\/index.php\/wp-json\/wp\/v2\/product_cat?post=721537"},{"taxonomy":"product_tag","embeddable":true,"href":"https:\/\/roveyayinevi.com.tr\/index.php\/wp-json\/wp\/v2\/product_tag?post=721537"}],"curies":[{"name":"wp","href":"https:\/\/api.w.org\/{rel}","templated":true}]}}