{"id":721536,"date":"2025-08-27T18:51:32","date_gmt":"2025-08-27T15:51:32","guid":{"rendered":"https:\/\/roveyayinevi.com.tr\/index.php\/urun\/gelistir-beynini\/"},"modified":"2026-04-05T02:35:46","modified_gmt":"2026-04-04T23:35:46","slug":"gelistir-beynini","status":"publish","type":"product","link":"https:\/\/roveyayinevi.com.tr\/index.php\/urun\/gelistir-beynini\/","title":{"rendered":"Geli\u015ftir Beynini"},"content":{"rendered":"<p>Kitab\u0131 eline hen\u00fcz alm\u0131\u015fs\u0131n daha ba\u015flamadan ona dair bir izlenim bulmak istersen birka\u00e7 soruyla onu sana tan\u0131tabilirim; Dikkatim \u00e7ok da\u011f\u0131n\u0131k nas\u0131l daha dikkatli olabilirim? Ak\u0131ll\u0131 telefon beynimi tembelle\u015ftirdi. Daha keskin ve k\u0131vrak zekaya nas\u0131l sahip olabilirim? Okudu\u011fum bilgileri haf\u0131zamda saklayabilir miyim? Kredi kart\u0131, telefon ve \u00f6zel numaralar\u0131 hi\u00e7 unutmayacak \u015fekilde haf\u0131zama alabilir miyim? \u0130nsanlar\u0131n isimlerini hemen unutuyorum acaba y\u0131llar ge\u00e7se bile hat\u0131rlayabilece\u011fim bir y\u00f6ntem var m\u0131?Beslendi\u011fim besinler beynimi ve dikkatimi etkiliyor mu? Beynimi daha etkin nas\u0131l kullanabilirim? Bu sorulara verilecek cevaplar kitab\u0131n yaz\u0131lma sebebi ve i\u00e7eri\u011fi olmu\u015ftur. Son y\u0131llarda fark etti\u011fim \u00f6nemli bir \u015fey var: \u201cTeknoloji insan\u0131 tembelle\u015ftirmi\u015f.\u201d Beynin ihtiyac\u0131ndan daha fazla geli\u015fmi\u015f bir Ferrari gibi. Onu ne kadar h\u0131zl\u0131 ve iyi kulland\u0131\u011f\u0131n sana ba\u011fl\u0131. E\u011fer onu komuta edip yeteri kadar kullanamazsan o bu i\u015fi devral\u0131r. Seni kullanmaya ba\u015flar. \u015eimdi bir karar ver; O mu sana, Sen mi ona yeteceksiniz?!<\/p>\n","protected":false},"excerpt":{"rendered":"<p>Kitab\u0131 eline hen\u00fcz alm\u0131\u015fs\u0131n daha ba\u015flamadan ona dair bir izlenim bulmak istersen birka\u00e7 soruyla onu sana tan\u0131tabilirim; Dikkatim \u00e7ok da\u011f\u0131n\u0131k nas\u0131l daha dikkatli olabilirim? Ak\u0131ll\u0131 telefon<span class=\"excerpt-hellip\"> [\u2026]<\/span><\/p>\n","protected":false},"featured_media":0,"template":"","meta":{"_monsterinsights_skip_tracking":false,"_monsterinsights_sitenote_active":false,"_monsterinsights_sitenote_note":"","_monsterinsights_sitenote_category":0},"product_brand":[],"product_cat":[12364,12376],"product_tag":[],"class_list":{"0":"post-721536","1":"product","2":"type-product","3":"status-publish","5":"product_cat-genel-konular","6":"product_cat-kisisel-gelisim","7":"pa_cilt-ciltsiz","8":"pa_tur-kitap","9":"pa_yayinevi-yediveren-yayinlari","10":"pa_yazar-murat-tunali","12":"first","13":"instock","14":"sale","15":"shipping-taxable","16":"purchasable","17":"product-type-simple"},"_links":{"self":[{"href":"https:\/\/roveyayinevi.com.tr\/index.php\/wp-json\/wp\/v2\/product\/721536","targetHints":{"allow":["GET"]}}],"collection":[{"href":"https:\/\/roveyayinevi.com.tr\/index.php\/wp-json\/wp\/v2\/product"}],"about":[{"href":"https:\/\/roveyayinevi.com.tr\/index.php\/wp-json\/wp\/v2\/types\/product"}],"wp:attachment":[{"href":"https:\/\/roveyayinevi.com.tr\/index.php\/wp-json\/wp\/v2\/media?parent=721536"}],"wp:term":[{"taxonomy":"product_brand","embeddable":true,"href":"https:\/\/roveyayinevi.com.tr\/index.php\/wp-json\/wp\/v2\/product_brand?post=721536"},{"taxonomy":"product_cat","embeddable":true,"href":"https:\/\/roveyayinevi.com.tr\/index.php\/wp-json\/wp\/v2\/product_cat?post=721536"},{"taxonomy":"product_tag","embeddable":true,"href":"https:\/\/roveyayinevi.com.tr\/index.php\/wp-json\/wp\/v2\/product_tag?post=721536"}],"curies":[{"name":"wp","href":"https:\/\/api.w.org\/{rel}","templated":true}]}}