{"id":721533,"date":"2025-08-27T18:51:30","date_gmt":"2025-08-27T15:51:30","guid":{"rendered":"https:\/\/roveyayinevi.com.tr\/index.php\/urun\/icindeki-mucize\/"},"modified":"2026-04-08T02:37:12","modified_gmt":"2026-04-07T23:37:12","slug":"icindeki-mucize","status":"publish","type":"product","link":"https:\/\/roveyayinevi.com.tr\/index.php\/urun\/icindeki-mucize\/","title":{"rendered":"\u0130\u00e7indeki Mucize"},"content":{"rendered":"<p>D\u00fcnyaya ceza \u00e7ekmeye de\u011fil, kendini deneyimlemeye, e\u011flenerek \u00f6\u011frenmeye, sana verilen ak\u0131l ve yetenek ile onu \u015fekillendirmeye geldi\u011fini biliyor musun? Allah \u201cOl\u201d dedi ve Ol\u2019duk. Her \u015fey bir d\u00fc\u015f\u00fcnce ile ba\u015flad\u0131. Sen de d\u00fc\u015f\u00fcncelerinle hayat\u0131n\u0131 \u015fekillendirdi\u011finin fark\u0131nda m\u0131s\u0131n?D\u00fc\u015f\u00fcncelerin, s\u00f6ylediklerin ve yapt\u0131klar\u0131n bir duad\u0131r ve mutlaka Allah taraf\u0131ndan cevapland\u0131r\u0131l\u0131r. Bu da senin kaderini \u015fekillendirir. \u00d6nemli olan kim oldu\u011fun de\u011fil, kim olmak istedi\u011findir. Her birimizin ya\u015fam yolculu\u011fu kendi parmak izini ta\u015f\u0131r. Kendi ger\u00e7e\u011fine giden yolculu\u011fa ba\u015flad\u0131\u011f\u0131nda kendi ihti\u015fam\u0131na varacak olan yola da koyulmu\u015f olursun. Bu kitapla bu yolculu\u011fa \u00e7\u0131kmaya var m\u0131s\u0131n?\u201cBen nas\u0131l ve neden yarat\u0131ld\u0131m?\u201d \u201cHayat amac\u0131m, misyonum ne? Neden d\u00fcnyaday\u0131m?\u201d \u201cYa\u015fam\u0131m\u0131 daha mutlu hale nas\u0131l getirebilirim?\u201d gibi sorular\u0131n varsa arad\u0131\u011f\u0131n cevaplar\u0131 bu kitapta bulacaks\u0131n.Ger\u00e7ek SEN ve \u2018\u0130\u00e7indeki Mucize\u2019 ile tan\u0131\u015fmaya haz\u0131r m\u0131s\u0131n?Mucize Sensin\u2026Mucizenin Ta Kendisisin&#8230;<\/p>\n","protected":false},"excerpt":{"rendered":"<p>D\u00fcnyaya ceza \u00e7ekmeye de\u011fil, kendini deneyimlemeye, e\u011flenerek \u00f6\u011frenmeye, sana verilen ak\u0131l ve yetenek ile onu \u015fekillendirmeye geldi\u011fini biliyor musun? Allah \u201cOl\u201d dedi ve Ol\u2019duk. Her \u015fey<span class=\"excerpt-hellip\"> [\u2026]<\/span><\/p>\n","protected":false},"featured_media":0,"template":"","meta":{"_monsterinsights_skip_tracking":false,"_monsterinsights_sitenote_active":false,"_monsterinsights_sitenote_note":"","_monsterinsights_sitenote_category":0},"product_brand":[],"product_cat":[12364,12376],"product_tag":[],"class_list":{"0":"post-721533","1":"product","2":"type-product","3":"status-publish","5":"product_cat-genel-konular","6":"product_cat-kisisel-gelisim","7":"pa_cilt-ciltsiz","8":"pa_tur-kitap","9":"pa_yayinevi-yediveren-yayinlari","10":"pa_yazar-anil-sehirlioglu","12":"first","13":"instock","14":"sale","15":"shipping-taxable","16":"purchasable","17":"product-type-simple"},"_links":{"self":[{"href":"https:\/\/roveyayinevi.com.tr\/index.php\/wp-json\/wp\/v2\/product\/721533","targetHints":{"allow":["GET"]}}],"collection":[{"href":"https:\/\/roveyayinevi.com.tr\/index.php\/wp-json\/wp\/v2\/product"}],"about":[{"href":"https:\/\/roveyayinevi.com.tr\/index.php\/wp-json\/wp\/v2\/types\/product"}],"wp:attachment":[{"href":"https:\/\/roveyayinevi.com.tr\/index.php\/wp-json\/wp\/v2\/media?parent=721533"}],"wp:term":[{"taxonomy":"product_brand","embeddable":true,"href":"https:\/\/roveyayinevi.com.tr\/index.php\/wp-json\/wp\/v2\/product_brand?post=721533"},{"taxonomy":"product_cat","embeddable":true,"href":"https:\/\/roveyayinevi.com.tr\/index.php\/wp-json\/wp\/v2\/product_cat?post=721533"},{"taxonomy":"product_tag","embeddable":true,"href":"https:\/\/roveyayinevi.com.tr\/index.php\/wp-json\/wp\/v2\/product_tag?post=721533"}],"curies":[{"name":"wp","href":"https:\/\/api.w.org\/{rel}","templated":true}]}}