{"id":721525,"date":"2025-08-27T18:51:25","date_gmt":"2025-08-27T15:51:25","guid":{"rendered":"https:\/\/roveyayinevi.com.tr\/index.php\/urun\/bilimin-onculeri-nikolas-kopernik\/"},"modified":"2026-04-16T02:29:24","modified_gmt":"2026-04-15T23:29:24","slug":"bilimin-onculeri-nikolas-kopernik","status":"publish","type":"product","link":"https:\/\/roveyayinevi.com.tr\/index.php\/urun\/bilimin-onculeri-nikolas-kopernik\/","title":{"rendered":"Bilimin \u00d6nc\u00fcleri &#8211; Nikolas Kopernik"},"content":{"rendered":"<p>1 Kas\u0131m 1536 tarihinde Nikolaus van Sch\u00f6nberg (ba\u015fpiskopos), Roma\u2019dan Kopernik\u2019e \u015funlar\u0131 yazd\u0131; \u201cSenin yeterlili\u011finle ilgili baz\u0131 notlar birka\u00e7 y\u0131l \u00f6nce taraf\u0131ma ula\u015ft\u0131, t\u00fcm insanlar devaml\u0131 konu\u015fuyordu. Sana o s\u0131rada b\u00fcy\u00fck sayg\u0131 duymaya ba\u015flam\u0131\u015ft\u0131m.Duydu\u011fuma g\u00f6re sen, sadece eski astronomlar\u0131n bulu\u015flar\u0131n\u0131 m\u00fckemmel bir \u015fekilde bilmemi\u015f, ayr\u0131ca yeni bir kozmolojiyi de form\u00fcle d\u00f6km\u00fc\u015fs\u00fcn. Senin iddiana g\u00f6re, g\u00fcne\u015f evrenin merkezinde az bir yer kapl\u0131yor ve d\u00fcnya hareket ediyormu\u015f. Bundan dolay\u0131 sana b\u00fcy\u00fck bir istekle yalvar\u0131yorum, \u015fayet zahmet olmazsa, bu ke\u015ffinizi, evren hakk\u0131ndaki yaz\u0131 ve tablolar\u0131n\u0131z\u0131, ayr\u0131ca konuyla ilgili her \u015feyi bana g\u00f6nderin. Bunlar\u0131 en k\u0131sa s\u00fcrede \u00e2limlere bildirmek istiyorum.\u201dBa\u015fpiskoposun bu yaz\u0131s\u0131na kadar, Kopernik\u2019in teorisiyle ilgili konular Avrupa\u2019n\u0131n t\u00fcm e\u011fitimli insanlar\u0131na ula\u015fm\u0131\u015f ve \u00e7al\u0131\u015fmas\u0131 nihai bir forma girmi\u015fti. Kopernik, ele\u015ftirilme \u00e7ekincesi nedeniyle, t\u00fcm \u0131srarlara ra\u011fmen kitab\u0131n\u0131 hemen yay\u0131mlamad\u0131. \u00c2limler ise, onun bu endi\u015fesinin felsefi ve astronomik itirazlarla s\u0131n\u0131rl\u0131 oldu\u011funa ve dini ele\u015ftiriler hakk\u0131nda kayg\u0131 duydu\u011fu konusuna kat\u0131lm\u0131yorlard\u0131.<\/p>\n","protected":false},"excerpt":{"rendered":"<p>1 Kas\u0131m 1536 tarihinde Nikolaus van Sch\u00f6nberg (ba\u015fpiskopos), Roma\u2019dan Kopernik\u2019e \u015funlar\u0131 yazd\u0131; \u201cSenin yeterlili\u011finle ilgili baz\u0131 notlar birka\u00e7 y\u0131l \u00f6nce taraf\u0131ma ula\u015ft\u0131, t\u00fcm insanlar devaml\u0131 konu\u015fuyordu.<span class=\"excerpt-hellip\"> [\u2026]<\/span><\/p>\n","protected":false},"featured_media":0,"template":"","meta":{"_monsterinsights_skip_tracking":false,"_monsterinsights_sitenote_active":false,"_monsterinsights_sitenote_note":"","_monsterinsights_sitenote_category":0},"product_brand":[],"product_cat":[14009,12291],"product_tag":[],"class_list":{"0":"post-721525","1":"product","2":"type-product","3":"status-publish","5":"product_cat-biyografi-otobiyografi-edebiyat","6":"product_cat-edebiyat","7":"pa_cilt-ciltsiz","8":"pa_tur-kitap","9":"pa_yayinevi-parola-yayinlari","10":"pa_yazar-turan-tektas","12":"first","13":"instock","14":"sale","15":"shipping-taxable","16":"purchasable","17":"product-type-simple"},"_links":{"self":[{"href":"https:\/\/roveyayinevi.com.tr\/index.php\/wp-json\/wp\/v2\/product\/721525","targetHints":{"allow":["GET"]}}],"collection":[{"href":"https:\/\/roveyayinevi.com.tr\/index.php\/wp-json\/wp\/v2\/product"}],"about":[{"href":"https:\/\/roveyayinevi.com.tr\/index.php\/wp-json\/wp\/v2\/types\/product"}],"wp:attachment":[{"href":"https:\/\/roveyayinevi.com.tr\/index.php\/wp-json\/wp\/v2\/media?parent=721525"}],"wp:term":[{"taxonomy":"product_brand","embeddable":true,"href":"https:\/\/roveyayinevi.com.tr\/index.php\/wp-json\/wp\/v2\/product_brand?post=721525"},{"taxonomy":"product_cat","embeddable":true,"href":"https:\/\/roveyayinevi.com.tr\/index.php\/wp-json\/wp\/v2\/product_cat?post=721525"},{"taxonomy":"product_tag","embeddable":true,"href":"https:\/\/roveyayinevi.com.tr\/index.php\/wp-json\/wp\/v2\/product_tag?post=721525"}],"curies":[{"name":"wp","href":"https:\/\/api.w.org\/{rel}","templated":true}]}}