{"id":721511,"date":"2025-08-27T18:51:16","date_gmt":"2025-08-27T15:51:16","guid":{"rendered":"https:\/\/roveyayinevi.com.tr\/index.php\/urun\/mutfak-sozlugum\/"},"modified":"2026-04-16T02:29:24","modified_gmt":"2026-04-15T23:29:24","slug":"mutfak-sozlugum","status":"publish","type":"product","link":"https:\/\/roveyayinevi.com.tr\/index.php\/urun\/mutfak-sozlugum\/","title":{"rendered":"Mutfak S\u00f6zl\u00fc\u011f\u00fcm"},"content":{"rendered":"<p>Mutfak S\u00f6zl\u00fc\u011f\u00fcm, d\u00fcnya klasikleri literat\u00fcr\u00fcnde \u00fcst s\u0131ralarda yer alan \u00dc\u00e7 Silah\u015f\u00f6rler\u2019in usta yazar\u0131 Alexandre Dumas\u2019n\u0131n gurme ve usta bir \u015fef olarak ilgi alanlar\u0131n\u0131 yans\u0131tan ansiklopedi-yemek kitab\u0131 birle\u015fimi klasikle\u015fmi\u015f bir eseridir.Elinizdeki bu kitap hem gastronomi hem de edebiyatla i\u00e7i\u00e7e olan Dumas\u2019n\u0131n edebi damak tad\u0131na, ya\u015fad\u0131\u011f\u0131 d\u00f6nemde haz\u0131rlad\u0131\u011f\u0131 yemeklerin re\u00e7etelerine, verdi\u011fi davetlerin men\u00fclerine, av \u00f6nerilerinden pi\u015firme tekniklerine kadar b\u00fct\u00fcn bilgilere eri\u015febilece\u011finiz muazzam bir ba\u015fyap\u0131t. O\u011flak Yay\u0131nlar\u0131, Alexandre Dumas\u2019n\u0131n Mutfak S\u00f6zl\u00fc\u011f\u00fcm eserini yay\u0131mlamaktan gurur duyuyor.\u0130nsan, g\u00fcnl\u00fck \u00e7al\u0131\u015fmalar\u0131n\u0131n ve ku\u015fkusuz daha \u00e7ok tembelli\u011fin t\u00fcketti\u011fi g\u00fcc\u00fcn\u00fc yeniden toplamak i\u00e7in g\u00fcnde en az \u00fc\u00e7 kez yemek yeme emriyle do\u011far.\u0130nsan nas\u0131l do\u011fmu\u015ftur? Kendi yiyece\u011fini aramaya \u00e7\u0131kacak ve bulabilecek ya\u015fa, a\u00e7l\u0131ktan \u00f6lmeden gelmeyi ba\u015farabilece\u011fi, besleyici ve koruyucu iklim hangisidir? Ge\u00e7ti\u011fimiz y\u00fczy\u0131llar boyu bizi me\u015fgul eden ve b\u00fcy\u00fck bir ihtimalle gelecek y\u00fczy\u0131llarda da me\u015fgul edecek olan b\u00fcy\u00fck gizem, i\u015fte bu noktada gizlidir. \u0130nsan nerede do\u011farsa do\u011fsun yemek yemesi gerekir. Bu durum hem vah\u015fi hem medenile\u015fmi\u015f insan\u0131n en b\u00fcy\u00fck kayg\u0131s\u0131d\u0131r. Tek fark, vah\u015fi insan\u0131n yaln\u0131zca ihtiya\u00e7tan yemesidir. Uygar insansa g\u00fczel tatlara d\u00fc\u015fk\u00fcnl\u00fc\u011f\u00fcnden yer.<\/p>\n","protected":false},"excerpt":{"rendered":"<p>Mutfak S\u00f6zl\u00fc\u011f\u00fcm, d\u00fcnya klasikleri literat\u00fcr\u00fcnde \u00fcst s\u0131ralarda yer alan \u00dc\u00e7 Silah\u015f\u00f6rler\u2019in usta yazar\u0131 Alexandre Dumas\u2019n\u0131n gurme ve usta bir \u015fef olarak ilgi alanlar\u0131n\u0131 yans\u0131tan ansiklopedi-yemek kitab\u0131<span class=\"excerpt-hellip\"> [\u2026]<\/span><\/p>\n","protected":false},"featured_media":0,"template":"","meta":{"_monsterinsights_skip_tracking":false,"_monsterinsights_sitenote_active":false,"_monsterinsights_sitenote_note":"","_monsterinsights_sitenote_category":0},"product_brand":[],"product_cat":[22706,12457],"product_tag":[],"class_list":{"0":"post-721511","1":"product","2":"type-product","3":"status-publish","5":"product_cat-dunya-mutfagi","6":"product_cat-yemek-kitaplari","7":"pa_cilt-ciltsiz","8":"pa_tur-kitap","9":"pa_yayinevi-oglak-yayincilik","10":"pa_yazar-alexandre-dumas","12":"first","13":"instock","14":"sale","15":"shipping-taxable","16":"purchasable","17":"product-type-simple"},"_links":{"self":[{"href":"https:\/\/roveyayinevi.com.tr\/index.php\/wp-json\/wp\/v2\/product\/721511","targetHints":{"allow":["GET"]}}],"collection":[{"href":"https:\/\/roveyayinevi.com.tr\/index.php\/wp-json\/wp\/v2\/product"}],"about":[{"href":"https:\/\/roveyayinevi.com.tr\/index.php\/wp-json\/wp\/v2\/types\/product"}],"wp:attachment":[{"href":"https:\/\/roveyayinevi.com.tr\/index.php\/wp-json\/wp\/v2\/media?parent=721511"}],"wp:term":[{"taxonomy":"product_brand","embeddable":true,"href":"https:\/\/roveyayinevi.com.tr\/index.php\/wp-json\/wp\/v2\/product_brand?post=721511"},{"taxonomy":"product_cat","embeddable":true,"href":"https:\/\/roveyayinevi.com.tr\/index.php\/wp-json\/wp\/v2\/product_cat?post=721511"},{"taxonomy":"product_tag","embeddable":true,"href":"https:\/\/roveyayinevi.com.tr\/index.php\/wp-json\/wp\/v2\/product_tag?post=721511"}],"curies":[{"name":"wp","href":"https:\/\/api.w.org\/{rel}","templated":true}]}}