{"id":721496,"date":"2025-08-27T18:51:05","date_gmt":"2025-08-27T15:51:05","guid":{"rendered":"https:\/\/roveyayinevi.com.tr\/index.php\/urun\/toplumsal-cinsiyet-akiskan-midir\/"},"modified":"2026-04-16T02:29:24","modified_gmt":"2026-04-15T23:29:24","slug":"toplumsal-cinsiyet-akiskan-midir","status":"publish","type":"product","link":"https:\/\/roveyayinevi.com.tr\/index.php\/urun\/toplumsal-cinsiyet-akiskan-midir\/","title":{"rendered":"Toplumsal Cinsiyet Ak\u0131\u015fkan m\u0131d\u0131r?"},"content":{"rendered":"<p>Hep kitap\u2019tan yenilik\u00e7i, bilgilendirici, \u00e7\u0131\u011f\u0131r a\u00e7\u0131c\u0131 yepyeni bir dizi: \u00d6nemli Sorular! Bu kitaplar, hayatlar\u0131m\u0131zda ve bug\u00fcn\u00fcn d\u00fcnyas\u0131nda b\u00fcy\u00fck etkisi olan temel meselelere yepyeni bir pencereden bak\u0131yor.E\u015fsiz g\u00f6rsel tasar\u0131m\u0131 ve katmanl\u0131 metin yap\u0131s\u0131yla karma\u015f\u0131k konular\u0131 anlamam\u0131z\u0131 kolayla\u015ft\u0131r\u0131yor. Geriye sadece \u00f6nemli sorular\u0131n ard\u0131ndaki tart\u0131\u015fmalar\u0131n derinliklerine inmek kal\u0131yor.Do\u011fdu\u011fumuzda her birimize fiziksel anatomimize dayanan biyolojik bir cinsiyet atan\u0131r. Peki neden baz\u0131 insanlar\u0131n biyolojik cinsiyetleriyle i\u00e7sel kimlikleri aras\u0131nda bu kadar fark oluyor?Cinsiyet oldu\u011fumuz bir \u015fey midir yoksa in\u015fa etti\u011fimiz bir \u015fey mi? Toplumsal cinsiyet ifademiz do\u011fu\u015ftan m\u0131d\u0131r yoksa zamanla m\u0131 geli\u015fir? Geleneksel ikili kad\u0131n ve erkek rolleri b\u00f6ylesi esnek ve ak\u0131\u015fkan bir d\u00fcnyaya uygun mu? Bu kapsaml\u0131, ilham verici kitap toplumsal cinsiyet ve psikoloji aras\u0131ndaki ba\u011flar\u0131 inceleyerek bireysel ve sosyal tav\u0131rlar\u0131n y\u00fczy\u0131llar i\u00e7inde nas\u0131l de\u011fi\u015fti\u011fini ortaya koyuyor.<\/p>\n","protected":false},"excerpt":{"rendered":"<p>Hep kitap\u2019tan yenilik\u00e7i, bilgilendirici, \u00e7\u0131\u011f\u0131r a\u00e7\u0131c\u0131 yepyeni bir dizi: \u00d6nemli Sorular! Bu kitaplar, hayatlar\u0131m\u0131zda ve bug\u00fcn\u00fcn d\u00fcnyas\u0131nda b\u00fcy\u00fck etkisi olan temel meselelere yepyeni bir pencereden bak\u0131yor.E\u015fsiz<span class=\"excerpt-hellip\"> [\u2026]<\/span><\/p>\n","protected":false},"featured_media":0,"template":"","meta":{"_monsterinsights_skip_tracking":false,"_monsterinsights_sitenote_active":false,"_monsterinsights_sitenote_note":"","_monsterinsights_sitenote_category":0},"product_brand":[],"product_cat":[14787,13488],"product_tag":[],"class_list":{"0":"post-721496","1":"product","2":"type-product","3":"status-publish","5":"product_cat-diger-toplum-ve-insan","6":"product_cat-toplum-ve-insan","7":"pa_cilt-ciltsiz","8":"pa_tur-kitap","9":"pa_yayinevi-hep-kitap","10":"pa_yazar-sally-hines","12":"first","13":"instock","14":"sale","15":"shipping-taxable","16":"purchasable","17":"product-type-simple"},"_links":{"self":[{"href":"https:\/\/roveyayinevi.com.tr\/index.php\/wp-json\/wp\/v2\/product\/721496","targetHints":{"allow":["GET"]}}],"collection":[{"href":"https:\/\/roveyayinevi.com.tr\/index.php\/wp-json\/wp\/v2\/product"}],"about":[{"href":"https:\/\/roveyayinevi.com.tr\/index.php\/wp-json\/wp\/v2\/types\/product"}],"wp:attachment":[{"href":"https:\/\/roveyayinevi.com.tr\/index.php\/wp-json\/wp\/v2\/media?parent=721496"}],"wp:term":[{"taxonomy":"product_brand","embeddable":true,"href":"https:\/\/roveyayinevi.com.tr\/index.php\/wp-json\/wp\/v2\/product_brand?post=721496"},{"taxonomy":"product_cat","embeddable":true,"href":"https:\/\/roveyayinevi.com.tr\/index.php\/wp-json\/wp\/v2\/product_cat?post=721496"},{"taxonomy":"product_tag","embeddable":true,"href":"https:\/\/roveyayinevi.com.tr\/index.php\/wp-json\/wp\/v2\/product_tag?post=721496"}],"curies":[{"name":"wp","href":"https:\/\/api.w.org\/{rel}","templated":true}]}}