{"id":721488,"date":"2025-08-27T18:50:58","date_gmt":"2025-08-27T15:50:58","guid":{"rendered":"https:\/\/roveyayinevi.com.tr\/index.php\/urun\/isminin-gunesi\/"},"modified":"2026-04-16T02:29:23","modified_gmt":"2026-04-15T23:29:23","slug":"isminin-gunesi","status":"publish","type":"product","link":"https:\/\/roveyayinevi.com.tr\/index.php\/urun\/isminin-gunesi\/","title":{"rendered":"\u0130sminin G\u00fcne\u015fi"},"content":{"rendered":"<p>Belki art\u0131k bu oda sadece bir dekordu; ba\u015far\u0131s\u0131z, hi\u00e7 sahnelenmemi\u015f bir oyunun dekoru\u2026 Ama en az\u0131ndan duvarlar so\u011fuk ve dingindi. Pencereyi a\u00e7\u0131nca so\u011fuk r\u00fczg\u00e2r y\u00fcz\u00fcme dokundu. Bir arada yaln\u0131z duran, kardan sa\u00e7lar\u0131 a\u011farm\u0131\u015f \u00e7am a\u011fa\u00e7lar\u0131, nadir ge\u00e7en arabalar\u0131n ezdi\u011fi buzun \u00e7\u0131\u011fl\u0131\u011f\u0131, can\u0131 isteyince yanan, tembel ve kambur bir sokak lambas\u0131\u2026 Yaln\u0131zca onlar beni anl\u0131yorlard\u0131.<\/p>\n","protected":false},"excerpt":{"rendered":"<p>Belki art\u0131k bu oda sadece bir dekordu; ba\u015far\u0131s\u0131z, hi\u00e7 sahnelenmemi\u015f bir oyunun dekoru\u2026 Ama en az\u0131ndan duvarlar so\u011fuk ve dingindi. Pencereyi a\u00e7\u0131nca so\u011fuk r\u00fczg\u00e2r y\u00fcz\u00fcme dokundu.<span class=\"excerpt-hellip\"> [\u2026]<\/span><\/p>\n","protected":false},"featured_media":0,"template":"","meta":{"_monsterinsights_skip_tracking":false,"_monsterinsights_sitenote_active":false,"_monsterinsights_sitenote_note":"","_monsterinsights_sitenote_category":0},"product_brand":[],"product_cat":[12291,12711],"product_tag":[],"class_list":{"0":"post-721488","1":"product","2":"type-product","3":"status-publish","5":"product_cat-edebiyat","6":"product_cat-roman-oyku","7":"pa_cilt-ciltsiz","8":"pa_tur-kitap","9":"pa_yayinevi-bencekitap","10":"pa_yazar-ersin-kucukyilmaz","12":"first","13":"instock","14":"sale","15":"shipping-taxable","16":"purchasable","17":"product-type-simple"},"_links":{"self":[{"href":"https:\/\/roveyayinevi.com.tr\/index.php\/wp-json\/wp\/v2\/product\/721488","targetHints":{"allow":["GET"]}}],"collection":[{"href":"https:\/\/roveyayinevi.com.tr\/index.php\/wp-json\/wp\/v2\/product"}],"about":[{"href":"https:\/\/roveyayinevi.com.tr\/index.php\/wp-json\/wp\/v2\/types\/product"}],"wp:attachment":[{"href":"https:\/\/roveyayinevi.com.tr\/index.php\/wp-json\/wp\/v2\/media?parent=721488"}],"wp:term":[{"taxonomy":"product_brand","embeddable":true,"href":"https:\/\/roveyayinevi.com.tr\/index.php\/wp-json\/wp\/v2\/product_brand?post=721488"},{"taxonomy":"product_cat","embeddable":true,"href":"https:\/\/roveyayinevi.com.tr\/index.php\/wp-json\/wp\/v2\/product_cat?post=721488"},{"taxonomy":"product_tag","embeddable":true,"href":"https:\/\/roveyayinevi.com.tr\/index.php\/wp-json\/wp\/v2\/product_tag?post=721488"}],"curies":[{"name":"wp","href":"https:\/\/api.w.org\/{rel}","templated":true}]}}