{"id":721473,"date":"2025-08-27T18:50:47","date_gmt":"2025-08-27T15:50:47","guid":{"rendered":"https:\/\/roveyayinevi.com.tr\/index.php\/urun\/denizler-altinda-yirmi-bin-fersah-cep-kitap\/"},"modified":"2026-04-16T02:29:23","modified_gmt":"2026-04-15T23:29:23","slug":"denizler-altinda-yirmi-bin-fersah-cep-kitap","status":"publish","type":"product","link":"https:\/\/roveyayinevi.com.tr\/index.php\/urun\/denizler-altinda-yirmi-bin-fersah-cep-kitap\/","title":{"rendered":"Denizler Alt\u0131nda Yirmi Bin Fersah (Cep Kitap)"},"content":{"rendered":"<p>D\u00fcnyan\u0131n d\u00f6rt bir yan\u0131ndaki denizlerden tuhaf haberler geliyor\u2026 Anlat\u0131lanlara bak\u0131l\u0131rsa; kimsenin ger\u00e7ekte ne oldu\u011funu bilmedi\u011fi bir deniz canavar\u0131, d\u00fcnya denizlerinde deh\u015fet salm\u0131\u015f durumda. Ak\u0131l s\u0131r ermez bir h\u0131zla hareket ederek d\u00fcnyan\u0131n bir o ucunda bir bu ucunda g\u00f6r\u00fcl\u00fcyor, \u0131\u015f\u0131klar sa\u00e7arak y\u00fczeye \u00e7\u0131kt\u0131\u011f\u0131nda ise koca gemileri tek bir darbeyle hi\u00e7 zorlanmadan denizin karanl\u0131k ve so\u011fuk sular\u0131na g\u00f6m\u00fcyor. Bu duruma bir son verilmesi gerekti\u011fini d\u00fc\u015f\u00fcnenler \u00e7o\u011funlukta. Gizemli canavar\u0131 avlamak i\u00e7in bir sava\u015f gemisi g\u00f6revlendiriliyor ve deniz ara\u015ft\u0131rmac\u0131s\u0131 Profes\u00f6r Aronnax ile \u00fcnl\u00fc z\u0131pk\u0131nc\u0131 Ned Land\u2019\u0131n da d\u00e2hil oldu\u011fu donan\u0131ml\u0131 bir ekip denize a\u00e7\u0131l\u0131yor. Acaba bu g\u00f6revde ba\u015far\u0131l\u0131 olup d\u00fcnya denizlerini cehenneme \u00e7eviren bu canavar\u0131n ard\u0131ndaki gizem perdesini aralamay\u0131 ba\u015farabilecekler mi? Jules Verne\u2019in (1828-1905) en \u00e7ok bilinen romanlar\u0131ndan biri olan Denizler Alt\u0131nda Yirmi Bin Fersah, yay\u0131mland\u0131\u011f\u0131 1870 y\u0131l\u0131ndan bu yana en \u00e7ok okunan kitaplar aras\u0131nda yer almay\u0131 s\u00fcrd\u00fcrm\u00fc\u015f, bir\u00e7ok dile terc\u00fcme edilmesinin yan\u0131 s\u0131ra pek \u00e7ok kez sinema ve televizyona da uyarlanm\u0131\u015ft\u0131r.<\/p>\n","protected":false},"excerpt":{"rendered":"<p>D\u00fcnyan\u0131n d\u00f6rt bir yan\u0131ndaki denizlerden tuhaf haberler geliyor\u2026 Anlat\u0131lanlara bak\u0131l\u0131rsa; kimsenin ger\u00e7ekte ne oldu\u011funu bilmedi\u011fi bir deniz canavar\u0131, d\u00fcnya denizlerinde deh\u015fet salm\u0131\u015f durumda. Ak\u0131l s\u0131r ermez<span class=\"excerpt-hellip\"> [\u2026]<\/span><\/p>\n","protected":false},"featured_media":0,"template":"","meta":{"_monsterinsights_skip_tracking":false,"_monsterinsights_sitenote_active":false,"_monsterinsights_sitenote_note":"","_monsterinsights_sitenote_category":0},"product_brand":[],"product_cat":[12274,12284],"product_tag":[],"class_list":{"0":"post-721473","1":"product","2":"type-product","3":"status-publish","5":"product_cat-cocuk-ve-genclik-kitaplari","6":"product_cat-hikayeler","7":"pa_cilt-ciltsiz","8":"pa_tur-kitap","9":"pa_yayinevi-arkadas-yayinlari","10":"pa_yazar-jules-verne","12":"first","13":"instock","14":"sale","15":"shipping-taxable","16":"purchasable","17":"product-type-simple"},"_links":{"self":[{"href":"https:\/\/roveyayinevi.com.tr\/index.php\/wp-json\/wp\/v2\/product\/721473","targetHints":{"allow":["GET"]}}],"collection":[{"href":"https:\/\/roveyayinevi.com.tr\/index.php\/wp-json\/wp\/v2\/product"}],"about":[{"href":"https:\/\/roveyayinevi.com.tr\/index.php\/wp-json\/wp\/v2\/types\/product"}],"wp:attachment":[{"href":"https:\/\/roveyayinevi.com.tr\/index.php\/wp-json\/wp\/v2\/media?parent=721473"}],"wp:term":[{"taxonomy":"product_brand","embeddable":true,"href":"https:\/\/roveyayinevi.com.tr\/index.php\/wp-json\/wp\/v2\/product_brand?post=721473"},{"taxonomy":"product_cat","embeddable":true,"href":"https:\/\/roveyayinevi.com.tr\/index.php\/wp-json\/wp\/v2\/product_cat?post=721473"},{"taxonomy":"product_tag","embeddable":true,"href":"https:\/\/roveyayinevi.com.tr\/index.php\/wp-json\/wp\/v2\/product_tag?post=721473"}],"curies":[{"name":"wp","href":"https:\/\/api.w.org\/{rel}","templated":true}]}}