{"id":721468,"date":"2025-08-27T18:50:43","date_gmt":"2025-08-27T15:50:43","guid":{"rendered":"https:\/\/roveyayinevi.com.tr\/index.php\/urun\/kevser\/"},"modified":"2026-04-16T02:29:23","modified_gmt":"2026-04-15T23:29:23","slug":"kevser","status":"publish","type":"product","link":"https:\/\/roveyayinevi.com.tr\/index.php\/urun\/kevser\/","title":{"rendered":"Kevser"},"content":{"rendered":"<p>\u201cHer taraf\u0131 gece olan birini \u0131\u015f\u0131klar\u0131 kapatarak korkutamazs\u0131n.\u201dBir kad\u0131n ka\u00e7 kere k\u00f6r kuyulara d\u00fc\u015febilir ve ka\u00e7 kere \u00e7\u0131kabilir yukar\u0131? Ge\u00e7mi\u015fin sava\u015flar\u0131 bir zaaf m\u0131d\u0131r yoksa gelece\u011fe \u015fekil veren alt\u0131n birer ni\u015fan m\u0131?Kevser, harabeye d\u00f6nm\u00fc\u015f yuvas\u0131ndan yeti\u015ftirme yurduna, oradan da bir hatan\u0131n korkun\u00e7 kollar\u0131na savrulmu\u015f, yine de hayat\u0131n\u0131n kontrol\u00fcn\u00fc eline almak i\u00e7in b\u0131kmadan, yorulmadan m\u00fccadele etmi\u015f bir hayat sava\u015f\u00e7\u0131s\u0131.Kevser, ayn\u0131 vapura bindi\u011finiz, ayn\u0131 sokaklarda y\u00fcr\u00fcd\u00fc\u011f\u00fcn\u00fcz, ayn\u0131 marketten al\u0131\u015fveri\u015f yapt\u0131\u011f\u0131n\u0131z ya da \u00e7ok uzaklardan hikayelerini h\u00fcz\u00fcnle dinledi\u011finiz kad\u0131nlar\u0131n sesi. Kevser\u2019de her biri ya\u015fanm\u0131\u015f bu hikayeleri okurken, ac\u0131n\u0131n esir ald\u0131\u011f\u0131 bir hayat\u0131n umut ser\u00fcvenine \u00e7\u0131kacaks\u0131n\u0131z.<\/p>\n","protected":false},"excerpt":{"rendered":"<p>\u201cHer taraf\u0131 gece olan birini \u0131\u015f\u0131klar\u0131 kapatarak korkutamazs\u0131n.\u201dBir kad\u0131n ka\u00e7 kere k\u00f6r kuyulara d\u00fc\u015febilir ve ka\u00e7 kere \u00e7\u0131kabilir yukar\u0131? Ge\u00e7mi\u015fin sava\u015flar\u0131 bir zaaf m\u0131d\u0131r yoksa gelece\u011fe<span class=\"excerpt-hellip\"> [\u2026]<\/span><\/p>\n","protected":false},"featured_media":0,"template":"","meta":{"_monsterinsights_skip_tracking":false,"_monsterinsights_sitenote_active":false,"_monsterinsights_sitenote_note":"","_monsterinsights_sitenote_category":0},"product_brand":[],"product_cat":[12291,12711],"product_tag":[],"class_list":{"0":"post-721468","1":"product","2":"type-product","3":"status-publish","5":"product_cat-edebiyat","6":"product_cat-roman-oyku","7":"pa_cilt-ciltsiz","8":"pa_tur-kitap","9":"pa_yayinevi-hep-kitap","10":"pa_yazar-burcu-karatas-metin","12":"first","13":"instock","14":"sale","15":"shipping-taxable","16":"purchasable","17":"product-type-simple"},"_links":{"self":[{"href":"https:\/\/roveyayinevi.com.tr\/index.php\/wp-json\/wp\/v2\/product\/721468","targetHints":{"allow":["GET"]}}],"collection":[{"href":"https:\/\/roveyayinevi.com.tr\/index.php\/wp-json\/wp\/v2\/product"}],"about":[{"href":"https:\/\/roveyayinevi.com.tr\/index.php\/wp-json\/wp\/v2\/types\/product"}],"wp:attachment":[{"href":"https:\/\/roveyayinevi.com.tr\/index.php\/wp-json\/wp\/v2\/media?parent=721468"}],"wp:term":[{"taxonomy":"product_brand","embeddable":true,"href":"https:\/\/roveyayinevi.com.tr\/index.php\/wp-json\/wp\/v2\/product_brand?post=721468"},{"taxonomy":"product_cat","embeddable":true,"href":"https:\/\/roveyayinevi.com.tr\/index.php\/wp-json\/wp\/v2\/product_cat?post=721468"},{"taxonomy":"product_tag","embeddable":true,"href":"https:\/\/roveyayinevi.com.tr\/index.php\/wp-json\/wp\/v2\/product_tag?post=721468"}],"curies":[{"name":"wp","href":"https:\/\/api.w.org\/{rel}","templated":true}]}}