{"id":721466,"date":"2025-08-27T18:50:41","date_gmt":"2025-08-27T15:50:41","guid":{"rendered":"https:\/\/roveyayinevi.com.tr\/index.php\/urun\/dunyayi-kurtaran-inek\/"},"modified":"2026-04-16T02:29:23","modified_gmt":"2026-04-15T23:29:23","slug":"dunyayi-kurtaran-inek","status":"publish","type":"product","link":"https:\/\/roveyayinevi.com.tr\/index.php\/urun\/dunyayi-kurtaran-inek\/","title":{"rendered":"D\u00fcnyay\u0131 Kurtaran \u0130nek"},"content":{"rendered":"<p>Bir ine\u011fin hem d\u00fc\u015f\u00fcnd\u00fcren hem e\u011flendiren maceras\u0131&#8230;\u00c7iftlikte ya\u015fayan inek Kaymak hayat\u0131n\u0131n anlam\u0131n\u0131n \u201cs\u00fct\u201d oldu\u011funu d\u00fc\u015f\u00fcn\u00fcyordu.Ta ki bir yavrusu olana kadar. Yavrusu ile mutlulu\u011fu fazla s\u00fcrmedi. Bir sabah uyand\u0131\u011f\u0131nda yavrusunun yan\u0131nda olmad\u0131\u011f\u0131n\u0131 fark etti. Kaymak, yavrusunun pe\u015finden gidip onu tekrar ait oldu\u011fu yere getirmek i\u00e7in harekete ge\u00e7ti.<\/p>\n","protected":false},"excerpt":{"rendered":"<p>Bir ine\u011fin hem d\u00fc\u015f\u00fcnd\u00fcren hem e\u011flendiren maceras\u0131&#8230;\u00c7iftlikte ya\u015fayan inek Kaymak hayat\u0131n\u0131n anlam\u0131n\u0131n \u201cs\u00fct\u201d oldu\u011funu d\u00fc\u015f\u00fcn\u00fcyordu.Ta ki bir yavrusu olana kadar. Yavrusu ile mutlulu\u011fu fazla s\u00fcrmedi. Bir<span class=\"excerpt-hellip\"> [\u2026]<\/span><\/p>\n","protected":false},"featured_media":0,"template":"","meta":{"_monsterinsights_skip_tracking":false,"_monsterinsights_sitenote_active":false,"_monsterinsights_sitenote_note":"","_monsterinsights_sitenote_category":0},"product_brand":[],"product_cat":[12274,12284],"product_tag":[],"class_list":{"0":"post-721466","1":"product","2":"type-product","3":"status-publish","5":"product_cat-cocuk-ve-genclik-kitaplari","6":"product_cat-hikayeler","7":"pa_cilt-ciltsiz","8":"pa_tur-kitap","9":"pa_yayinevi-hep-kitap","10":"pa_yazar-selcuk-ceylan","12":"first","13":"instock","14":"sale","15":"shipping-taxable","16":"purchasable","17":"product-type-simple"},"_links":{"self":[{"href":"https:\/\/roveyayinevi.com.tr\/index.php\/wp-json\/wp\/v2\/product\/721466","targetHints":{"allow":["GET"]}}],"collection":[{"href":"https:\/\/roveyayinevi.com.tr\/index.php\/wp-json\/wp\/v2\/product"}],"about":[{"href":"https:\/\/roveyayinevi.com.tr\/index.php\/wp-json\/wp\/v2\/types\/product"}],"wp:attachment":[{"href":"https:\/\/roveyayinevi.com.tr\/index.php\/wp-json\/wp\/v2\/media?parent=721466"}],"wp:term":[{"taxonomy":"product_brand","embeddable":true,"href":"https:\/\/roveyayinevi.com.tr\/index.php\/wp-json\/wp\/v2\/product_brand?post=721466"},{"taxonomy":"product_cat","embeddable":true,"href":"https:\/\/roveyayinevi.com.tr\/index.php\/wp-json\/wp\/v2\/product_cat?post=721466"},{"taxonomy":"product_tag","embeddable":true,"href":"https:\/\/roveyayinevi.com.tr\/index.php\/wp-json\/wp\/v2\/product_tag?post=721466"}],"curies":[{"name":"wp","href":"https:\/\/api.w.org\/{rel}","templated":true}]}}