{"id":721448,"date":"2025-08-27T18:50:26","date_gmt":"2025-08-27T15:50:26","guid":{"rendered":"https:\/\/roveyayinevi.com.tr\/index.php\/urun\/john-verdon-polisiye-set-5-kitap-kutulu\/"},"modified":"2026-04-16T02:29:23","modified_gmt":"2026-04-15T23:29:23","slug":"john-verdon-polisiye-set-5-kitap-kutulu","status":"publish","type":"product","link":"https:\/\/roveyayinevi.com.tr\/index.php\/urun\/john-verdon-polisiye-set-5-kitap-kutulu\/","title":{"rendered":"John Verdon Polisiye Set (5 Kitap Kutulu)"},"content":{"rendered":"<p>Akl\u0131ndan Bir Say\u0131 TutBir adam, posta kutusuna b\u0131rak\u0131lm\u0131\u015f imzas\u0131z bir mektup al\u0131r. Mektupta \u015f\u00f6yle yazmaktad\u0131r: \u201cAkl\u0131ndan herhangi bir say\u0131 tut 1 ila 1000 aras\u0131nda herhangi bir say\u0131.\u201d Adam \u00f6ylesine 658 say\u0131s\u0131n\u0131 tutar. Not \u015f\u00f6yle devam etmektedir: \u201cS\u0131rlar\u0131n\u0131 nas\u0131l bildi\u011fimi g\u00f6receksin\u2026 k\u00fc\u00e7\u00fck zarf\u0131 a\u00e7.\u201d\u201cAld\u0131klar\u0131n\u0131 geri vereceksinVermi\u015f olduklar\u0131n\u0131 ald\u0131\u011f\u0131n zaman.Biliyorum ne d\u00fc\u015f\u00fcnd\u00fc\u011f\u00fcn\u00fc,Ne zaman uyudu\u011funu,Nereye gitti\u011fini,Nereye gidece\u011fini.Seninle bir randevumuz var,Bay 658.\u201dS\u0131radanl\u0131klara meydan okuyan, an\u0131nda ba\u015f\u0131n\u0131z\u0131 d\u00f6nd\u00fcrecek ve ilgi \u00e7ekici karakterlerinin kalp at\u0131\u015flar\u0131n\u0131 t\u00fcm ger\u00e7ekli\u011fiyle hissedece\u011finiz bir kitap. Akl\u0131ndan Bir Say\u0131 Tut kolay kolay unutmayaca\u011f\u0131n\u0131z bir roman.G\u00f6zlerini S\u0131ms\u0131k\u0131 KapatSana bir s\u00fcrprizim var\u2026 G\u00f6zlerini s\u0131ms\u0131k\u0131 kapatNew York\u2019un en g\u00f6zde dedektifiyken, bas\u0131n\u0131n kendisine yak\u0131\u015ft\u0131rd\u0131\u011f\u0131 isimden hep rahats\u0131z olmu\u015ftu: S\u00fcper Dedektif. Bir bulmacayla kar\u015f\u0131la\u015ft\u0131\u011f\u0131nda, mutlaka \u00e7\u00f6zmek isterdi. Gurney\u2019e g\u00f6re her bulmacan\u0131n \u00e7\u00f6z\u00fcm\u00fc i\u00e7in mutlaka bir ipucu vard\u0131.Peki ya bu sefer yoksa?D\u00fc\u011f\u00fcn g\u00fcn\u00fc \u00f6ld\u00fcr\u00fclen bir gelin\u2026 Ve olaya tan\u0131kl\u0131k eden y\u00fczlerce davetli. Cinayeti kimin i\u015fledi\u011fi ortada, herkes kendinden emin ama ya hepsi zekice bir ill\u00fczyonla yan\u0131lt\u0131l\u0131yorsa&#8230; Cinayet silah\u0131 dahil bir\u00e7ok detayda s\u00fcrpriz ak\u0131l oyunlar\u0131n\u0131 g\u00f6rd\u00fc\u011f\u00fcnde, Gurney tam bir psikopatla kar\u015f\u0131 kar\u015f\u0131ya oldu\u011funu anlar.Gurney \u015feytan\u0131n bile akl\u0131na gelmeyecek y\u00f6ntemleri, sorular\u0131 ve keskin bak\u0131\u015f a\u00e7\u0131s\u0131yla soru\u015fturmaya bamba\u015fka bir boyut kazand\u0131racakt\u0131r. Kim daha zeki; Gurney mi, yoksa m\u00fcthi\u015f bir ill\u00fczyondan ibaret katil mi? John Verdon\u2019dan, ak\u0131l oyunlar\u0131n\u0131n i\u00e7 i\u00e7e ge\u00e7ti\u011fi, s\u0131ra d\u0131\u015f\u0131 bir roman.\u201cYine ilki kadar \u015fa\u015fk\u0131nl\u0131k verici bir olay ve yine dahice \u00e7\u00f6z\u00fcmler.\u201d- Publishers Weekly\u201cJohn Verdon gizemli bir olay\u0131n ak\u0131l almaz \u00f6rg\u00fcs\u00fcn\u00fc i\u015flerken hikayenin en beklenmedik an\u0131nda ortaya \u00e7\u0131k\u0131veren, \u015feytani bir kurnazl\u0131\u011fa sahip. Yazar\u0131n b\u00fcy\u00fck ilgi g\u00f6ren Akl\u0131ndan Bir Say\u0131 Tut kitab\u0131ndan sonra bekledi\u011finize de\u011fecek.\u201d- Washington Post\u015eeytan\u0131 Uyand\u0131rmaAsla o karanl\u0131k odaya girme. Sabaha \u00e7\u0131kmak istiyorsan \u015feytan\u0131 uyand\u0131rma.Hi\u00e7bir cinayet kusursuz de\u011fildir. \u00d6zellikle Dahi Dedektif Dave Gurney bir olaya m\u00fcdahil olup hi\u00e7 kimsenin g\u00f6remedi\u011fi detaylar\u0131 ortaya \u00e7\u0131kard\u0131\u011f\u0131nda, \u00e7\u0131k\u0131\u015f\u0131 olmad\u0131\u011f\u0131 d\u00fc\u015f\u00fcn\u00fclen labirentin \u00e7\u0131k\u0131\u015f\u0131n\u0131 ustal\u0131kla buldu\u011funda\u2026Gurney, bir seri katil \u00fczerine belgesel haz\u0131rlayan gen\u00e7 bir k\u0131za dan\u0131\u015fmanl\u0131k yapmay\u0131 kabul eder. On y\u0131l \u00f6nce ya\u015fanan bu olaylarda kurbanlar\u0131n hepsi keskin bir ni\u015fanc\u0131 taraf\u0131ndan zifiri karanl\u0131kta, pahal\u0131 Mercedes arabalar\u0131n\u0131 kullan\u0131rken, ayn\u0131 a\u00e7\u0131dan ve noktadan kusursuz bi\u00e7imde vurulmu\u015f ve bedenlerinin yan\u0131na birer oyuncak hayvan b\u0131rak\u0131lm\u0131\u015ft\u0131r. Asla ayd\u0131nlat\u0131lamayan bu cinayetlerin \u00fcst\u00fcne bir perde \u00e7ekilmi\u015ftir ve kimse bu perdeyi kald\u0131rabilecek kadar cesaretli de\u011fildir. Tek bir ki\u015fi d\u0131\u015f\u0131nda.Gurney\u2019in, kimseye izini belli etmeyecek kadar dahiyane bir plan yapm\u0131\u015f olan bu caniyle oynayabilece\u011fi tek bir oyun vard\u0131r. \u00d6l\u00fcm oyunu: Kendini hedef g\u00f6ster, o sana gelsin.\u201cZeki bir adam\u0131 karma\u015f\u0131k bulmacalar \u00e7\u00f6zerken izlemek m\u00fcthi\u015f bir keyif. Gurney i\u015fte bu y\u00f6n\u00fcyle fark\u0131n\u0131 ortaya koyuyor.\u201d- New York Times\u201cHer sayfada artan gerilimle, bir psikopat\u0131n i\u00e7 d\u00fcnyas\u0131n\u0131n derinliklerine ineceksiniz.\u201d- Publishers Weekly\u201c\u015ea\u015f\u0131rt\u0131c\u0131 bir son ve tam bir \u015faheser. T\u0131rnaklar\u0131n\u0131z\u0131 kemirtecek kadar heyecan verici.\u201d- New York Journal of BooksPeter Pan \u00d6lmeliJohn verdon\u2019un \u015fimdiye dek yazd\u0131\u011f\u0131 bu en \u015fa\u015f\u0131rt\u0131c\u0131 roman\u0131nda, her olay\u0131 bulmaca \u00e7\u00f6zer gibi ele alan dave gurney, polisin belirtti\u011fi \u015fekilde i\u015flenmesi imkans\u0131z olan bir cinayeti s\u0131ra d\u0131\u015f\u0131 dehas\u0131yla \u00e7\u00f6zebilecek mi\u2026Varl\u0131kl\u0131 bir i\u015fadam\u0131, annesinin cenazesinde suikasta kurban gitmi\u015ftir. Su\u00e7lu bulunan kar\u0131s\u0131 tutuklan\u0131r ve \u00f6m\u00fcr boyu hapse mahkum edilir. Onun masum oldu\u011funa inanan s\u00fcrg\u00fcndeki dedektif Hardwick, bu esrar\u0131 \u00e7\u00f6zebilecek tek ki\u015finin, Dahi Dedektif Dave Gurney\u2019in kap\u0131s\u0131n\u0131 \u00e7alar.Suikast\u00e7\u0131n\u0131n, bulundu\u011fu noktadan hedefi vurabilmesinin imkans\u0131zl\u0131\u011f\u0131 sadece Gurney\u2019in dikkat edebilece\u011fi k\u00fc\u00e7\u00fck bir ayr\u0131nt\u0131yd\u0131. Gurney, soru\u015fturma i\u00e7in delilleri toplamaya ba\u015flad\u0131k\u00e7a birbiri ard\u0131na tuhafl\u0131klar oldu\u011funu fark eder ve \u00e7ok ge\u00e7meden tehlikeli bir adam\u0131n, sonucunda sadece \u00f6l\u00fcm olan \u015feytani hamleleriyle kar\u015f\u0131 kar\u015f\u0131ya kal\u0131r. Bu adamla alay eden herkes, bir g\u00fcn ans\u0131z\u0131n ortadan kaybolmu\u015f, kendilerinden bir daha hi\u00e7 haber al\u0131namam\u0131\u015ft\u0131r. \u00d6ld\u00fcr\u00fcrken hep ayn\u0131 \u015fark\u0131y\u0131 m\u0131r\u0131ldanan, d\u00fcnyan\u0131n en az\u0131l\u0131 tetik\u00e7isi, \u00e7ocuk g\u00f6r\u00fcn\u00fcml\u00fc oldu\u011fu i\u00e7in \u201cPeter Pan\u201d denilen sihirbaz bir cani.\u201cDeh\u015fet verici bir olay ve \u00e7atall\u0131 yol ayr\u0131m\u0131nda bir dedektif. Kesinlikle ba\u015far\u0131l\u0131 bir kombinasyon.\u201d- New York Daily News\u201cSherlock Holmes gibi Gurney de ger\u00e7e\u011fe o derece susam\u0131\u015f, hassas ve mant\u0131kl\u0131.\u201d- New York Times\u201cJohn Verdon gizemli bir olay\u0131n ak\u0131l almaz \u00f6rg\u00fcs\u00fcn\u00fc i\u015flerken hikayenin en beklenmedik an\u0131nda ortaya \u00e7\u0131k\u0131veren, \u015feytani bir kurnazl\u0131\u011fa sahip.\u201d- Washington PostKurt G\u00f6l\u00fcG\u00f6rd\u00fc\u011f\u00fcn\u00fcz bir kabus, cinayet silah\u0131 olarak kullan\u0131labilir mi? \u00dclkenin farkl\u0131 yerlerinde ya\u015fayan d\u00f6rt ki\u015finin tek ortak noktas\u0131; ayn\u0131 r\u00fcyay\u0131 g\u00f6rd\u00fcklerini ve bu r\u00fcyada kurt ba\u015fl\u0131 bir han\u00e7erle \u00f6ld\u00fcr\u00fcld\u00fcklerini s\u00f6ylemi\u015f olmalar\u0131d\u0131r. D\u00f6rd\u00fc de bu ifadelerinden hemen sonra, bilekleri kesilmi\u015f halde bulunur ve yan\u0131 ba\u015flar\u0131nda hepsini \u00f6l\u00fcme g\u00f6t\u00fcren kurt ba\u015fl\u0131 bir han\u00e7er duruyordur. Onlar\u0131 intihara g\u00f6t\u00fcren bu kabuslar m\u0131yd\u0131? Bir anda t\u00fcm dikkatler, \u00fcrk\u00fct\u00fcc\u00fc atmosfere sahip Kurt G\u00f6l\u00fc diye bilinen yerde, hipnoz terapileri yapan Psikolog Richard Hammond\u2019a y\u00f6nelir. Her bir kurban \u00f6lmeden k\u0131sa bir s\u00fcre \u00f6nce Hammond ile Kurt G\u00f6l\u00fc\u2019nde hipnoz terapisi g\u00f6rm\u00fc\u015ft\u00fcr. Kurt G\u00f6l\u00fc\u2019n\u00fcn \u015feytani esrarengizli\u011finde en az onu tuza\u011fa d\u00fc\u015f\u00fcren kar f\u0131rt\u0131nas\u0131 kadar ac\u0131mas\u0131z olan d\u00fc\u015fmanlar\u0131, ne pahas\u0131na olursa olsun Gurney\u2019i ger\u00e7eklerden uzak tutmaya kararl\u0131d\u0131rlar. Duygusal a\u00e7\u0131dan k\u0131r\u0131lma noktas\u0131na gelen Gurney, \u015fimdiye kadarki en korkun\u00e7 d\u00fc\u015fman\u0131 ile kendini \u00f6l\u00fcmc\u00fcl bir oyunun i\u00e7inde bulur.<\/p>\n","protected":false},"excerpt":{"rendered":"<p>Akl\u0131ndan Bir Say\u0131 TutBir adam, posta kutusuna b\u0131rak\u0131lm\u0131\u015f imzas\u0131z bir mektup al\u0131r. Mektupta \u015f\u00f6yle yazmaktad\u0131r: \u201cAkl\u0131ndan herhangi bir say\u0131 tut 1 ila 1000 aras\u0131nda herhangi bir<span class=\"excerpt-hellip\"> [\u2026]<\/span><\/p>\n","protected":false},"featured_media":0,"template":"","meta":{"_monsterinsights_skip_tracking":false,"_monsterinsights_sitenote_active":false,"_monsterinsights_sitenote_note":"","_monsterinsights_sitenote_category":0},"product_brand":[],"product_cat":[12291,15445],"product_tag":[],"class_list":{"0":"post-721448","1":"product","2":"type-product","3":"status-publish","5":"product_cat-edebiyat","6":"product_cat-polisiye","7":"pa_cilt-ciltsiz","8":"pa_tur-kitap","9":"pa_yayinevi-koridor-yayincilik","10":"pa_yazar-john-verdon","12":"first","13":"instock","14":"sale","15":"shipping-taxable","16":"purchasable","17":"product-type-simple"},"_links":{"self":[{"href":"https:\/\/roveyayinevi.com.tr\/index.php\/wp-json\/wp\/v2\/product\/721448","targetHints":{"allow":["GET"]}}],"collection":[{"href":"https:\/\/roveyayinevi.com.tr\/index.php\/wp-json\/wp\/v2\/product"}],"about":[{"href":"https:\/\/roveyayinevi.com.tr\/index.php\/wp-json\/wp\/v2\/types\/product"}],"wp:attachment":[{"href":"https:\/\/roveyayinevi.com.tr\/index.php\/wp-json\/wp\/v2\/media?parent=721448"}],"wp:term":[{"taxonomy":"product_brand","embeddable":true,"href":"https:\/\/roveyayinevi.com.tr\/index.php\/wp-json\/wp\/v2\/product_brand?post=721448"},{"taxonomy":"product_cat","embeddable":true,"href":"https:\/\/roveyayinevi.com.tr\/index.php\/wp-json\/wp\/v2\/product_cat?post=721448"},{"taxonomy":"product_tag","embeddable":true,"href":"https:\/\/roveyayinevi.com.tr\/index.php\/wp-json\/wp\/v2\/product_tag?post=721448"}],"curies":[{"name":"wp","href":"https:\/\/api.w.org\/{rel}","templated":true}]}}