{"id":721434,"date":"2025-08-27T18:50:14","date_gmt":"2025-08-27T15:50:14","guid":{"rendered":"https:\/\/roveyayinevi.com.tr\/index.php\/urun\/34-beden\/"},"modified":"2026-04-16T02:29:22","modified_gmt":"2026-04-15T23:29:22","slug":"34-beden","status":"publish","type":"product","link":"https:\/\/roveyayinevi.com.tr\/index.php\/urun\/34-beden\/","title":{"rendered":"34 Beden"},"content":{"rendered":"<p>\u00c7ikolatalar, kekler, b\u00f6rekler, cipsler ve gazl\u0131 i\u00e7eceklerle dolu bir hayat d\u00fc\u015f\u00fcn\u00fcn&#8230; Ne kadar m\u00fckemmel de\u011fil mi?Lakin bu m\u00fckemmelli\u011fin bir de bedeli var! Fazladan 60 kilo! Ve i\u015fsizlik!Zeynep bu i\u015fsizlik ve kilolarla ne yapaca\u011f\u0131n\u0131 bilemezken; Sayer Tekstil&#8217;de bir i\u015f bulur ve \u00e7al\u0131\u015fmaya ba\u015flar m\u0131 dememi beklersiniz?Tabi ki o kadar basit de\u011fildir! Zeynep&#8217;in 1 ay i\u00e7inde 10 kilo vermesi laz\u0131md\u0131 yoksa i\u015finden olacakt\u0131!Ah bir de Alev vard\u0131! Kendi \u00e7izimlerini sunan cad\u0131! Tabi bir de Ali ve Cihan vard\u0131! Biraz kar\u0131\u015f\u0131k m\u0131 geldi?O zaman kitab\u0131n sayfalar\u0131na dal\u0131n ve bu kar\u0131\u015f\u0131kl\u0131kta Zeynep&#8217;e ortak olun! Hadi daha ne duruyorsunuz? Zeynep ve maceralar\u0131 sizi bekliyor!<\/p>\n","protected":false},"excerpt":{"rendered":"<p>\u00c7ikolatalar, kekler, b\u00f6rekler, cipsler ve gazl\u0131 i\u00e7eceklerle dolu bir hayat d\u00fc\u015f\u00fcn\u00fcn&#8230; Ne kadar m\u00fckemmel de\u011fil mi?Lakin bu m\u00fckemmelli\u011fin bir de bedeli var! Fazladan 60 kilo! Ve<span class=\"excerpt-hellip\"> [\u2026]<\/span><\/p>\n","protected":false},"featured_media":0,"template":"","meta":{"_monsterinsights_skip_tracking":false,"_monsterinsights_sitenote_active":false,"_monsterinsights_sitenote_note":"","_monsterinsights_sitenote_category":0},"product_brand":[],"product_cat":[12291,12711],"product_tag":[],"class_list":{"0":"post-721434","1":"product","2":"type-product","3":"status-publish","5":"product_cat-edebiyat","6":"product_cat-roman-oyku","7":"pa_cilt-ciltsiz","8":"pa_tur-kitap","9":"pa_yayinevi-herdem-kitap","10":"pa_yazar-humeyra-ozbek","12":"first","13":"instock","14":"sale","15":"shipping-taxable","16":"purchasable","17":"product-type-simple"},"_links":{"self":[{"href":"https:\/\/roveyayinevi.com.tr\/index.php\/wp-json\/wp\/v2\/product\/721434","targetHints":{"allow":["GET"]}}],"collection":[{"href":"https:\/\/roveyayinevi.com.tr\/index.php\/wp-json\/wp\/v2\/product"}],"about":[{"href":"https:\/\/roveyayinevi.com.tr\/index.php\/wp-json\/wp\/v2\/types\/product"}],"wp:attachment":[{"href":"https:\/\/roveyayinevi.com.tr\/index.php\/wp-json\/wp\/v2\/media?parent=721434"}],"wp:term":[{"taxonomy":"product_brand","embeddable":true,"href":"https:\/\/roveyayinevi.com.tr\/index.php\/wp-json\/wp\/v2\/product_brand?post=721434"},{"taxonomy":"product_cat","embeddable":true,"href":"https:\/\/roveyayinevi.com.tr\/index.php\/wp-json\/wp\/v2\/product_cat?post=721434"},{"taxonomy":"product_tag","embeddable":true,"href":"https:\/\/roveyayinevi.com.tr\/index.php\/wp-json\/wp\/v2\/product_tag?post=721434"}],"curies":[{"name":"wp","href":"https:\/\/api.w.org\/{rel}","templated":true}]}}