{"id":721433,"date":"2025-08-27T18:50:13","date_gmt":"2025-08-27T15:50:13","guid":{"rendered":"https:\/\/roveyayinevi.com.tr\/index.php\/urun\/zamani-ancak-sen-durdurabilirsin\/"},"modified":"2026-04-16T02:29:22","modified_gmt":"2026-04-15T23:29:22","slug":"zamani-ancak-sen-durdurabilirsin","status":"publish","type":"product","link":"https:\/\/roveyayinevi.com.tr\/index.php\/urun\/zamani-ancak-sen-durdurabilirsin\/","title":{"rendered":"Zaman\u0131 Ancak Sen Durdurabilirsin"},"content":{"rendered":"<p>\u201cZamanlar\u0131n en iyisiydi, zamanlar\u0131n en k\u00f6t\u00fcs\u00fcyd\u00fc\u2026\u201dS\u00f6r Terry Pratchett\u2019\u0131n, hayal g\u00fcc\u00fcn\u00fcn s\u0131n\u0131rlar\u0131n\u0131 zorlayan \u201cJohnny Maxwell\u201d \u00fc\u00e7lemesinin son halkas\u0131 Zaman\u0131 Ancak Sen Durdurabilirsin, g\u00f6zden ge\u00e7irilmi\u015f bask\u0131s\u0131 ve Mark Beech\u2019in resimleriyle tekrar raflara geliyor.Pratchett\u2019\u0131n, zamanda yolculuk kavram\u0131n\u0131 ola\u011fan\u00fcst\u00fc bir mizah ve k\u0131vrak bir kurguyla yeni ba\u015ftan yorumlad\u0131\u011f\u0131 bu enfes roman\u0131, sava\u015f\u0131n siviller \u00fczerindeki ac\u0131 etkilerini g\u00f6zler \u00f6n\u00fcne sererek, \u201cdo\u011fru \u015feyi yapman\u0131n\u201d \u00f6nemini vurguluyor.Zaman\u0131n\u0131n \u00e7ok \u00f6tesinde bir anlat\u0131 sunan bu d\u00e2hiyane kitap, on iki ya\u015f ve \u00fczerindeki maceraperest okurlar\u0131n\u0131 1941 y\u0131l\u0131na \u0131\u015f\u0131nl\u0131yor ve sava\u015f kar\u015f\u0131tl\u0131\u011f\u0131, etik se\u00e7imler, ahlaki sorunlar gibi toplumsal konular \u00fczerine d\u00fc\u015f\u00fcnd\u00fcr\u00fcyor, ge\u00e7mi\u015fe gelece\u011fin g\u00fcz\u00fcnden bakman\u0131n nas\u0131l bir his oldu\u011funu birinci elden g\u00f6steriyor.Blackbury sokaklar\u0131n\u0131n ya\u015fl\u0131, evsiz ve az\u0131c\u0131k da \u00e7atlak sakinlerinden Bayan Tachyon, bir g\u00fcn yerde, bayg\u0131n bir \u015fekilde bulunur. Beraberinde, yan\u0131ndan hi\u00e7 ay\u0131rmad\u0131\u011f\u0131 al\u0131\u015fveri\u015f arabas\u0131 ve birka\u00e7 da ku\u015fku uyand\u0131r\u0131c\u0131 siyah torba vard\u0131r. Bu gizemli kad\u0131n asl\u0131nda \u00f6yle de\u011ferli bir \u015feye sahiptir ki&#8230; Elinde farkl\u0131 zamanlara, farkl\u0131 devirlere h\u00fckmedecek bir anahtar ta\u015f\u0131yordur! G\u00f6z\u00fc pek kahraman\u0131m\u0131z Johnny Maxwell ve dostlar\u0131n\u0131n yolu bu kez uzaklara, Bir hayli uzaklara d\u00fc\u015fer ve hep beraber, zamanda yolculu\u011fun en tuhaf h\u00e2liyle, bir al\u0131\u015fveri\u015f arabas\u0131yla, istemeden de olsa ta \u0130kinci D\u00fcnya Sava\u015f\u0131 y\u0131llar\u0131na yollan\u0131verirler. Bu tekinsiz ser\u00fcven s\u0131ras\u0131nda, kendilerini ve hayat\u0131 da yeniden ke\u015ffederler&#8230;Sava\u015f\u0131 b\u00fct\u00fcn y\u00f6nleriyle ele alan ve pek \u00e7ok bilimkurgu filmine parmak \u0131s\u0131rtacak bir bombard\u0131man sahnesiyle g\u00f6zler \u00f6n\u00fcne seren bu s\u00fcr\u00fckleyici roman; do\u011fru yerde, do\u011fru zamanda, en do\u011fru karar\u0131 alman\u0131n, nihai sonu\u00e7lar \u00fczerindeki etkilerini tart\u0131\u015f\u0131yor.Tarihi yapanlar ile yazanlar \u00fczerine uzun uzun d\u00fc\u015f\u00fcnd\u00fcren derinlikli metniyle, t\u00fcr\u00fcn\u00fcn en nitelikli yap\u0131tlar\u0131 aras\u0131nda yer alan Zaman\u0131 Ancak Sen Durdurabilirsin, insanl\u0131\u011f\u0131n utan\u00e7 tarihlerinden \u0130kinci D\u00fcnya Sava\u015f\u0131\u2019na bamba\u015fka bir g\u00f6zle bakmam\u0131z\u0131 sa\u011fl\u0131yor.\u00dcstelik, yank\u0131l\u0131 kahkahalara da bir an olsun ara vermiyor!<\/p>\n","protected":false},"excerpt":{"rendered":"<p>\u201cZamanlar\u0131n en iyisiydi, zamanlar\u0131n en k\u00f6t\u00fcs\u00fcyd\u00fc\u2026\u201dS\u00f6r Terry Pratchett\u2019\u0131n, hayal g\u00fcc\u00fcn\u00fcn s\u0131n\u0131rlar\u0131n\u0131 zorlayan \u201cJohnny Maxwell\u201d \u00fc\u00e7lemesinin son halkas\u0131 Zaman\u0131 Ancak Sen Durdurabilirsin, g\u00f6zden ge\u00e7irilmi\u015f bask\u0131s\u0131 ve Mark<span class=\"excerpt-hellip\"> [\u2026]<\/span><\/p>\n","protected":false},"featured_media":0,"template":"","meta":{"_monsterinsights_skip_tracking":false,"_monsterinsights_sitenote_active":false,"_monsterinsights_sitenote_note":"","_monsterinsights_sitenote_category":0},"product_brand":[],"product_cat":[13829,12274],"product_tag":[],"class_list":{"0":"post-721433","1":"product","2":"type-product","3":"status-publish","5":"product_cat-bilimsel-kitaplar","6":"product_cat-cocuk-ve-genclik-kitaplari","7":"pa_cilt-ciltsiz","8":"pa_tur-kitap","9":"pa_yayinevi-tudem-yayinlari","10":"pa_yazar-terry-pratchett","12":"first","13":"instock","14":"sale","15":"shipping-taxable","16":"purchasable","17":"product-type-simple"},"_links":{"self":[{"href":"https:\/\/roveyayinevi.com.tr\/index.php\/wp-json\/wp\/v2\/product\/721433","targetHints":{"allow":["GET"]}}],"collection":[{"href":"https:\/\/roveyayinevi.com.tr\/index.php\/wp-json\/wp\/v2\/product"}],"about":[{"href":"https:\/\/roveyayinevi.com.tr\/index.php\/wp-json\/wp\/v2\/types\/product"}],"wp:attachment":[{"href":"https:\/\/roveyayinevi.com.tr\/index.php\/wp-json\/wp\/v2\/media?parent=721433"}],"wp:term":[{"taxonomy":"product_brand","embeddable":true,"href":"https:\/\/roveyayinevi.com.tr\/index.php\/wp-json\/wp\/v2\/product_brand?post=721433"},{"taxonomy":"product_cat","embeddable":true,"href":"https:\/\/roveyayinevi.com.tr\/index.php\/wp-json\/wp\/v2\/product_cat?post=721433"},{"taxonomy":"product_tag","embeddable":true,"href":"https:\/\/roveyayinevi.com.tr\/index.php\/wp-json\/wp\/v2\/product_tag?post=721433"}],"curies":[{"name":"wp","href":"https:\/\/api.w.org\/{rel}","templated":true}]}}