{"id":721432,"date":"2025-08-27T18:50:12","date_gmt":"2025-08-27T15:50:12","guid":{"rendered":"https:\/\/roveyayinevi.com.tr\/index.php\/urun\/sessizligi-resmetmek\/"},"modified":"2026-04-16T02:29:22","modified_gmt":"2026-04-15T23:29:22","slug":"sessizligi-resmetmek","status":"publish","type":"product","link":"https:\/\/roveyayinevi.com.tr\/index.php\/urun\/sessizligi-resmetmek\/","title":{"rendered":"Sessizli\u011fi Resmetmek"},"content":{"rendered":"<p>Yoldan bir insan ge\u00e7iyor. \u00d6l\u00fcyorum. Hayat\u0131m g\u00f6z\u00fcm\u00fcn \u00f6n\u00fcnden ge\u00e7iyor. Sen g\u00f6rm\u00fcyorsun, Aylar, y\u0131llar ge\u00e7iyor. Kimsenin bilmedi\u011fi yerlerde, Bir \u00f6m\u00fcr ge\u00e7iyor. Kimse fark\u0131nda de\u011fil belki ama, Bir can yitiyor, Ac\u0131s\u0131 hi\u00e7 ge\u00e7miyor. Biri bana &#8221;Bakmak, g\u00f6rmek de\u011fildir.&#8221; derdi hep. B\u00fcy\u00fck resmi g\u00f6rmedik\u00e7e, bir ad\u0131m daha geriden bakmay\u0131 \u00f6\u011frendim. Baz\u0131 \u015feylere ne kadar uzak olmaya \u00e7al\u0131\u015f\u0131rsan\u0131z, o kadar yak\u0131nla\u015f\u0131rs\u0131n\u0131z. Bir ac\u0131y\u0131 ne kadar uzakla\u015ft\u0131rmaya \u00e7al\u0131\u015f\u0131rsan\u0131z, kendinizi o kadar i\u00e7inde bulursunuz karanl\u0131\u011f\u0131n. Bu d\u00fcnyada ne yaparsan\u0131z yap\u0131n, her zaman sevdiklerinize g\u00f6n\u00fcl g\u00f6z\u00fcyle bak\u0131n. Onlar\u0131 g\u00f6r\u00fcn. \u00c7\u00fcnk\u00fc bakmak g\u00f6rmek de\u011fildir. Ve g\u00f6remedi\u011finiz \u015feylere bakmak, sadece zaman\u0131 bo\u015fa kullanmakt\u0131r. Zaman\u0131n\u0131z geri alamayaca\u011f\u0131n\u0131z en \u00f6nemli varl\u0131kt\u0131r. Bo\u015fa kullanmay\u0131n&#8230;<\/p>\n","protected":false},"excerpt":{"rendered":"<p>Yoldan bir insan ge\u00e7iyor. \u00d6l\u00fcyorum. Hayat\u0131m g\u00f6z\u00fcm\u00fcn \u00f6n\u00fcnden ge\u00e7iyor. Sen g\u00f6rm\u00fcyorsun, Aylar, y\u0131llar ge\u00e7iyor. Kimsenin bilmedi\u011fi yerlerde, Bir \u00f6m\u00fcr ge\u00e7iyor. Kimse fark\u0131nda de\u011fil belki ama, Bir<span class=\"excerpt-hellip\"> [\u2026]<\/span><\/p>\n","protected":false},"featured_media":0,"template":"","meta":{"_monsterinsights_skip_tracking":false,"_monsterinsights_sitenote_active":false,"_monsterinsights_sitenote_note":"","_monsterinsights_sitenote_category":0},"product_brand":[],"product_cat":[12291,12509],"product_tag":[],"class_list":{"0":"post-721432","1":"product","2":"type-product","3":"status-publish","5":"product_cat-edebiyat","6":"product_cat-siir","7":"pa_cilt-ciltsiz","8":"pa_tur-kitap","9":"pa_yayinevi-herdem-kitap","10":"pa_yazar-berkan-taskiran","12":"first","13":"instock","14":"sale","15":"shipping-taxable","16":"purchasable","17":"product-type-simple"},"_links":{"self":[{"href":"https:\/\/roveyayinevi.com.tr\/index.php\/wp-json\/wp\/v2\/product\/721432","targetHints":{"allow":["GET"]}}],"collection":[{"href":"https:\/\/roveyayinevi.com.tr\/index.php\/wp-json\/wp\/v2\/product"}],"about":[{"href":"https:\/\/roveyayinevi.com.tr\/index.php\/wp-json\/wp\/v2\/types\/product"}],"wp:attachment":[{"href":"https:\/\/roveyayinevi.com.tr\/index.php\/wp-json\/wp\/v2\/media?parent=721432"}],"wp:term":[{"taxonomy":"product_brand","embeddable":true,"href":"https:\/\/roveyayinevi.com.tr\/index.php\/wp-json\/wp\/v2\/product_brand?post=721432"},{"taxonomy":"product_cat","embeddable":true,"href":"https:\/\/roveyayinevi.com.tr\/index.php\/wp-json\/wp\/v2\/product_cat?post=721432"},{"taxonomy":"product_tag","embeddable":true,"href":"https:\/\/roveyayinevi.com.tr\/index.php\/wp-json\/wp\/v2\/product_tag?post=721432"}],"curies":[{"name":"wp","href":"https:\/\/api.w.org\/{rel}","templated":true}]}}