{"id":721431,"date":"2025-08-27T18:50:11","date_gmt":"2025-08-27T15:50:11","guid":{"rendered":"https:\/\/roveyayinevi.com.tr\/index.php\/urun\/yaratici-ogrenciler\/"},"modified":"2026-04-16T02:29:22","modified_gmt":"2026-04-15T23:29:22","slug":"yaratici-ogrenciler","status":"publish","type":"product","link":"https:\/\/roveyayinevi.com.tr\/index.php\/urun\/yaratici-ogrenciler\/","title":{"rendered":"Yarat\u0131c\u0131 \u00d6\u011frenciler"},"content":{"rendered":"<p>\u201cYarat\u0131c\u0131 \u00d6\u011frenciler\u201d adl\u0131 kitab\u0131nda Ken Robinson t\u00fcm d\u00fcnyada ses getiren \u201cOkullar yarat\u0131c\u0131l\u0131\u011f\u0131 nas\u0131l \u00f6ld\u00fcr\u00fcr?\u201d adl\u0131 konu\u015fmas\u0131n\u0131 daha geni\u015f bir zemine yayarak e\u011fitimin en \u00f6nemli sorular\u0131ndan birine g\u00fc\u00e7l\u00fc ve pratik yan\u0131tlar getiriyor: \u201c\u00d6\u011frencilerin yarat\u0131c\u0131l\u0131\u011f\u0131n\u0131 nas\u0131l g\u00fc\u00e7lendiririz?\u201d\u201cE\u011fer \u00e7ocuklara tek ba\u015f\u0131na bir problemle ba\u015fa \u00e7\u0131kma f\u0131rsat\u0131 verilmezse problem \u00e7\u00f6zme becerilerini geli\u015ftiremezler. Kendi yeteneklerine g\u00fcvenmeyi \u00f6\u011frenemezler ve bu durum onlar\u0131n \u00f6z sayg\u0131lar\u0131n\u0131 etkileyebilir.Hi\u00e7bir zaman m\u00fccadele etmemenin getirdi\u011fi bir di\u011fer sorun ise, asla ba\u015far\u0131s\u0131zl\u0131\u011f\u0131 tecr\u00fcbe etmeyecek olmalar\u0131d\u0131r ve bu durum, ba\u015far\u0131s\u0131zl\u0131k ve ba\u015fkalar\u0131n\u0131 hayal k\u0131r\u0131kl\u0131\u011f\u0131na u\u011fratma korkusu geli\u015ftirmelerine neden olabilir. Hem d\u00fc\u015f\u00fck \u00f6z g\u00fcven hem de ba\u015far\u0131s\u0131zl\u0131k korkusu, depresyona ve endi\u015feye yol a\u00e7abilir.\u201dBu kitap, \u00fclkemizde ger\u00e7ekten \u00e7ocuklar\u0131n gelece\u011fini d\u00fc\u015f\u00fcnen ve e\u011fitim sisteminin de\u011fi\u015fmesi i\u00e7in ad\u0131m atmak isteyen herkesin ba\u015fucu kitab\u0131 olacakt\u0131r.Onlarca dile \u00e7evrilen \u201dYarat\u0131c\u0131 \u00d6\u011frenciler\u201d yay\u0131nland\u0131\u011f\u0131 her \u00fclkede okunma rekorlar\u0131 k\u0131rm\u0131\u015ft\u0131r.<\/p>\n","protected":false},"excerpt":{"rendered":"<p>\u201cYarat\u0131c\u0131 \u00d6\u011frenciler\u201d adl\u0131 kitab\u0131nda Ken Robinson t\u00fcm d\u00fcnyada ses getiren \u201cOkullar yarat\u0131c\u0131l\u0131\u011f\u0131 nas\u0131l \u00f6ld\u00fcr\u00fcr?\u201d adl\u0131 konu\u015fmas\u0131n\u0131 daha geni\u015f bir zemine yayarak e\u011fitimin en \u00f6nemli sorular\u0131ndan birine<span class=\"excerpt-hellip\"> [\u2026]<\/span><\/p>\n","protected":false},"featured_media":0,"template":"","meta":{"_monsterinsights_skip_tracking":false,"_monsterinsights_sitenote_active":false,"_monsterinsights_sitenote_note":"","_monsterinsights_sitenote_category":0},"product_brand":[],"product_cat":[12831,12324],"product_tag":[],"class_list":{"0":"post-721431","1":"product","2":"type-product","3":"status-publish","5":"product_cat-aile-ve-cocuk","6":"product_cat-sosyoloji","7":"pa_cilt-ciltsiz","8":"pa_tur-kitap","9":"pa_yayinevi-sola-unitas","10":"pa_yazar-ken-robinson","12":"first","13":"instock","14":"sale","15":"shipping-taxable","16":"purchasable","17":"product-type-simple"},"_links":{"self":[{"href":"https:\/\/roveyayinevi.com.tr\/index.php\/wp-json\/wp\/v2\/product\/721431","targetHints":{"allow":["GET"]}}],"collection":[{"href":"https:\/\/roveyayinevi.com.tr\/index.php\/wp-json\/wp\/v2\/product"}],"about":[{"href":"https:\/\/roveyayinevi.com.tr\/index.php\/wp-json\/wp\/v2\/types\/product"}],"wp:attachment":[{"href":"https:\/\/roveyayinevi.com.tr\/index.php\/wp-json\/wp\/v2\/media?parent=721431"}],"wp:term":[{"taxonomy":"product_brand","embeddable":true,"href":"https:\/\/roveyayinevi.com.tr\/index.php\/wp-json\/wp\/v2\/product_brand?post=721431"},{"taxonomy":"product_cat","embeddable":true,"href":"https:\/\/roveyayinevi.com.tr\/index.php\/wp-json\/wp\/v2\/product_cat?post=721431"},{"taxonomy":"product_tag","embeddable":true,"href":"https:\/\/roveyayinevi.com.tr\/index.php\/wp-json\/wp\/v2\/product_tag?post=721431"}],"curies":[{"name":"wp","href":"https:\/\/api.w.org\/{rel}","templated":true}]}}