{"id":721429,"date":"2025-08-27T18:50:03","date_gmt":"2025-08-27T15:50:03","guid":{"rendered":"https:\/\/roveyayinevi.com.tr\/index.php\/urun\/kanuninin-son-seferi\/"},"modified":"2026-04-16T02:29:22","modified_gmt":"2026-04-15T23:29:22","slug":"kanuninin-son-seferi","status":"publish","type":"product","link":"https:\/\/roveyayinevi.com.tr\/index.php\/urun\/kanuninin-son-seferi\/","title":{"rendered":"Kanuni&#8217;nin Son Seferi"},"content":{"rendered":"<p>D\u00f6nemin bat\u0131l\u0131 tarih\u00e7ileri Birinci S\u00fcleyman&#8217;\u0131 &#8220;B\u00fcy\u00fck T\u00fcrk&#8221;, &#8220;Muhte\u015fem S\u00fcleyman&#8221; olarak anm\u0131\u015flar, daha sonraki tarih\u00e7iler ise Kanun\u00ee Sultan S\u00fcleyman olarak zikretmi\u015flerdir. Muhte\u015fem S\u00fcleyman&#8217;\u0131n \u00f6l\u00fcm\u00fc de muhte\u015fem olmu\u015ftu. 46 y\u0131ll\u0131k saltanat\u0131 boyunca 13 sefere \u00e7\u0131kan ve 10 y\u0131l \u0130stanbul&#8217;dan ayr\u0131 kalan Kanun\u00ee Sultan S\u00fcleyman, son nefesini Sigetvar surlar\u0131 \u00f6n\u00fcnde \u015fehid olarak vermi\u015fti. Elinizdeki \u00e7al\u0131\u015fma ana hatlar\u0131yla bilinen, ancak ayr\u0131nt\u0131lar\u0131n\u0131 unuttu\u011fumuz Kanun\u00ee Sultan S\u00fcleyman\u2019\u0131n son seferinin siyas\u00ee ve asker\u00ee sebeplerini, padi\u015fah\u0131n sefer yolculu\u011funu, Sigetvar\u2019\u0131n fethini, ba\u015fta ar\u015fiv belgeleri ve Osmanl\u0131 tarihleri olmak \u00fczere d\u00f6nemin kaynaklar\u0131na dayal\u0131 olarak inceleyen bir ara\u015ft\u0131rmad\u0131r. <\/p>\n","protected":false},"excerpt":{"rendered":"<p>D\u00f6nemin bat\u0131l\u0131 tarih\u00e7ileri Birinci S\u00fcleyman&#8217;\u0131 &#8220;B\u00fcy\u00fck T\u00fcrk&#8221;, &#8220;Muhte\u015fem S\u00fcleyman&#8221; olarak anm\u0131\u015flar, daha sonraki tarih\u00e7iler ise Kanun\u00ee Sultan S\u00fcleyman olarak zikretmi\u015flerdir. Muhte\u015fem S\u00fcleyman&#8217;\u0131n \u00f6l\u00fcm\u00fc de muhte\u015fem olmu\u015ftu.<span class=\"excerpt-hellip\"> [\u2026]<\/span><\/p>\n","protected":false},"featured_media":0,"template":"","meta":{"_monsterinsights_skip_tracking":false,"_monsterinsights_sitenote_active":false,"_monsterinsights_sitenote_note":"","_monsterinsights_sitenote_category":0},"product_brand":[],"product_cat":[12370,12304],"product_tag":[],"class_list":{"0":"post-721429","1":"product","2":"type-product","3":"status-publish","5":"product_cat-arastirma-inceleme","6":"product_cat-tarih","7":"pa_cilt-ciltsiz","8":"pa_tur-kitap","9":"pa_yayinevi-yeditepe-yayinevi","10":"pa_yazar-ahmet-onal","12":"first","13":"instock","14":"sale","15":"shipping-taxable","16":"purchasable","17":"product-type-simple"},"_links":{"self":[{"href":"https:\/\/roveyayinevi.com.tr\/index.php\/wp-json\/wp\/v2\/product\/721429","targetHints":{"allow":["GET"]}}],"collection":[{"href":"https:\/\/roveyayinevi.com.tr\/index.php\/wp-json\/wp\/v2\/product"}],"about":[{"href":"https:\/\/roveyayinevi.com.tr\/index.php\/wp-json\/wp\/v2\/types\/product"}],"wp:attachment":[{"href":"https:\/\/roveyayinevi.com.tr\/index.php\/wp-json\/wp\/v2\/media?parent=721429"}],"wp:term":[{"taxonomy":"product_brand","embeddable":true,"href":"https:\/\/roveyayinevi.com.tr\/index.php\/wp-json\/wp\/v2\/product_brand?post=721429"},{"taxonomy":"product_cat","embeddable":true,"href":"https:\/\/roveyayinevi.com.tr\/index.php\/wp-json\/wp\/v2\/product_cat?post=721429"},{"taxonomy":"product_tag","embeddable":true,"href":"https:\/\/roveyayinevi.com.tr\/index.php\/wp-json\/wp\/v2\/product_tag?post=721429"}],"curies":[{"name":"wp","href":"https:\/\/api.w.org\/{rel}","templated":true}]}}