{"id":721423,"date":"2025-08-27T18:49:58","date_gmt":"2025-08-27T15:49:58","guid":{"rendered":"https:\/\/roveyayinevi.com.tr\/index.php\/urun\/egivanin-cocuklari\/"},"modified":"2026-04-15T02:39:22","modified_gmt":"2026-04-14T23:39:22","slug":"egivanin-cocuklari","status":"publish","type":"product","link":"https:\/\/roveyayinevi.com.tr\/index.php\/urun\/egivanin-cocuklari\/","title":{"rendered":"E\u011fiva&#8217;n\u0131n \u00c7ocuklar\u0131"},"content":{"rendered":"<p>Bir koruyucu&#8230;Kay\u0131p \u00c7ocuklar&#8230;Ve uyanan k\u00f6t\u00fc ruhlar&#8230;K\u0131rk sekiz \u00e7ocu\u011fun koruyuculu\u011funu \u00fcstlenen I\u015f\u0131k Kanl\u0131ca, gelmi\u015f ge\u00e7mi\u015f en g\u00fc\u00e7l\u00fc E\u011fiva b\u00fcy\u00fcs\u00fcn\u00fc yapm\u0131\u015f ancak onlar\u0131 korumay\u0131 ba\u015faramam\u0131\u015ft\u0131. Kaybolan d\u00f6rt \u00e7ocu\u011funun ard\u0131ndan, yard\u0131m ald\u0131\u011f\u0131 b\u00fcy\u00fc d\u0131\u015f\u0131 insanlarla birlikte muazzam b\u00fcy\u00fckl\u00fckte bir g\u00fc\u00e7le kar\u015f\u0131 kar\u015f\u0131ya geldi. K\u00f6t\u00fc ruhlar\u0131n ihtiya\u00e7 duydu\u011fu enerji, \u00f6zel \u00e7ocuklar\u0131n yeteneklerinde gizliydi. \u015eimdi kaybolan \u00e7ocuklar\u0131n\u0131 ararken, di\u011ferlerini de do\u011fan karanl\u0131ktan korumak zorundayd\u0131.\u0130yilik ve k\u00f6t\u00fcl\u00fck daha \u00f6nce hi\u00e7 bu denli i\u00e7 i\u00e7e olmam\u0131\u015ft\u0131. Nefret, \u00f6fke, a\u015fk ve sevgi iliklerinize kadar i\u015fleyecek. E\u011fiva&#8217;n\u0131n d\u00fcnyas\u0131na ho\u015f geldiniz.&#8217; Sevgi ger\u00e7ek bir b\u00fcy\u00fcd\u00fcr.&#8217; <\/p>\n","protected":false},"excerpt":{"rendered":"<p>Bir koruyucu&#8230;Kay\u0131p \u00c7ocuklar&#8230;Ve uyanan k\u00f6t\u00fc ruhlar&#8230;K\u0131rk sekiz \u00e7ocu\u011fun koruyuculu\u011funu \u00fcstlenen I\u015f\u0131k Kanl\u0131ca, gelmi\u015f ge\u00e7mi\u015f en g\u00fc\u00e7l\u00fc E\u011fiva b\u00fcy\u00fcs\u00fcn\u00fc yapm\u0131\u015f ancak onlar\u0131 korumay\u0131 ba\u015faramam\u0131\u015ft\u0131. Kaybolan d\u00f6rt \u00e7ocu\u011funun<span class=\"excerpt-hellip\"> [\u2026]<\/span><\/p>\n","protected":false},"featured_media":0,"template":"","meta":{"_monsterinsights_skip_tracking":false,"_monsterinsights_sitenote_active":false,"_monsterinsights_sitenote_note":"","_monsterinsights_sitenote_category":0},"product_brand":[],"product_cat":[12291,12711],"product_tag":[],"class_list":{"0":"post-721423","1":"product","2":"type-product","3":"status-publish","5":"product_cat-edebiyat","6":"product_cat-roman-oyku","7":"pa_cilt-ciltsiz","8":"pa_tur-kitap","9":"pa_yayinevi-herdem-kitap","10":"pa_yazar-ozge-ozdemir","12":"first","13":"instock","14":"sale","15":"shipping-taxable","16":"purchasable","17":"product-type-simple"},"_links":{"self":[{"href":"https:\/\/roveyayinevi.com.tr\/index.php\/wp-json\/wp\/v2\/product\/721423","targetHints":{"allow":["GET"]}}],"collection":[{"href":"https:\/\/roveyayinevi.com.tr\/index.php\/wp-json\/wp\/v2\/product"}],"about":[{"href":"https:\/\/roveyayinevi.com.tr\/index.php\/wp-json\/wp\/v2\/types\/product"}],"wp:attachment":[{"href":"https:\/\/roveyayinevi.com.tr\/index.php\/wp-json\/wp\/v2\/media?parent=721423"}],"wp:term":[{"taxonomy":"product_brand","embeddable":true,"href":"https:\/\/roveyayinevi.com.tr\/index.php\/wp-json\/wp\/v2\/product_brand?post=721423"},{"taxonomy":"product_cat","embeddable":true,"href":"https:\/\/roveyayinevi.com.tr\/index.php\/wp-json\/wp\/v2\/product_cat?post=721423"},{"taxonomy":"product_tag","embeddable":true,"href":"https:\/\/roveyayinevi.com.tr\/index.php\/wp-json\/wp\/v2\/product_tag?post=721423"}],"curies":[{"name":"wp","href":"https:\/\/api.w.org\/{rel}","templated":true}]}}