{"id":721414,"date":"2025-08-27T18:49:50","date_gmt":"2025-08-27T15:49:50","guid":{"rendered":"https:\/\/roveyayinevi.com.tr\/index.php\/urun\/biyoloji-biliminden-toplumsal-dunyaya-bakmak\/"},"modified":"2026-04-16T02:29:22","modified_gmt":"2026-04-15T23:29:22","slug":"biyoloji-biliminden-toplumsal-dunyaya-bakmak","status":"publish","type":"product","link":"https:\/\/roveyayinevi.com.tr\/index.php\/urun\/biyoloji-biliminden-toplumsal-dunyaya-bakmak\/","title":{"rendered":"Biyoloji Biliminden Toplumsal D\u00fcnyaya Bakmak"},"content":{"rendered":"<p>Bilimsel bir alanda var olabilmek i\u00e7in gerekli \u015fartlar\u0131 ta\u015f\u0131man\u0131n tart\u0131\u015fmal\u0131 yap\u0131s\u0131 bir yandan ontolojik sorunlar\u0131 di\u011fer yandan ise epistemolojik ve metodolojik sorunlar\u0131 ayn\u0131 anda \u00e7\u00f6zmeyi gerektirmektedir. Bu sorunlar, her ne kadar \u00fczerine bilim yapt\u0131klar\u0131 nesneleri birbirinden son derece uzak g\u00f6r\u00fcnse de, sosyal bilimler ve do\u011fa bilimleri a\u00e7\u0131s\u0131ndan benzerliklerle ve alana \u00f6zg\u00fc farkl\u0131l\u0131klarla y\u00fckl\u00fcd\u00fcr.Ayr\u0131ca ilk sosyologlardan itibaren sosyoloji, do\u011fa bilimleriyle yer yer tutkulu (\u00f6yk\u00fcnme, i\u00e7erme, taklit) bir ili\u015fkiye; yer yer ise d\u0131\u015flama prati\u011fiyle (etkilenme derecesi nedeniyle reddetme) uzakla\u015fma ve ba\u011f\u0131ms\u0131zla\u015fma ili\u015fkisine sahiptir. Bu karma\u015f\u0131k ili\u015fki, sosyolojinin do\u011fa bilimlerine y\u00f6nelik \u00e7al\u0131\u015fmalar yapmas\u0131n\u0131 sa\u011flarken belli \u00f6l\u00e7\u00fcde tek y\u00f6nl\u00fc (sosyal bilimlerden do\u011fa bilimlerine) bir konu\u015fman\u0131n \u00fcretilmesine neden olmu\u015ftur.Elinizdeki bu kitap, bilim sosyolojisi \u00e7al\u0131\u015fmalar\u0131n\u0131n teori a\u011f\u0131rl\u0131kl\u0131 yap\u0131s\u0131na eklemlenecek bir alan ara\u015ft\u0131rmas\u0131 olman\u0131n \u00f6nemine ili\u015fkin fark\u0131ndal\u0131\u011f\u0131yla, biyologlar\u0131n bilim, bilim insan\u0131, toplum, sosyoloji\u2019yi nas\u0131l kavrad\u0131\u011f\u0131n\u0131 ortaya \u00e7\u0131karmaya \u00e7al\u0131\u015fmaktad\u0131r. B\u00f6ylece tarihsel ve evrensel tart\u0131\u015fma konular\u0131 olan bilim, bilim insan\u0131 ve bilimin nesnesiyle olan ili\u015fkisi yaln\u0131zca sosyoloji cephesinden de\u011fil biyologlar\u0131n g\u00f6z\u00fcnden de ele al\u0131nm\u0131\u015f, biyologlara hem kendi alanlar\u0131 hem de sosyoloji alan\u0131na dair d\u00fc\u015f\u00fcncelerini bir bilim sosyolojisi \u00e7al\u0131\u015fmas\u0131 i\u00e7erisinde ortaya koyma f\u0131rsat\u0131 verilmi\u015ftir. Nitel bir \u00e7al\u0131\u015fma olmas\u0131na ra\u011fmen T\u00fcrkiye \u00f6l\u00e7e\u011finde bir temsiliyet yakalamay\u0131 hedefleyen bu \u00e7al\u0131\u015fma, 8 \u00fcniversiteden 40 biyologla yap\u0131lan derinlemesine g\u00f6r\u00fc\u015fmelerle ger\u00e7ekle\u015ftirilmi\u015ftir.<\/p>\n","protected":false},"excerpt":{"rendered":"<p>Bilimsel bir alanda var olabilmek i\u00e7in gerekli \u015fartlar\u0131 ta\u015f\u0131man\u0131n tart\u0131\u015fmal\u0131 yap\u0131s\u0131 bir yandan ontolojik sorunlar\u0131 di\u011fer yandan ise epistemolojik ve metodolojik sorunlar\u0131 ayn\u0131 anda \u00e7\u00f6zmeyi gerektirmektedir.<span class=\"excerpt-hellip\"> [\u2026]<\/span><\/p>\n","protected":false},"featured_media":0,"template":"","meta":{"_monsterinsights_skip_tracking":false,"_monsterinsights_sitenote_active":false,"_monsterinsights_sitenote_note":"","_monsterinsights_sitenote_category":0},"product_brand":[],"product_cat":[13633,12324],"product_tag":[],"class_list":{"0":"post-721414","1":"product","2":"type-product","3":"status-publish","5":"product_cat-kultur-ve-bilim","6":"product_cat-sosyoloji","7":"pa_cilt-ciltsiz","8":"pa_tur-kitap","9":"pa_yayinevi-dogu-bati-yayinlari","10":"pa_yazar-kolektif","12":"first","13":"instock","14":"sale","15":"shipping-taxable","16":"purchasable","17":"product-type-simple"},"_links":{"self":[{"href":"https:\/\/roveyayinevi.com.tr\/index.php\/wp-json\/wp\/v2\/product\/721414","targetHints":{"allow":["GET"]}}],"collection":[{"href":"https:\/\/roveyayinevi.com.tr\/index.php\/wp-json\/wp\/v2\/product"}],"about":[{"href":"https:\/\/roveyayinevi.com.tr\/index.php\/wp-json\/wp\/v2\/types\/product"}],"wp:attachment":[{"href":"https:\/\/roveyayinevi.com.tr\/index.php\/wp-json\/wp\/v2\/media?parent=721414"}],"wp:term":[{"taxonomy":"product_brand","embeddable":true,"href":"https:\/\/roveyayinevi.com.tr\/index.php\/wp-json\/wp\/v2\/product_brand?post=721414"},{"taxonomy":"product_cat","embeddable":true,"href":"https:\/\/roveyayinevi.com.tr\/index.php\/wp-json\/wp\/v2\/product_cat?post=721414"},{"taxonomy":"product_tag","embeddable":true,"href":"https:\/\/roveyayinevi.com.tr\/index.php\/wp-json\/wp\/v2\/product_tag?post=721414"}],"curies":[{"name":"wp","href":"https:\/\/api.w.org\/{rel}","templated":true}]}}