{"id":721408,"date":"2025-08-27T18:49:46","date_gmt":"2025-08-27T15:49:46","guid":{"rendered":"https:\/\/roveyayinevi.com.tr\/index.php\/urun\/tek-adamci-saray-duzeni\/"},"modified":"2026-04-16T02:29:22","modified_gmt":"2026-04-15T23:29:22","slug":"tek-adamci-saray-duzeni","status":"publish","type":"product","link":"https:\/\/roveyayinevi.com.tr\/index.php\/urun\/tek-adamci-saray-duzeni\/","title":{"rendered":"Tek Adamc\u0131 Saray D\u00fczeni"},"content":{"rendered":"<p>&#8220;Cumhurba\u015fkanl\u0131\u011f\u0131 H\u00fck\u00fcmet Sistemi Ele\u015ftirileri&#8221;Elinizdeki kitap, &#8220;Cumhurba\u015fkanl\u0131\u011f\u0131 H\u00fck\u00fcmet Sistemi&#8221;ni ele al\u0131yor ve bu sisteme kar\u015f\u0131 yap\u0131lan ele\u015ftirileri kaps\u0131yor. Cumhurba\u015fkanl\u0131\u011f\u0131 H\u00fck\u00fcmet Sistemi ad\u0131n\u0131 ta\u015f\u0131yan ve son iki y\u0131ld\u0131r y\u00fcr\u00fcrl\u00fckte olan bu model sadece T\u00fcrkiye&#8217;de uygulan\u0131yor. D\u00fcnyan\u0131n ba\u015fka bir yerinde b\u00f6yle bir model yok.Sistemin y\u00fcr\u00fcrl\u00fc\u011fe girdi\u011fi iki senelik k\u0131sa zaman diliminde a\u00e7\u0131\u011fa \u00e7\u0131kan b\u00fcy\u00fck aksakl\u0131klar sonucu, sistem \u00fczerine tart\u0131\u015fmalar ve ele\u015ftiriler ba\u015flad\u0131. Bu ele\u015ftiriler ba\u011flam\u0131nda; Cumhuriyet Gazetesi&#8217;nin Olaylar ve G\u00f6r\u00fc\u015fler sayfas\u0131nda yay\u0131mlanan yaz\u0131lar, Cumhuriyet yazarlar\u0131n\u0131n konuya ili\u015fkin ve bu \u00e7al\u0131\u015fmaya \u00f6zel haz\u0131rlad\u0131klar\u0131 bilimsel makalerle birlikte derlenerek kitap haline getirildi.Kuvvetler ayr\u0131l\u0131\u011f\u0131n\u0131n ortadan kalkmas\u0131, yasama organ\u0131n\u0131n elinden yetki ve etkinli\u011finin al\u0131nmas\u0131, siyasal iktidar\u0131n h\u00fck\u00fcmet yani icraya ve devlete egemen olmas\u0131yla, sistemin bir parti devletine d\u00f6n\u00fc\u015fmesini ger\u00e7e\u011fi ile kar\u015f\u0131 kar\u015f\u0131yay\u0131z. Bu \u00e7al\u0131\u015fma; Cumhurba\u015fkanl\u0131\u011f\u0131 H\u00fck\u00fcmet Sistemi&#8217;ne dair yap\u0131lan hakl\u0131 ve olumsuz ele\u015ftirilerin temelinin, san\u0131landan daha sa\u011flam oldu\u011funu ortaya koyuyor. Bir yandan da sistemdeki sorunun g\u00f6r\u00fclenden \u00e7ok daha b\u00fcy\u00fck oldu\u011funu g\u00f6zler \u00f6n\u00fcne seriyor.\u00c7a\u011fda\u015f ve evrensel demokrasi rejimi anlay\u0131\u015f\u0131na ayk\u0131r\u0131 olan bu sistem, er ya da ge\u00e7 de\u011fi\u015ftirilecek ve T\u00fcrkiye yeniden demokratik parlamneter sisteme d\u00f6necektir.Bu &#8220;\u00f6ze d\u00f6n\u00fc\u015f&#8221; yolunda gerekli olan fark\u0131ndal\u0131\u011fa katk\u0131 sa\u011flamak umuduyla&#8230;<\/p>\n","protected":false},"excerpt":{"rendered":"<p>&#8220;Cumhurba\u015fkanl\u0131\u011f\u0131 H\u00fck\u00fcmet Sistemi Ele\u015ftirileri&#8221;Elinizdeki kitap, &#8220;Cumhurba\u015fkanl\u0131\u011f\u0131 H\u00fck\u00fcmet Sistemi&#8221;ni ele al\u0131yor ve bu sisteme kar\u015f\u0131 yap\u0131lan ele\u015ftirileri kaps\u0131yor. Cumhurba\u015fkanl\u0131\u011f\u0131 H\u00fck\u00fcmet Sistemi ad\u0131n\u0131 ta\u015f\u0131yan ve son iki y\u0131ld\u0131r<span class=\"excerpt-hellip\"> [\u2026]<\/span><\/p>\n","protected":false},"featured_media":0,"template":"","meta":{"_monsterinsights_skip_tracking":false,"_monsterinsights_sitenote_active":false,"_monsterinsights_sitenote_note":"","_monsterinsights_sitenote_category":0},"product_brand":[],"product_cat":[13590,12337],"product_tag":[],"class_list":{"0":"post-721408","1":"product","2":"type-product","3":"status-publish","5":"product_cat-arastirma-inceleme-politika-siyaset","6":"product_cat-politika-siyaset","7":"pa_cilt-ciltsiz","8":"pa_tur-kitap","9":"pa_yayinevi-cumhuriyet-kitaplari","10":"pa_yazar-kolektif","12":"first","13":"instock","14":"sale","15":"shipping-taxable","16":"purchasable","17":"product-type-simple"},"_links":{"self":[{"href":"https:\/\/roveyayinevi.com.tr\/index.php\/wp-json\/wp\/v2\/product\/721408","targetHints":{"allow":["GET"]}}],"collection":[{"href":"https:\/\/roveyayinevi.com.tr\/index.php\/wp-json\/wp\/v2\/product"}],"about":[{"href":"https:\/\/roveyayinevi.com.tr\/index.php\/wp-json\/wp\/v2\/types\/product"}],"wp:attachment":[{"href":"https:\/\/roveyayinevi.com.tr\/index.php\/wp-json\/wp\/v2\/media?parent=721408"}],"wp:term":[{"taxonomy":"product_brand","embeddable":true,"href":"https:\/\/roveyayinevi.com.tr\/index.php\/wp-json\/wp\/v2\/product_brand?post=721408"},{"taxonomy":"product_cat","embeddable":true,"href":"https:\/\/roveyayinevi.com.tr\/index.php\/wp-json\/wp\/v2\/product_cat?post=721408"},{"taxonomy":"product_tag","embeddable":true,"href":"https:\/\/roveyayinevi.com.tr\/index.php\/wp-json\/wp\/v2\/product_tag?post=721408"}],"curies":[{"name":"wp","href":"https:\/\/api.w.org\/{rel}","templated":true}]}}