{"id":721391,"date":"2025-08-27T18:49:33","date_gmt":"2025-08-27T15:49:33","guid":{"rendered":"https:\/\/roveyayinevi.com.tr\/index.php\/urun\/gunesin-sofrasinda-genco-erkalin-dostlar-tiyatrosu-seruveni\/"},"modified":"2026-04-16T02:29:21","modified_gmt":"2026-04-15T23:29:21","slug":"gunesin-sofrasinda-genco-erkalin-dostlar-tiyatrosu-seruveni","status":"publish","type":"product","link":"https:\/\/roveyayinevi.com.tr\/index.php\/urun\/gunesin-sofrasinda-genco-erkalin-dostlar-tiyatrosu-seruveni\/","title":{"rendered":"G\u00fcne\u015fin Sofras\u0131nda &#8211; Genco Erkal\u2019\u0131n Dostlar Tiyatrosu Ser\u00fcveni"},"content":{"rendered":"<p>Meslek ya\u015fam\u0131nda 60 y\u0131l\u0131 geride b\u0131rakan Genco Erkal, \u00e7a\u011fda\u015f T\u00fcrk tiyatrosunda \u201ctek ki\u015filik\u201d \u00f6zel bir tarihi olu\u015fturur.Kurucusu oldu\u011fu Dostlar Tiyatrosu ise gerek sahneledi\u011fi oyunlar gerek kendi hik\u00e2yesi ile T\u00fcrkiye\u2019nin 50 y\u0131l\u0131na tan\u0131kl\u0131k etmektedir. Elinizdeki kitap, bu ola\u011fan\u00fcst\u00fc \u201cikili\u201dnin hik\u00e2yesini anlat\u0131yor.Ay\u015feg\u00fcl Y\u00fcksel\u2019in haz\u0131rlad\u0131\u011f\u0131 G\u00fcne\u015fin Sofras\u0131nda &#8211; Genco Erkal\u2019\u0131n Dostlar Tiyatrosu Ser\u00fcveni, 60 y\u0131l \u00f6nce gen\u00e7 ve hevesli bir oyuncu aday\u0131yken bug\u00fcn T\u00fcrk tiyatrosunun en b\u00fcy\u00fckleri aras\u0131nda yer alan, bir \u201cayd\u0131n\u201d olarak g\u00f6n\u00fcllerde taht kurmu\u015f bir sanat\u00e7\u0131n\u0131n eme\u011fiyle yo\u011furdu\u011fu toplulu\u011fun, 50 y\u0131lda ula\u015ft\u0131\u011f\u0131 sayg\u0131n konumu dile getiriyor.<\/p>\n","protected":false},"excerpt":{"rendered":"<p>Meslek ya\u015fam\u0131nda 60 y\u0131l\u0131 geride b\u0131rakan Genco Erkal, \u00e7a\u011fda\u015f T\u00fcrk tiyatrosunda \u201ctek ki\u015filik\u201d \u00f6zel bir tarihi olu\u015fturur.Kurucusu oldu\u011fu Dostlar Tiyatrosu ise gerek sahneledi\u011fi oyunlar gerek kendi<span class=\"excerpt-hellip\"> [\u2026]<\/span><\/p>\n","protected":false},"featured_media":0,"template":"","meta":{"_monsterinsights_skip_tracking":false,"_monsterinsights_sitenote_active":false,"_monsterinsights_sitenote_note":"","_monsterinsights_sitenote_category":0},"product_brand":[],"product_cat":[12409,12408],"product_tag":[],"class_list":{"0":"post-721391","1":"product","2":"type-product","3":"status-publish","5":"product_cat-fotograf-sinema-tiyatro","6":"product_cat-sanat","7":"pa_cilt-ciltsiz","8":"pa_tur-kitap","9":"pa_yayinevi-kirmizi-kedi-yayinevi","10":"pa_yazar-aysegul-yuksel","12":"first","13":"instock","14":"sale","15":"shipping-taxable","16":"purchasable","17":"product-type-simple"},"_links":{"self":[{"href":"https:\/\/roveyayinevi.com.tr\/index.php\/wp-json\/wp\/v2\/product\/721391","targetHints":{"allow":["GET"]}}],"collection":[{"href":"https:\/\/roveyayinevi.com.tr\/index.php\/wp-json\/wp\/v2\/product"}],"about":[{"href":"https:\/\/roveyayinevi.com.tr\/index.php\/wp-json\/wp\/v2\/types\/product"}],"wp:attachment":[{"href":"https:\/\/roveyayinevi.com.tr\/index.php\/wp-json\/wp\/v2\/media?parent=721391"}],"wp:term":[{"taxonomy":"product_brand","embeddable":true,"href":"https:\/\/roveyayinevi.com.tr\/index.php\/wp-json\/wp\/v2\/product_brand?post=721391"},{"taxonomy":"product_cat","embeddable":true,"href":"https:\/\/roveyayinevi.com.tr\/index.php\/wp-json\/wp\/v2\/product_cat?post=721391"},{"taxonomy":"product_tag","embeddable":true,"href":"https:\/\/roveyayinevi.com.tr\/index.php\/wp-json\/wp\/v2\/product_tag?post=721391"}],"curies":[{"name":"wp","href":"https:\/\/api.w.org\/{rel}","templated":true}]}}