{"id":721388,"date":"2025-08-27T18:49:30","date_gmt":"2025-08-27T15:49:30","guid":{"rendered":"https:\/\/roveyayinevi.com.tr\/index.php\/urun\/esrarli-ada-gokkusagi-cep-kitap\/"},"modified":"2026-04-16T02:29:21","modified_gmt":"2026-04-15T23:29:21","slug":"esrarli-ada-gokkusagi-cep-kitap","status":"publish","type":"product","link":"https:\/\/roveyayinevi.com.tr\/index.php\/urun\/esrarli-ada-gokkusagi-cep-kitap\/","title":{"rendered":"Esrarl\u0131 Ada (G\u00f6kku\u015fa\u011f\u0131 Cep Kitap)"},"content":{"rendered":"<p>Amerikan i\u00e7 sava\u015f\u0131n\u0131n sonlar\u0131na do\u011fru; Kuzeyli General Ulysses Grant, g\u00fcneydeki Richmond kentini ku\u015fatm\u0131\u015ft\u0131. Richmond Valisi, G\u00fcneyli komutan General Lee\u2019den yard\u0131m isteyecek askeri i\u00e7in bir balon haz\u0131rlatm\u0131\u015ft\u0131. \u0130\u015fte bu balon, Kuzeyli birka\u00e7 tutsa\u011f\u0131n ka\u00e7\u0131\u015f umudu olacakt\u0131.   Kuca\u011f\u0131nda k\u00f6pe\u011fi ile bir m\u00fchendis, onun \u00f6zg\u00fcr b\u0131rakt\u0131\u011f\u0131 u\u015fa\u011f\u0131, deneyimli bir gazeteci, usta bir denizci ve gemicinin arkada\u015f\u0131 bir gen\u00e7; 18 Mart 1865 gecesi esir olduklar\u0131 kamptan gizlice havalan\u0131r. Gaz ka\u00e7\u0131rmaya ba\u015flayan balonla okyanusta dalgalarla bo\u011fu\u015fulan zorlu yolculuktan sonra hi\u00e7 bilmedikleri bir adaya ula\u015fan ka\u00e7aklar, aday\u0131 kendileri i\u00e7in ya\u015fanabilir h\u00e2le getirebilmek i\u00e7in \u00e7aba g\u00f6sterirler;  bir yandan \u00e7etin do\u011fa ko\u015fullar\u0131yla, hastal\u0131kla m\u00fccadele ederken kar\u015f\u0131lar\u0131na rotas\u0131n\u0131 \u015fa\u015f\u0131ran korsanlarla da sava\u015fmak zorunda kal\u0131r.     Edebiyatta bilimkurgunun \u00f6nc\u00fclerinden, Jules Verne (1828-1905), \u00fcnl\u00fc romanlar\u0131ndan Esrarl\u0131 Ada\u2019da, okuru eski bir tan\u0131d\u0131kla da bulu\u015fturuyor.<\/p>\n","protected":false},"excerpt":{"rendered":"<p>Amerikan i\u00e7 sava\u015f\u0131n\u0131n sonlar\u0131na do\u011fru; Kuzeyli General Ulysses Grant, g\u00fcneydeki Richmond kentini ku\u015fatm\u0131\u015ft\u0131. Richmond Valisi, G\u00fcneyli komutan General Lee\u2019den yard\u0131m isteyecek askeri i\u00e7in bir balon haz\u0131rlatm\u0131\u015ft\u0131.<span class=\"excerpt-hellip\"> [\u2026]<\/span><\/p>\n","protected":false},"featured_media":0,"template":"","meta":{"_monsterinsights_skip_tracking":false,"_monsterinsights_sitenote_active":false,"_monsterinsights_sitenote_note":"","_monsterinsights_sitenote_category":0},"product_brand":[],"product_cat":[12274,12284],"product_tag":[],"class_list":{"0":"post-721388","1":"product","2":"type-product","3":"status-publish","5":"product_cat-cocuk-ve-genclik-kitaplari","6":"product_cat-hikayeler","7":"pa_cilt-ciltsiz","8":"pa_tur-kitap","9":"pa_yayinevi-arkadas-yayinlari","10":"pa_yazar-jules-verne","12":"first","13":"instock","14":"sale","15":"shipping-taxable","16":"purchasable","17":"product-type-simple"},"_links":{"self":[{"href":"https:\/\/roveyayinevi.com.tr\/index.php\/wp-json\/wp\/v2\/product\/721388","targetHints":{"allow":["GET"]}}],"collection":[{"href":"https:\/\/roveyayinevi.com.tr\/index.php\/wp-json\/wp\/v2\/product"}],"about":[{"href":"https:\/\/roveyayinevi.com.tr\/index.php\/wp-json\/wp\/v2\/types\/product"}],"wp:attachment":[{"href":"https:\/\/roveyayinevi.com.tr\/index.php\/wp-json\/wp\/v2\/media?parent=721388"}],"wp:term":[{"taxonomy":"product_brand","embeddable":true,"href":"https:\/\/roveyayinevi.com.tr\/index.php\/wp-json\/wp\/v2\/product_brand?post=721388"},{"taxonomy":"product_cat","embeddable":true,"href":"https:\/\/roveyayinevi.com.tr\/index.php\/wp-json\/wp\/v2\/product_cat?post=721388"},{"taxonomy":"product_tag","embeddable":true,"href":"https:\/\/roveyayinevi.com.tr\/index.php\/wp-json\/wp\/v2\/product_tag?post=721388"}],"curies":[{"name":"wp","href":"https:\/\/api.w.org\/{rel}","templated":true}]}}