{"id":721370,"date":"2025-08-27T18:49:15","date_gmt":"2025-08-27T15:49:15","guid":{"rendered":"https:\/\/roveyayinevi.com.tr\/index.php\/urun\/vesta-kirik-kilitler\/"},"modified":"2026-04-16T02:29:21","modified_gmt":"2026-04-15T23:29:21","slug":"vesta-kirik-kilitler","status":"publish","type":"product","link":"https:\/\/roveyayinevi.com.tr\/index.php\/urun\/vesta-kirik-kilitler\/","title":{"rendered":"Vesta &#8211; K\u0131r\u0131k Kilitler"},"content":{"rendered":"<p>\u201cKendileri g\u00fc\u00e7lerinden vazge\u00e7mi\u015f olmalar\u0131na ra\u011fmen; imk\u00e2ns\u0131zdan do\u011fan k\u0131zlar\u0131 epey g\u00fc\u00e7l\u00fcym\u00fc\u015f. G\u00fcc\u00fcn\u00fcn hen\u00fcz ne oldu\u011funu \u00e7\u00f6zemiyorlarm\u0131\u015f ancak yo\u011fun bir \u015fekilde hissediyorlarm\u0131\u015f. K\u0131zlar\u0131n\u0131n zarar g\u00f6rmeyece\u011fine emin olduklar\u0131 bir b\u00fcy\u00fc yap\u0131p onun g\u00fcc\u00fcnden yard\u0131m alm\u0131\u015flar ve birka\u00e7 kez onlar\u0131 izlemi\u015fler. Ate\u015fin prensi olan adam alevlerin aras\u0131ndan bakm\u0131\u015f geride b\u0131rakt\u0131\u011f\u0131 halk\u0131na, suyun prensesi olan kad\u0131n denizin h\u0131r\u00e7\u0131n dalgalar\u0131n\u0131n aras\u0131ndan g\u00f6rm\u00fc\u015f sevdi\u011fi insanlar\u0131. Ve anlam\u0131\u015flar ki yapt\u0131klar\u0131 \u015fey bir lanetin kilitlerini k\u0131rmalar\u0131na ve onu serbest b\u0131rakmalar\u0131na sebep olmu\u015f. Ancak g\u00f6rd\u00fckleri bir ba\u015fka \u015fey daha varm\u0131\u015f, k\u00fc\u00e7\u00fck k\u0131zlar\u0131 b\u00fcy\u00fcyecek ve \u00f6nce lanetin b\u00fct\u00fcn kilitlerini k\u0131racak, daha sonra k\u0131rd\u0131\u011f\u0131 kilitleri m\u00fch\u00fcrleyip efsaneyi ger\u00e7ekle\u015ftirecekmi\u015f.\u201d <\/p>\n","protected":false},"excerpt":{"rendered":"<p>\u201cKendileri g\u00fc\u00e7lerinden vazge\u00e7mi\u015f olmalar\u0131na ra\u011fmen; imk\u00e2ns\u0131zdan do\u011fan k\u0131zlar\u0131 epey g\u00fc\u00e7l\u00fcym\u00fc\u015f. G\u00fcc\u00fcn\u00fcn hen\u00fcz ne oldu\u011funu \u00e7\u00f6zemiyorlarm\u0131\u015f ancak yo\u011fun bir \u015fekilde hissediyorlarm\u0131\u015f. K\u0131zlar\u0131n\u0131n zarar g\u00f6rmeyece\u011fine emin olduklar\u0131 bir<span class=\"excerpt-hellip\"> [\u2026]<\/span><\/p>\n","protected":false},"featured_media":0,"template":"","meta":{"_monsterinsights_skip_tracking":false,"_monsterinsights_sitenote_active":false,"_monsterinsights_sitenote_note":"","_monsterinsights_sitenote_category":0},"product_brand":[],"product_cat":[12291,14777],"product_tag":[],"class_list":{"0":"post-721370","1":"product","2":"type-product","3":"status-publish","5":"product_cat-edebiyat","6":"product_cat-fantastik","7":"pa_cilt-ciltsiz","8":"pa_tur-kitap","9":"pa_yayinevi-perseus","10":"pa_yazar-destina-sultan-dik","12":"first","13":"instock","14":"sale","15":"shipping-taxable","16":"purchasable","17":"product-type-simple"},"_links":{"self":[{"href":"https:\/\/roveyayinevi.com.tr\/index.php\/wp-json\/wp\/v2\/product\/721370","targetHints":{"allow":["GET"]}}],"collection":[{"href":"https:\/\/roveyayinevi.com.tr\/index.php\/wp-json\/wp\/v2\/product"}],"about":[{"href":"https:\/\/roveyayinevi.com.tr\/index.php\/wp-json\/wp\/v2\/types\/product"}],"wp:attachment":[{"href":"https:\/\/roveyayinevi.com.tr\/index.php\/wp-json\/wp\/v2\/media?parent=721370"}],"wp:term":[{"taxonomy":"product_brand","embeddable":true,"href":"https:\/\/roveyayinevi.com.tr\/index.php\/wp-json\/wp\/v2\/product_brand?post=721370"},{"taxonomy":"product_cat","embeddable":true,"href":"https:\/\/roveyayinevi.com.tr\/index.php\/wp-json\/wp\/v2\/product_cat?post=721370"},{"taxonomy":"product_tag","embeddable":true,"href":"https:\/\/roveyayinevi.com.tr\/index.php\/wp-json\/wp\/v2\/product_tag?post=721370"}],"curies":[{"name":"wp","href":"https:\/\/api.w.org\/{rel}","templated":true}]}}