{"id":721356,"date":"2025-08-27T18:49:03","date_gmt":"2025-08-27T15:49:03","guid":{"rendered":"https:\/\/roveyayinevi.com.tr\/index.php\/urun\/aylak-adam-ciltli\/"},"modified":"2026-04-16T02:29:20","modified_gmt":"2026-04-15T23:29:20","slug":"aylak-adam-ciltli","status":"publish","type":"product","link":"https:\/\/roveyayinevi.com.tr\/index.php\/urun\/aylak-adam-ciltli\/","title":{"rendered":"Aylak Adam (Ciltli)"},"content":{"rendered":"<p>Aylak Adam\u2019\u0131n kahraman\u0131 C., kendisine miras kalm\u0131\u015f parayla ge\u00e7im derdi olmadan rahat bir ya\u015fam s\u00fcrmektedir. Biri di\u011ferine eklenen g\u00fcnlerini \u0130stanbul\u2019un sokaklar\u0131nda, caddelerinde dola\u015farak, \u015fehrin sinemalar\u0131n\u0131, at\u00f6lyelerini gezerek ge\u00e7irir. Bir \u015fey eksiktir yine de. Hayat\u0131n\u0131 de\u011fi\u015ftirecek, ya\u015fant\u0131s\u0131na anlam kazand\u0131racak olan\u0131 aramaktad\u0131r. Ancak bu \u015feye, bu insana, \u015fehrin sokaklar\u0131nda rastlayabilecek midir? Yusuf At\u0131lgan\u2019\u0131n kentli ayd\u0131n\u0131n basit, ama\u00e7s\u0131z ve \u201caylak\u201d varolu\u015funu anlatt\u0131\u011f\u0131 roman\u0131, edebiyat\u0131m\u0131z\u0131n en ba\u015far\u0131l\u0131 tiplemelerinden birini yaratm\u0131\u015ft\u0131r. Onlarca y\u0131l sonra h\u00e2l\u00e2 g\u00fcncelli\u011fini koruyan, huysuz ama i\u00e7ten, yabanc\u0131 ama tan\u0131d\u0131k bir adam\u0131 resmeden Aylak Adam uzun s\u00fcre unutamayaca\u011f\u0131n\u0131z bir eser, akl\u0131n\u0131zda dola\u015fmaya devam edecek bir ba\u015fyap\u0131t. <\/p>\n","protected":false},"excerpt":{"rendered":"<p>Aylak Adam\u2019\u0131n kahraman\u0131 C., kendisine miras kalm\u0131\u015f parayla ge\u00e7im derdi olmadan rahat bir ya\u015fam s\u00fcrmektedir. Biri di\u011ferine eklenen g\u00fcnlerini \u0130stanbul\u2019un sokaklar\u0131nda, caddelerinde dola\u015farak, \u015fehrin sinemalar\u0131n\u0131, at\u00f6lyelerini<span class=\"excerpt-hellip\"> [\u2026]<\/span><\/p>\n","protected":false},"featured_media":0,"template":"","meta":{"_monsterinsights_skip_tracking":false,"_monsterinsights_sitenote_active":false,"_monsterinsights_sitenote_note":"","_monsterinsights_sitenote_category":0},"product_brand":[],"product_cat":[12291,12711],"product_tag":[],"class_list":{"0":"post-721356","1":"product","2":"type-product","3":"status-publish","5":"product_cat-edebiyat","6":"product_cat-roman-oyku","7":"pa_cilt-ciltli","8":"pa_tur-kitap","9":"pa_yayinevi-can-yayinlari","10":"pa_yazar-yusuf-atilgan","12":"first","13":"instock","14":"sale","15":"shipping-taxable","16":"purchasable","17":"product-type-simple"},"_links":{"self":[{"href":"https:\/\/roveyayinevi.com.tr\/index.php\/wp-json\/wp\/v2\/product\/721356","targetHints":{"allow":["GET"]}}],"collection":[{"href":"https:\/\/roveyayinevi.com.tr\/index.php\/wp-json\/wp\/v2\/product"}],"about":[{"href":"https:\/\/roveyayinevi.com.tr\/index.php\/wp-json\/wp\/v2\/types\/product"}],"wp:attachment":[{"href":"https:\/\/roveyayinevi.com.tr\/index.php\/wp-json\/wp\/v2\/media?parent=721356"}],"wp:term":[{"taxonomy":"product_brand","embeddable":true,"href":"https:\/\/roveyayinevi.com.tr\/index.php\/wp-json\/wp\/v2\/product_brand?post=721356"},{"taxonomy":"product_cat","embeddable":true,"href":"https:\/\/roveyayinevi.com.tr\/index.php\/wp-json\/wp\/v2\/product_cat?post=721356"},{"taxonomy":"product_tag","embeddable":true,"href":"https:\/\/roveyayinevi.com.tr\/index.php\/wp-json\/wp\/v2\/product_tag?post=721356"}],"curies":[{"name":"wp","href":"https:\/\/api.w.org\/{rel}","templated":true}]}}