{"id":721340,"date":"2025-08-27T18:48:49","date_gmt":"2025-08-27T15:48:49","guid":{"rendered":"https:\/\/roveyayinevi.com.tr\/index.php\/urun\/cumhuriyet-ve-cocuk\/"},"modified":"2026-04-16T02:29:20","modified_gmt":"2026-04-15T23:29:20","slug":"cumhuriyet-ve-cocuk","status":"publish","type":"product","link":"https:\/\/roveyayinevi.com.tr\/index.php\/urun\/cumhuriyet-ve-cocuk\/","title":{"rendered":"Cumhuriyet ve \u00c7ocuk"},"content":{"rendered":"<p>\u00c7ocuk dergisi\u2026 Belki de hepimizin \u00e7ocuklu\u011funda g\u00f6rd\u00fc\u011f\u00fcnde ya da haberdar oldu\u011funda sahip olmak istedi\u011fi yegane \u00fcr\u00fcnden biridir. Bu \u00fcr\u00fcn\u00fc \u00e7ocuklar\u0131n sahip olmay\u0131 isteme nedenlerinin ba\u015f\u0131nda hedef kitlesinin ilgi alan\u0131na girmeyi ba\u015farmas\u0131 bir di\u011fer ifade ile \u00e7ocuklar\u0131 cezbetmesi gelir. Acaba \u00e7ocuk dergilerinde \u00e7ocu\u011fun ilgi alan\u0131na giren \u015fey nedir? \u0130lgi \u00e7ekici g\u00f6rseller, fantastik kurgular, hayvanlar, bilinmez \u00fclkeler, ilkler, ke\u015fifler, icatlar vb. mi? Acaba \u00e7ocuk dergilerinin savundu\u011fu ilkeler nelerdir? \u00c7ocuk dergileri hangi mesajlar\u0131 iletmektedir? \u00c7ocuk dergilerinin bar\u0131nd\u0131rd\u0131\u011f\u0131 de\u011ferler nedir? \u015e\u00fcphesiz bu ve benzeri sorular \u00e7ocuk dergileri arac\u0131l\u0131\u011f\u0131 ile in\u015fa edilen \u00e7ocukluk anlay\u0131\u015flar\u0131n\u0131 belirlemede cevaplanmas\u0131 gereken sorulard\u0131r. \u00c7ocukluk anlay\u0131\u015f\u0131 toplumsal de\u011fi\u015fmeden ba\u011f\u0131ms\u0131z olarak d\u00fc\u015f\u00fcn\u00fclemez ve \u00e7ocuk ya\u015fant\u0131s\u0131 ile \u00e7ocuktan beklenilenler bu anlay\u0131\u015f\u0131n bir par\u00e7as\u0131n\u0131 olu\u015fturur. \u00c7ocuk dergileri sunduklar\u0131 farkl\u0131 ve zengin i\u00e7erikleriyle \u00e7ocukluk anlay\u0131\u015f\u0131n\u0131 yans\u0131tan en \u00f6nemli birincil kaynaklardand\u0131r. Dolay\u0131s\u0131yla \u00e7ocuk dergileri arac\u0131l\u0131\u011f\u0131yla kurgulanan \u00e7ocukluk alg\u0131s\u0131n\u0131n tarihsel s\u00fcre\u00e7te ge\u00e7irdi\u011fi a\u015famalar g\u00fcn\u00fcm\u00fczdeki uygulamalar\u0131n de\u011ferlendirilmesi a\u00e7\u0131s\u0131ndan \u00f6nemlidir.T\u00fcrk \u00e7ocuk dergicili\u011finin ba\u015flang\u0131\u00e7 d\u00f6nemi olan Tanzimat D\u00f6nemi ile birlikte Avrupa\u2019daki \u00f6rneklerinden hareketle olu\u015fmaya ba\u015flayan \u00e7ocuklara y\u00f6nelik s\u00fcreli yay\u0131nlar\u0131n felsefesi, i\u00e7eri\u011fi ve temalar\u0131, Mutlak\u0131yet ve Me\u015frutiyet D\u00f6neminde geli\u015fme d\u00f6nemine girmi\u015f, Cumhuriyet D\u00f6neminde devral\u0131nan bu miras, i\u00e7erik yan\u0131nda teknolojik ilerlemelerin de katk\u0131s\u0131yla bi\u00e7imsel olarak geli\u015fmi\u015ftir. \u00c7ocuk dergicili\u011finin ba\u015flang\u0131\u00e7 d\u00f6neminden g\u00fcn\u00fcm\u00fcze kadar e\u011flendirme ve \u00f6\u011fretme i\u015flevi baz\u0131 \u00e7ocuk dergilerinde temel kayg\u0131 olmu\u015ftur. Ancak bu kayg\u0131 Cumhuriyetin ilk y\u0131llar\u0131ndan 1950\u2019lere kadar yay\u0131n hayat\u0131nda olan \u00e7ocuk dergilerinde bask\u0131n bir \u015fekilde g\u00f6r\u00fclmektedir. Bu ba\u011flamda da Cumhuriyet neslinin yeti\u015fmesinde e\u011flendirmeye y\u00f6nelik karikat\u00fcr, \u00e7izgi roman, bilmece, bulmaca gibi e\u011flenceli i\u00e7erikler yan\u0131nda genel k\u00fclt\u00fcr bilgileri, bilim, edebiyat, k\u00fclt\u00fcr ve sanata dair i\u00e7erikleri bar\u0131nd\u0131ran ayn\u0131 zamanda da okula yard\u0131mc\u0131 ders materyali olmay\u0131 ama\u00e7lar\u0131 aras\u0131na alan \u00e7ocuk dergilerini k\u00fclt\u00fcr birikimimizin \u00f6nemli par\u00e7as\u0131 olarak g\u00f6rebiliriz.Bu kitap, Cumhuriyet\u2019in ilk y\u0131llar\u0131nda \u00f6zellikle de Harf \u0130nk\u0131lab\u0131ndan 1950\u2019ye kadar yay\u0131mlanan, \u00e7ocuklar\u0131n belleklerinde yer edinmi\u015f, Cumhuriyet\u2019in ilk uzun s\u00fcreli \u00e7ocuk yay\u0131nlar\u0131 olmalar\u0131 dolay\u0131s\u0131yla da e\u011fitim ve k\u00fclt\u00fcr tarihimizde iz b\u0131rakm\u0131\u015f \u00e7ocuk dergilerindeki \u00e7ocuklu\u011fun in\u015fas\u0131n\u0131n izlerini s\u00fcrmektedir. Tarihsel bilin\u00e7 d\u00fcn, bug\u00fcn ve gelecek ba\u011flam\u0131nda bir ba\u011f kurmad\u0131r ve dolay\u0131s\u0131yla ge\u00e7mi\u015fteki \u00e7ocukluk alg\u0131s\u0131n\u0131 g\u00f6rmek g\u00fcn\u00fcm\u00fczdeki \u00e7ocukluk alg\u0131s\u0131n\u0131 g\u00fc\u00e7lendirecektir. Kitapta G\u00fcrb\u00fcz T\u00fcrk \u00c7ocu\u011fu, \u00c7ocuk, \u00c7ocuk Sesi, Yavrut\u00fcrk, \u00c7ocuk Haftas\u0131\u2019n\u0131n \u00e7ocuklu\u011fun in\u015fas\u0131nda bireyin e\u011fitimine ve sosyalle\u015fme, ortak haf\u0131za ile kimlik olu\u015fturmada tarih konular\u0131na atfettikleri \u00f6nem dolay\u0131s\u0131yla \u201c\u00e7ocukluk, e\u011fitim ve tarih\u201d anlay\u0131\u015flar\u0131 irdelenmektedir. B\u00f6ylece Cumhuriyet\u2019te ilk uzun s\u00fcreli \u00e7ocuk dergilerinin savundu\u011fu ilkeler, uygulamalar\u0131 ve sayfalar\u0131nda yer verdi\u011fi a\u00e7\u0131k ve gizil mesajlar a\u00e7\u0131\u011fa \u00e7\u0131kart\u0131lmaktad\u0131r.<\/p>\n","protected":false},"excerpt":{"rendered":"<p>\u00c7ocuk dergisi\u2026 Belki de hepimizin \u00e7ocuklu\u011funda g\u00f6rd\u00fc\u011f\u00fcnde ya da haberdar oldu\u011funda sahip olmak istedi\u011fi yegane \u00fcr\u00fcnden biridir. Bu \u00fcr\u00fcn\u00fc \u00e7ocuklar\u0131n sahip olmay\u0131 isteme nedenlerinin ba\u015f\u0131nda hedef<span class=\"excerpt-hellip\"> [\u2026]<\/span><\/p>\n","protected":false},"featured_media":0,"template":"","meta":{"_monsterinsights_skip_tracking":false,"_monsterinsights_sitenote_active":false,"_monsterinsights_sitenote_note":"","_monsterinsights_sitenote_category":0},"product_brand":[],"product_cat":[12370,12304],"product_tag":[],"class_list":{"0":"post-721340","1":"product","2":"type-product","3":"status-publish","5":"product_cat-arastirma-inceleme","6":"product_cat-tarih","7":"pa_cilt-ciltsiz","8":"pa_tur-kitap","9":"pa_yayinevi-yeni-insan-yayinlari","10":"pa_yazar-ramazan-alabas","12":"first","13":"instock","14":"sale","15":"shipping-taxable","16":"purchasable","17":"product-type-simple"},"_links":{"self":[{"href":"https:\/\/roveyayinevi.com.tr\/index.php\/wp-json\/wp\/v2\/product\/721340","targetHints":{"allow":["GET"]}}],"collection":[{"href":"https:\/\/roveyayinevi.com.tr\/index.php\/wp-json\/wp\/v2\/product"}],"about":[{"href":"https:\/\/roveyayinevi.com.tr\/index.php\/wp-json\/wp\/v2\/types\/product"}],"wp:attachment":[{"href":"https:\/\/roveyayinevi.com.tr\/index.php\/wp-json\/wp\/v2\/media?parent=721340"}],"wp:term":[{"taxonomy":"product_brand","embeddable":true,"href":"https:\/\/roveyayinevi.com.tr\/index.php\/wp-json\/wp\/v2\/product_brand?post=721340"},{"taxonomy":"product_cat","embeddable":true,"href":"https:\/\/roveyayinevi.com.tr\/index.php\/wp-json\/wp\/v2\/product_cat?post=721340"},{"taxonomy":"product_tag","embeddable":true,"href":"https:\/\/roveyayinevi.com.tr\/index.php\/wp-json\/wp\/v2\/product_tag?post=721340"}],"curies":[{"name":"wp","href":"https:\/\/api.w.org\/{rel}","templated":true}]}}