{"id":721336,"date":"2025-08-27T18:48:46","date_gmt":"2025-08-27T15:48:46","guid":{"rendered":"https:\/\/roveyayinevi.com.tr\/index.php\/urun\/denemeler-7\/"},"modified":"2026-04-16T02:29:20","modified_gmt":"2026-04-15T23:29:20","slug":"denemeler-7","status":"publish","type":"product","link":"https:\/\/roveyayinevi.com.tr\/index.php\/urun\/denemeler-7\/","title":{"rendered":"Denemeler"},"content":{"rendered":"<p>Her an\u0131 deneyerek \u00f6\u011frenen ruhumla, kendi kendimin \u00e7\u0131ra\u011f\u0131y\u0131m.Orta\u00e7a\u011f\u0131n kanl\u0131 ve zorlu y\u0131llar\u0131nda, yazmak i\u00e7in k\u00f6\u015fesine \u00e7ekilen Montaigne, kendini b\u00f6yle  ifade eder. Ard\u0131ndan bu do\u011fru s\u00f6zl\u00fc kitab\u0131 okura uzat\u0131lm\u0131\u015f candan bir dost eli diye sunar.Denemeler se\u00e7kisi, insan duyarl\u0131\u011f\u0131n\u0131n, e\u011filimlerinin, al\u0131\u015fkanl\u0131klar\u0131n\u0131n bir t\u00fcr envanteridir. De\u011findi\u011fi konular ufuk a\u00e7\u0131c\u0131 niteliktedir.Montaigne\u2019in bu yap\u0131t\u0131, yay\u0131nland\u0131\u011f\u0131 d\u00f6nemden g\u00fcn\u00fcm\u00fcze 500 y\u0131ll\u0131k bir s\u00fcre boyunca sanatta,  edebiyatta, felsefede bir\u00e7ok ustaya ve kimi d\u00fc\u015f\u00fcnce ak\u0131mlar\u0131na esin kayna\u011f\u0131 olmu\u015f, dillere yerle\u015fen bir\u00e7ok deyim ve anlat\u0131m bi\u00e7imine \u015fekil verdi\u011fi i\u00e7in ba\u015fucu kitap say\u0131lm\u0131\u015ft\u0131r.<\/p>\n","protected":false},"excerpt":{"rendered":"<p>Her an\u0131 deneyerek \u00f6\u011frenen ruhumla, kendi kendimin \u00e7\u0131ra\u011f\u0131y\u0131m.Orta\u00e7a\u011f\u0131n kanl\u0131 ve zorlu y\u0131llar\u0131nda, yazmak i\u00e7in k\u00f6\u015fesine \u00e7ekilen Montaigne, kendini b\u00f6yle ifade eder. Ard\u0131ndan bu do\u011fru s\u00f6zl\u00fc kitab\u0131<span class=\"excerpt-hellip\"> [\u2026]<\/span><\/p>\n","protected":false},"featured_media":0,"template":"","meta":{"_monsterinsights_skip_tracking":false,"_monsterinsights_sitenote_active":false,"_monsterinsights_sitenote_note":"","_monsterinsights_sitenote_category":0},"product_brand":[],"product_cat":[12777,12291],"product_tag":[],"class_list":{"0":"post-721336","1":"product","2":"type-product","3":"status-publish","5":"product_cat-deneme","6":"product_cat-edebiyat","7":"pa_cilt-ciltsiz","8":"pa_tur-kitap","9":"pa_yayinevi-remzi-kitabevi","10":"pa_yazar-michel-de-montaigne","12":"first","13":"instock","14":"sale","15":"shipping-taxable","16":"purchasable","17":"product-type-simple"},"_links":{"self":[{"href":"https:\/\/roveyayinevi.com.tr\/index.php\/wp-json\/wp\/v2\/product\/721336","targetHints":{"allow":["GET"]}}],"collection":[{"href":"https:\/\/roveyayinevi.com.tr\/index.php\/wp-json\/wp\/v2\/product"}],"about":[{"href":"https:\/\/roveyayinevi.com.tr\/index.php\/wp-json\/wp\/v2\/types\/product"}],"wp:attachment":[{"href":"https:\/\/roveyayinevi.com.tr\/index.php\/wp-json\/wp\/v2\/media?parent=721336"}],"wp:term":[{"taxonomy":"product_brand","embeddable":true,"href":"https:\/\/roveyayinevi.com.tr\/index.php\/wp-json\/wp\/v2\/product_brand?post=721336"},{"taxonomy":"product_cat","embeddable":true,"href":"https:\/\/roveyayinevi.com.tr\/index.php\/wp-json\/wp\/v2\/product_cat?post=721336"},{"taxonomy":"product_tag","embeddable":true,"href":"https:\/\/roveyayinevi.com.tr\/index.php\/wp-json\/wp\/v2\/product_tag?post=721336"}],"curies":[{"name":"wp","href":"https:\/\/api.w.org\/{rel}","templated":true}]}}